{"id":5575,"date":"2021-09-30T08:47:15","date_gmt":"2021-09-30T08:47:15","guid":{"rendered":"https:\/\/blogsaverroes.juntadeandalucia.es\/iesarroyodelamiel\/?page_id=5575"},"modified":"2025-10-17T05:35:34","modified_gmt":"2025-10-17T05:35:34","slug":"presentacion-oc","status":"publish","type":"page","link":"https:\/\/blogsaverroes.juntadeandalucia.es\/iesarroyodelamiel\/presentacion-oc\/","title":{"rendered":"Presentaci\u00f3n departamento Orientaci\u00f3n"},"content":{"rendered":"<p><a href=\"https:\/\/blogsaverroes.juntadeandalucia.es\/iesarroyodelamiel\/files\/2021\/09\/orientacion.png\"><img loading=\"lazy\" decoding=\"async\" class=\"aligncenter size-medium wp-image-5576\" src=\"https:\/\/blogsaverroes.juntadeandalucia.es\/iesarroyodelamiel\/files\/2021\/09\/orientacion-300x145.png\" alt=\"\" width=\"300\" height=\"145\" srcset=\"https:\/\/blogsaverroes.juntadeandalucia.es\/iesarroyodelamiel\/files\/2021\/09\/orientacion-300x145.png 300w, https:\/\/blogsaverroes.juntadeandalucia.es\/iesarroyodelamiel\/files\/2021\/09\/orientacion-320x156.png 320w, https:\/\/blogsaverroes.juntadeandalucia.es\/iesarroyodelamiel\/files\/2021\/09\/orientacion.png 322w\" sizes=\"(max-width: 300px) 100vw, 300px\" \/><\/a><\/p>\n<p>En el curso acad\u00e9mico 2025\/2026 el departamento de Orientaci\u00f3n est\u00e1 formado por:<\/p>\n<ul style=\"list-style-type: circle\">\n<li>D\u00f1a. Raquel Mart\u00edn Gonz\u00e1lez&nbsp; (orientadora)<\/li>\n<\/ul>\n<p>Pedagog\u00eda Terape\u00fatica:<\/p>\n<ul>\n<li>D\u00f1a. Cano Requejo, Lorena<\/li>\n<li>D. Adri\u00e1n Jim\u00e9nez Jurado<\/li>\n<li>D\u00f1a. Carmen Losada Berlanga.<\/li>\n<li>D\u00f1a. Silvia Mayor Cort\u00e9s&nbsp; &nbsp;&nbsp;<\/li>\n<\/ul>\n<p>Contacto del departamento: iesarroyodelamielorientacion@gmail.com<\/p>\n<p>&nbsp;<\/p>\n","protected":false},"excerpt":{"rendered":"<p>En el curso acad\u00e9mico 2025\/2026 el departamento de Orientaci\u00f3n est\u00e1 formado por: D\u00f1a. Raquel Mart\u00edn Gonz\u00e1lez&nbsp; (orientadora) Pedagog\u00eda Terape\u00fatica: D\u00f1a. Cano Requejo, Lorena D. Adri\u00e1n Jim\u00e9nez Jurado D\u00f1a. Carmen Losada Berlanga. D\u00f1a. Silvia Mayor&#46;&#46;&#46;<\/p>\n","protected":false},"author":10424,"featured_media":0,"parent":0,"menu_order":0,"comment_status":"closed","ping_status":"closed","template":"","meta":{"ngg_post_thumbnail":0,"footnotes":"","_mc_calendar":[]},"aioseo_notices":[],"_links":{"self":[{"href":"https:\/\/blogsaverroes.juntadeandalucia.es\/iesarroyodelamiel\/wp-json\/wp\/v2\/pages\/5575"}],"collection":[{"href":"https:\/\/blogsaverroes.juntadeandalucia.es\/iesarroyodelamiel\/wp-json\/wp\/v2\/pages"}],"about":[{"href":"https:\/\/blogsaverroes.juntadeandalucia.es\/iesarroyodelamiel\/wp-json\/wp\/v2\/types\/page"}],"author":[{"embeddable":true,"href":"https:\/\/blogsaverroes.juntadeandalucia.es\/iesarroyodelamiel\/wp-json\/wp\/v2\/users\/10424"}],"replies":[{"embeddable":true,"href":"https:\/\/blogsaverroes.juntadeandalucia.es\/iesarroyodelamiel\/wp-json\/wp\/v2\/comments?post=5575"}],"version-history":[{"count":6,"href":"https:\/\/blogsaverroes.juntadeandalucia.es\/iesarroyodelamiel\/wp-json\/wp\/v2\/pages\/5575\/revisions"}],"predecessor-version":[{"id":7653,"href":"https:\/\/blogsaverroes.juntadeandalucia.es\/iesarroyodelamiel\/wp-json\/wp\/v2\/pages\/5575\/revisions\/7653"}],"wp:attachment":[{"href":"https:\/\/blogsaverroes.juntadeandalucia.es\/iesarroyodelamiel\/wp-json\/wp\/v2\/media?parent=5575"}],"curies":[{"name":"wp","href":"https:\/\/api.w.org\/{rel}","templated":true}]}}