{"id":5717,"date":"2021-11-01T19:34:58","date_gmt":"2021-11-01T19:34:58","guid":{"rendered":"https:\/\/blogsaverroes.juntadeandalucia.es\/iesarroyodelamiel\/?page_id=5717"},"modified":"2022-02-23T11:28:08","modified_gmt":"2022-02-23T11:28:08","slug":"coeducacion-21-22","status":"publish","type":"page","link":"https:\/\/blogsaverroes.juntadeandalucia.es\/iesarroyodelamiel\/coeducacion-21-22\/","title":{"rendered":"Coeducaci\u00f3n 21-22"},"content":{"rendered":"<h2><a href=\"https:\/\/blogsaverroes.juntadeandalucia.es\/iesarroyodelamiel\/files\/2022\/02\/Banner-tres-logos-grandes.jpg\"><img loading=\"lazy\" decoding=\"async\" class=\"size-medium wp-image-6191 alignleft\" src=\"https:\/\/blogsaverroes.juntadeandalucia.es\/iesarroyodelamiel\/files\/2022\/02\/Banner-tres-logos-grandes-300x57.jpg\" alt=\"\" width=\"300\" height=\"57\" srcset=\"https:\/\/blogsaverroes.juntadeandalucia.es\/iesarroyodelamiel\/files\/2022\/02\/Banner-tres-logos-grandes-300x57.jpg 300w, https:\/\/blogsaverroes.juntadeandalucia.es\/iesarroyodelamiel\/files\/2022\/02\/Banner-tres-logos-grandes-768x146.jpg 768w, https:\/\/blogsaverroes.juntadeandalucia.es\/iesarroyodelamiel\/files\/2022\/02\/Banner-tres-logos-grandes.jpg 1023w\" sizes=\"(max-width: 300px) 100vw, 300px\" \/><\/a><\/h2>\n<h2>&nbsp;<\/h2>\n<h2>&nbsp;<\/h2>\n<h2 style=\"text-align: center\">25 N<\/h2>\n<h2 style=\"text-align: center\">D\u00eda Internacional de eliminaci\u00f3n de la Violencia contra la Mujer<\/h2>\n<p><a href=\"https:\/\/blogsaverroes.juntadeandalucia.es\/iesarroyodelamiel\/files\/2021\/11\/IMG-20211125-WA0005.jpg\"><img loading=\"lazy\" decoding=\"async\" class=\"aligncenter size-medium wp-image-5878\" src=\"https:\/\/blogsaverroes.juntadeandalucia.es\/iesarroyodelamiel\/files\/2021\/11\/IMG-20211125-WA0005-300x169.jpg\" alt=\"\" width=\"300\" height=\"169\" srcset=\"https:\/\/blogsaverroes.juntadeandalucia.es\/iesarroyodelamiel\/files\/2021\/11\/IMG-20211125-WA0005-300x169.jpg 300w, https:\/\/blogsaverroes.juntadeandalucia.es\/iesarroyodelamiel\/files\/2021\/11\/IMG-20211125-WA0005-1024x576.jpg 1024w, https:\/\/blogsaverroes.juntadeandalucia.es\/iesarroyodelamiel\/files\/2021\/11\/IMG-20211125-WA0005-768x432.jpg 768w, https:\/\/blogsaverroes.juntadeandalucia.es\/iesarroyodelamiel\/files\/2021\/11\/IMG-20211125-WA0005-1536x864.jpg 1536w, https:\/\/blogsaverroes.juntadeandalucia.es\/iesarroyodelamiel\/files\/2021\/11\/IMG-20211125-WA0005.jpg 1600w\" sizes=\"(max-width: 300px) 100vw, 300px\" \/><\/a><\/p>\n<p>El D\u00eda Internacional de la Eliminaci\u00f3n de la Violencia contra la Mujer se celebra anualmente el <strong>25 de noviembre <\/strong>para denunciar la violencia que se ejerce sobre las mujeres en todo el mundo y reclamar pol\u00edticas en todos los pa\u00edses para su erradicaci\u00f3n.<\/p>\n<p>El IES Arroyo de la Miel se suma a la celebraci\u00f3n de este d\u00eda organizando diferentes actividades a lo largo de&nbsp; toda la semana. Nuestro alumnado, tanto de diurno como de nocturno, ha participado en talleres de concienciaci\u00f3n sobre la Violencia de G\u00e9nero, se ha decorado nuestro hall&nbsp; por parte del profesorado y alumnado y se han llevado a cabo lecturas de poemas y an\u00e1lisis de canciones.<\/p>\n<p>El siguiente poema&nbsp; recitado por las profesoras de Bachillerato Nocturno&nbsp; y Educaci\u00f3n para Adultos nos conciencia de la importancia de trabajar en una sociedad donde no hay discriminaci\u00f3n por razones de g\u00e9nero.<\/p>\n<p><iframe loading=\"lazy\" title=\"IES Arroyo de la Miel 25 N\" width=\"500\" height=\"281\" src=\"https:\/\/www.youtube.com\/embed\/PxC_Jp88cUg?feature=oembed&#038;wmode=opaque\" frameborder=\"0\" allow=\"accelerometer; autoplay; clipboard-write; encrypted-media; gyroscope; picture-in-picture\" allowfullscreen><\/iframe><\/p>\n<p>&nbsp;<\/p>\n<h2>&nbsp;<\/h2>\n<h2 style=\"text-align: center\">Trabajos de reflexi\u00f3n para coeducaci\u00f3n<\/h2>\n<p>Os queremos mostrar este bonito poema que se est\u00e1 trabajando en clase de 3\u00ba, 4\u00ba ESO y 1\u00aa bachillerato en el que tratamos de que el alumnado reflexione sobre el valor y la importancia de las relaciones.<\/p>\n<p>Sin lugar a dudas un tema que ha generado mucho debate en clase.<\/p>\n<p><a href=\"https:\/\/www.facebook.com\/labenitoescribe\/videos\/1044253476329154\/\"><img loading=\"lazy\" decoding=\"async\" class=\"aligncenter size-full wp-image-5741\" src=\"https:\/\/blogsaverroes.juntadeandalucia.es\/iesarroyodelamiel\/files\/2021\/11\/relaciones.jpg\" alt=\"\" width=\"275\" height=\"183\"><\/a><\/p>\n<h2 style=\"text-align: center\">Semana de la Visibilidad<\/h2>\n<p>Con motivo de la celebraci\u00f3n de la Semana de la Visibilidad se han realizado varias actividades en el centro.<\/p>\n<p>Comenzamos mostrando carteles elaborados por nuestro alumnado de 2\u00ba ESO A y que ya adornan su clase.<\/p>\n<p>Buen trabajo!!!<\/p>\n<p><a href=\"https:\/\/blogsaverroes.juntadeandalucia.es\/iesarroyodelamiel\/files\/2021\/11\/IMG-20211028-WA0019.jpg\"><img loading=\"lazy\" decoding=\"async\" class=\" wp-image-5718 alignleft\" src=\"https:\/\/blogsaverroes.juntadeandalucia.es\/iesarroyodelamiel\/files\/2021\/11\/IMG-20211028-WA0019-300x225.jpg\" alt=\"\" width=\"600\" height=\"450\" srcset=\"https:\/\/blogsaverroes.juntadeandalucia.es\/iesarroyodelamiel\/files\/2021\/11\/IMG-20211028-WA0019-300x225.jpg 300w, https:\/\/blogsaverroes.juntadeandalucia.es\/iesarroyodelamiel\/files\/2021\/11\/IMG-20211028-WA0019-1024x768.jpg 1024w, https:\/\/blogsaverroes.juntadeandalucia.es\/iesarroyodelamiel\/files\/2021\/11\/IMG-20211028-WA0019-768x576.jpg 768w, https:\/\/blogsaverroes.juntadeandalucia.es\/iesarroyodelamiel\/files\/2021\/11\/IMG-20211028-WA0019-1536x1153.jpg 1536w, https:\/\/blogsaverroes.juntadeandalucia.es\/iesarroyodelamiel\/files\/2021\/11\/IMG-20211028-WA0019.jpg 1599w\" sizes=\"(max-width: 600px) 100vw, 600px\" \/><\/a><img loading=\"lazy\" decoding=\"async\" class=\" wp-image-5720 alignleft\" src=\"https:\/\/blogsaverroes.juntadeandalucia.es\/iesarroyodelamiel\/files\/2021\/11\/IMG-20211028-WA0017-300x225.jpg\" alt=\"\" width=\"499\" height=\"374\" srcset=\"https:\/\/blogsaverroes.juntadeandalucia.es\/iesarroyodelamiel\/files\/2021\/11\/IMG-20211028-WA0017-300x225.jpg 300w, https:\/\/blogsaverroes.juntadeandalucia.es\/iesarroyodelamiel\/files\/2021\/11\/IMG-20211028-WA0017-1024x768.jpg 1024w, https:\/\/blogsaverroes.juntadeandalucia.es\/iesarroyodelamiel\/files\/2021\/11\/IMG-20211028-WA0017-768x576.jpg 768w, https:\/\/blogsaverroes.juntadeandalucia.es\/iesarroyodelamiel\/files\/2021\/11\/IMG-20211028-WA0017-1536x1153.jpg 1536w, https:\/\/blogsaverroes.juntadeandalucia.es\/iesarroyodelamiel\/files\/2021\/11\/IMG-20211028-WA0017.jpg 1599w\" sizes=\"(max-width: 499px) 100vw, 499px\" \/><img loading=\"lazy\" decoding=\"async\" class=\"size-medium wp-image-5721 alignleft\" src=\"https:\/\/blogsaverroes.juntadeandalucia.es\/iesarroyodelamiel\/files\/2021\/11\/IMG-20211028-WA0015-300x225.jpg\" alt=\"\" width=\"300\" height=\"225\" srcset=\"https:\/\/blogsaverroes.juntadeandalucia.es\/iesarroyodelamiel\/files\/2021\/11\/IMG-20211028-WA0015-300x225.jpg 300w, https:\/\/blogsaverroes.juntadeandalucia.es\/iesarroyodelamiel\/files\/2021\/11\/IMG-20211028-WA0015-1024x768.jpg 1024w, https:\/\/blogsaverroes.juntadeandalucia.es\/iesarroyodelamiel\/files\/2021\/11\/IMG-20211028-WA0015-768x576.jpg 768w, https:\/\/blogsaverroes.juntadeandalucia.es\/iesarroyodelamiel\/files\/2021\/11\/IMG-20211028-WA0015-1536x1153.jpg 1536w, https:\/\/blogsaverroes.juntadeandalucia.es\/iesarroyodelamiel\/files\/2021\/11\/IMG-20211028-WA0015.jpg 1599w\" sizes=\"(max-width: 300px) 100vw, 300px\" \/><img loading=\"lazy\" decoding=\"async\" class=\"size-medium wp-image-5722 alignleft\" src=\"https:\/\/blogsaverroes.juntadeandalucia.es\/iesarroyodelamiel\/files\/2021\/11\/IMG-20211028-WA0014-300x225.jpg\" alt=\"\" width=\"300\" height=\"225\" srcset=\"https:\/\/blogsaverroes.juntadeandalucia.es\/iesarroyodelamiel\/files\/2021\/11\/IMG-20211028-WA0014-300x225.jpg 300w, https:\/\/blogsaverroes.juntadeandalucia.es\/iesarroyodelamiel\/files\/2021\/11\/IMG-20211028-WA0014-1024x768.jpg 1024w, https:\/\/blogsaverroes.juntadeandalucia.es\/iesarroyodelamiel\/files\/2021\/11\/IMG-20211028-WA0014-768x576.jpg 768w, https:\/\/blogsaverroes.juntadeandalucia.es\/iesarroyodelamiel\/files\/2021\/11\/IMG-20211028-WA0014-1536x1153.jpg 1536w, https:\/\/blogsaverroes.juntadeandalucia.es\/iesarroyodelamiel\/files\/2021\/11\/IMG-20211028-WA0014.jpg 1599w\" sizes=\"(max-width: 300px) 100vw, 300px\" \/><img loading=\"lazy\" decoding=\"async\" class=\"wp-image-5719 aligncenter\" src=\"https:\/\/blogsaverroes.juntadeandalucia.es\/iesarroyodelamiel\/files\/2021\/11\/IMG-20211028-WA0018-225x300.jpg\" alt=\"\" width=\"246\" height=\"328\" srcset=\"https:\/\/blogsaverroes.juntadeandalucia.es\/iesarroyodelamiel\/files\/2021\/11\/IMG-20211028-WA0018-225x300.jpg 225w, https:\/\/blogsaverroes.juntadeandalucia.es\/iesarroyodelamiel\/files\/2021\/11\/IMG-20211028-WA0018-768x1023.jpg 768w, https:\/\/blogsaverroes.juntadeandalucia.es\/iesarroyodelamiel\/files\/2021\/11\/IMG-20211028-WA0018-1153x1536.jpg 1153w, https:\/\/blogsaverroes.juntadeandalucia.es\/iesarroyodelamiel\/files\/2021\/11\/IMG-20211028-WA0018.jpg 1200w\" sizes=\"(max-width: 246px) 100vw, 246px\" \/><\/p>\n<p><a href=\"https:\/\/blogsaverroes.juntadeandalucia.es\/iesarroyodelamiel\/files\/2021\/11\/IMG-20211028-WA0013.jpg\"><img loading=\"lazy\" decoding=\"async\" class=\"wp-image-5723 alignleft\" src=\"https:\/\/blogsaverroes.juntadeandalucia.es\/iesarroyodelamiel\/files\/2021\/11\/IMG-20211028-WA0013-300x225.jpg\" alt=\"\" width=\"591\" height=\"443\" srcset=\"https:\/\/blogsaverroes.juntadeandalucia.es\/iesarroyodelamiel\/files\/2021\/11\/IMG-20211028-WA0013-300x225.jpg 300w, https:\/\/blogsaverroes.juntadeandalucia.es\/iesarroyodelamiel\/files\/2021\/11\/IMG-20211028-WA0013-1024x768.jpg 1024w, https:\/\/blogsaverroes.juntadeandalucia.es\/iesarroyodelamiel\/files\/2021\/11\/IMG-20211028-WA0013-768x576.jpg 768w, https:\/\/blogsaverroes.juntadeandalucia.es\/iesarroyodelamiel\/files\/2021\/11\/IMG-20211028-WA0013-1536x1153.jpg 1536w, https:\/\/blogsaverroes.juntadeandalucia.es\/iesarroyodelamiel\/files\/2021\/11\/IMG-20211028-WA0013.jpg 1599w\" sizes=\"(max-width: 591px) 100vw, 591px\" \/><\/a><\/p>\n","protected":false},"excerpt":{"rendered":"<p>&nbsp; &nbsp; 25 N D\u00eda Internacional de eliminaci\u00f3n de la Violencia contra la Mujer El D\u00eda Internacional de la Eliminaci\u00f3n de la Violencia contra la Mujer se celebra anualmente el 25 de noviembre para&#46;&#46;&#46;<\/p>\n","protected":false},"author":10424,"featured_media":0,"parent":0,"menu_order":0,"comment_status":"closed","ping_status":"closed","template":"","meta":{"ngg_post_thumbnail":0,"footnotes":"","_mc_calendar":[]},"aioseo_notices":[],"_links":{"self":[{"href":"https:\/\/blogsaverroes.juntadeandalucia.es\/iesarroyodelamiel\/wp-json\/wp\/v2\/pages\/5717"}],"collection":[{"href":"https:\/\/blogsaverroes.juntadeandalucia.es\/iesarroyodelamiel\/wp-json\/wp\/v2\/pages"}],"about":[{"href":"https:\/\/blogsaverroes.juntadeandalucia.es\/iesarroyodelamiel\/wp-json\/wp\/v2\/types\/page"}],"author":[{"embeddable":true,"href":"https:\/\/blogsaverroes.juntadeandalucia.es\/iesarroyodelamiel\/wp-json\/wp\/v2\/users\/10424"}],"replies":[{"embeddable":true,"href":"https:\/\/blogsaverroes.juntadeandalucia.es\/iesarroyodelamiel\/wp-json\/wp\/v2\/comments?post=5717"}],"version-history":[{"count":8,"href":"https:\/\/blogsaverroes.juntadeandalucia.es\/iesarroyodelamiel\/wp-json\/wp\/v2\/pages\/5717\/revisions"}],"predecessor-version":[{"id":6194,"href":"https:\/\/blogsaverroes.juntadeandalucia.es\/iesarroyodelamiel\/wp-json\/wp\/v2\/pages\/5717\/revisions\/6194"}],"wp:attachment":[{"href":"https:\/\/blogsaverroes.juntadeandalucia.es\/iesarroyodelamiel\/wp-json\/wp\/v2\/media?parent=5717"}],"curies":[{"name":"wp","href":"https:\/\/api.w.org\/{rel}","templated":true}]}}