{"id":5777,"date":"2021-11-18T12:25:27","date_gmt":"2021-11-18T12:25:27","guid":{"rendered":"https:\/\/blogsaverroes.juntadeandalucia.es\/iesarroyodelamiel\/?page_id=5777"},"modified":"2022-09-20T15:46:37","modified_gmt":"2022-09-20T15:46:37","slug":"presentacion-filosofia","status":"publish","type":"page","link":"https:\/\/blogsaverroes.juntadeandalucia.es\/iesarroyodelamiel\/presentacion-filosofia\/","title":{"rendered":"Presentaci\u00f3n Filosof\u00eda"},"content":{"rendered":"<p>El profesorado del departamento de Filosof\u00eda durante el presente curso acad\u00e9mico es:<\/p>\n<ul>\n<li>D. Eugenio Fern\u00e1ndez Robles.<\/li>\n<li>D\u00f1a. Susana Herrada Castro.<\/li>\n<li>D. Antonio&nbsp; P\u00e9rez Rodr\u00edguez.<\/li>\n<\/ul>\n","protected":false},"excerpt":{"rendered":"<p>El profesorado del departamento de Filosof\u00eda durante el presente curso acad\u00e9mico es: D. Eugenio Fern\u00e1ndez Robles. D\u00f1a. Susana Herrada Castro. D. Antonio&nbsp; P\u00e9rez Rodr\u00edguez.<\/p>\n","protected":false},"author":10424,"featured_media":0,"parent":0,"menu_order":0,"comment_status":"closed","ping_status":"closed","template":"","meta":{"ngg_post_thumbnail":0,"footnotes":"","_mc_calendar":[]},"aioseo_notices":[],"_links":{"self":[{"href":"https:\/\/blogsaverroes.juntadeandalucia.es\/iesarroyodelamiel\/wp-json\/wp\/v2\/pages\/5777"}],"collection":[{"href":"https:\/\/blogsaverroes.juntadeandalucia.es\/iesarroyodelamiel\/wp-json\/wp\/v2\/pages"}],"about":[{"href":"https:\/\/blogsaverroes.juntadeandalucia.es\/iesarroyodelamiel\/wp-json\/wp\/v2\/types\/page"}],"author":[{"embeddable":true,"href":"https:\/\/blogsaverroes.juntadeandalucia.es\/iesarroyodelamiel\/wp-json\/wp\/v2\/users\/10424"}],"replies":[{"embeddable":true,"href":"https:\/\/blogsaverroes.juntadeandalucia.es\/iesarroyodelamiel\/wp-json\/wp\/v2\/comments?post=5777"}],"version-history":[{"count":2,"href":"https:\/\/blogsaverroes.juntadeandalucia.es\/iesarroyodelamiel\/wp-json\/wp\/v2\/pages\/5777\/revisions"}],"predecessor-version":[{"id":6406,"href":"https:\/\/blogsaverroes.juntadeandalucia.es\/iesarroyodelamiel\/wp-json\/wp\/v2\/pages\/5777\/revisions\/6406"}],"wp:attachment":[{"href":"https:\/\/blogsaverroes.juntadeandalucia.es\/iesarroyodelamiel\/wp-json\/wp\/v2\/media?parent=5777"}],"curies":[{"name":"wp","href":"https:\/\/api.w.org\/{rel}","templated":true}]}}

Presentación Filosofía

<p>El profesorado del departamento de Filosofía durante el presente curso académico es:</p>
<ul>
<li>D. Eugenio Fernández Robles.</li>
<li>Dña. Susana Herrada Castro.</li>
<li>D. Antonio&nbsp; Pérez Rodríguez.</li>
</ul>

<p>El profesorado del departamento de Filosofía durante el presente curso académico es: D. Eugenio Fernández Robles. Dña. Susana Herrada Castro. D. Antonio&nbsp; Pérez Rodríguez.</p>
