{"id":5780,"date":"2021-11-18T13:01:53","date_gmt":"2021-11-18T13:01:53","guid":{"rendered":"https:\/\/blogsaverroes.juntadeandalucia.es\/iesarroyodelamiel\/?page_id=5780"},"modified":"2025-10-17T05:39:55","modified_gmt":"2025-10-17T05:39:55","slug":"frances-3","status":"publish","type":"page","link":"https:\/\/blogsaverroes.juntadeandalucia.es\/iesarroyodelamiel\/frances-3\/","title":{"rendered":"Presentaci\u00f3n Franc\u00e9s"},"content":{"rendered":"<p>El profesorado del departamento de Franc\u00e9s durante el curso 2022-2023 es:<\/p>\n<ul>\n<li>D. Franck Xavier Lucien Cablar<\/li>\n<li>D\u00f1a. Carbajal Pel\u00e1ez, Victoria<\/li>\n<li>Rodrigue ., Jean Marc<\/li>\n<\/ul>\n","protected":false},"excerpt":{"rendered":"<p>El profesorado del departamento de Franc\u00e9s durante el curso 2022-2023 es: D. Franck Xavier Lucien Cablar D\u00f1a. Carbajal Pel\u00e1ez, Victoria Rodrigue ., Jean Marc<\/p>\n","protected":false},"author":10424,"featured_media":0,"parent":0,"menu_order":0,"comment_status":"closed","ping_status":"closed","template":"","meta":{"ngg_post_thumbnail":0,"footnotes":"","_mc_calendar":[]},"aioseo_notices":[],"_links":{"self":[{"href":"https:\/\/blogsaverroes.juntadeandalucia.es\/iesarroyodelamiel\/wp-json\/wp\/v2\/pages\/5780"}],"collection":[{"href":"https:\/\/blogsaverroes.juntadeandalucia.es\/iesarroyodelamiel\/wp-json\/wp\/v2\/pages"}],"about":[{"href":"https:\/\/blogsaverroes.juntadeandalucia.es\/iesarroyodelamiel\/wp-json\/wp\/v2\/types\/page"}],"author":[{"embeddable":true,"href":"https:\/\/blogsaverroes.juntadeandalucia.es\/iesarroyodelamiel\/wp-json\/wp\/v2\/users\/10424"}],"replies":[{"embeddable":true,"href":"https:\/\/blogsaverroes.juntadeandalucia.es\/iesarroyodelamiel\/wp-json\/wp\/v2\/comments?post=5780"}],"version-history":[{"count":6,"href":"https:\/\/blogsaverroes.juntadeandalucia.es\/iesarroyodelamiel\/wp-json\/wp\/v2\/pages\/5780\/revisions"}],"predecessor-version":[{"id":7656,"href":"https:\/\/blogsaverroes.juntadeandalucia.es\/iesarroyodelamiel\/wp-json\/wp\/v2\/pages\/5780\/revisions\/7656"}],"wp:attachment":[{"href":"https:\/\/blogsaverroes.juntadeandalucia.es\/iesarroyodelamiel\/wp-json\/wp\/v2\/media?parent=5780"}],"curies":[{"name":"wp","href":"https:\/\/api.w.org\/{rel}","templated":true}]}}