{"id":5790,"date":"2021-11-19T12:30:49","date_gmt":"2021-11-19T12:30:49","guid":{"rendered":"https:\/\/blogsaverroes.juntadeandalucia.es\/iesarroyodelamiel\/?page_id=5790"},"modified":"2025-10-17T05:41:52","modified_gmt":"2025-10-17T05:41:52","slug":"presentacion-ingles","status":"publish","type":"page","link":"https:\/\/blogsaverroes.juntadeandalucia.es\/iesarroyodelamiel\/presentacion-ingles\/","title":{"rendered":"Presentaci\u00f3n Ingl\u00e9s"},"content":{"rendered":"<p>El profesorado&nbsp; del departamento de&nbsp; Ingl\u00e9s durante el curso 2022-2023 es:<\/p>\n<ul>\n<li>Ben\u00edtez Zamora, Mar\u00eda F\u00e9lix<\/li>\n<li>Bernal Casta\u00f1eda, Sergio<\/li>\n<li>Gallego Reyes, Mar\u00eda Esther<\/li>\n<li>Garc\u00eda Ramos, Francisco Ignacio<\/li>\n<li>Garc\u00eda Rodr\u00edguez, Patricia<\/li>\n<li>L\u00f3pez Mac\u00edas, \u00c1ngel Alberto<\/li>\n<li>Mart\u00edn Iglesias, Joaqu\u00edn P.<\/li>\n<li>Miranda Garc\u00eda, Evencio Blas<\/li>\n<li>Ortu\u00f1o Garc\u00eda, Francisca<\/li>\n<li>Padilla Garc\u00eda, Esther<\/li>\n<li>Ruiz Rodr\u00edguez, Pedro<\/li>\n<li>Torres Ruiz, Ricardo<\/li>\n<\/ul>\n<p>&nbsp;<\/p>\n","protected":false},"excerpt":{"rendered":"<p>El profesorado&nbsp; del departamento de&nbsp; Ingl\u00e9s durante el curso 2022-2023 es: Ben\u00edtez Zamora, Mar\u00eda F\u00e9lix Bernal Casta\u00f1eda, Sergio Gallego Reyes, Mar\u00eda Esther Garc\u00eda Ramos, Francisco Ignacio Garc\u00eda Rodr\u00edguez, Patricia L\u00f3pez Mac\u00edas, \u00c1ngel Alberto Mart\u00edn&#46;&#46;&#46;<\/p>\n","protected":false},"author":10424,"featured_media":0,"parent":0,"menu_order":0,"comment_status":"closed","ping_status":"closed","template":"","meta":{"ngg_post_thumbnail":0,"footnotes":"","_mc_calendar":[]},"aioseo_notices":[],"_links":{"self":[{"href":"https:\/\/blogsaverroes.juntadeandalucia.es\/iesarroyodelamiel\/wp-json\/wp\/v2\/pages\/5790"}],"collection":[{"href":"https:\/\/blogsaverroes.juntadeandalucia.es\/iesarroyodelamiel\/wp-json\/wp\/v2\/pages"}],"about":[{"href":"https:\/\/blogsaverroes.juntadeandalucia.es\/iesarroyodelamiel\/wp-json\/wp\/v2\/types\/page"}],"author":[{"embeddable":true,"href":"https:\/\/blogsaverroes.juntadeandalucia.es\/iesarroyodelamiel\/wp-json\/wp\/v2\/users\/10424"}],"replies":[{"embeddable":true,"href":"https:\/\/blogsaverroes.juntadeandalucia.es\/iesarroyodelamiel\/wp-json\/wp\/v2\/comments?post=5790"}],"version-history":[{"count":5,"href":"https:\/\/blogsaverroes.juntadeandalucia.es\/iesarroyodelamiel\/wp-json\/wp\/v2\/pages\/5790\/revisions"}],"predecessor-version":[{"id":7659,"href":"https:\/\/blogsaverroes.juntadeandalucia.es\/iesarroyodelamiel\/wp-json\/wp\/v2\/pages\/5790\/revisions\/7659"}],"wp:attachment":[{"href":"https:\/\/blogsaverroes.juntadeandalucia.es\/iesarroyodelamiel\/wp-json\/wp\/v2\/media?parent=5790"}],"curies":[{"name":"wp","href":"https:\/\/api.w.org\/{rel}","templated":true}]}}

Presentación Inglés

<p>El profesorado&nbsp; del departamento de&nbsp; Inglés durante el curso 2022-2023 es:</p>
<ul>
<li>Benítez Zamora, María Félix</li>
<li>Bernal Castañeda, Sergio</li>
<li>Gallego Reyes, María Esther</li>
<li>García Ramos, Francisco Ignacio</li>
<li>García Rodríguez, Patricia</li>
<li>López Macías, Ángel Alberto</li>
<li>Martín Iglesias, Joaquín P.</li>
<li>Miranda García, Evencio Blas</li>
<li>Ortuño García, Francisca</li>
<li>Padilla García, Esther</li>
<li>Ruiz Rodríguez, Pedro</li>
<li>Torres Ruiz, Ricardo</li>
</ul>
<p>&nbsp;</p>

<p>El profesorado&nbsp; del departamento de&nbsp; Inglés durante el curso 2022-2023 es: Benítez Zamora, María Félix Bernal Castañeda, Sergio Gallego Reyes, María Esther García Ramos, Francisco Ignacio García Rodríguez, Patricia López Macías, Ángel Alberto Martín&#46;&#46;&#46;</p>
