{"id":5801,"date":"2021-11-19T13:38:40","date_gmt":"2021-11-19T13:38:40","guid":{"rendered":"https:\/\/blogsaverroes.juntadeandalucia.es\/iesarroyodelamiel\/?page_id=5801"},"modified":"2025-10-17T05:34:55","modified_gmt":"2025-10-17T05:34:55","slug":"presentacion-co","status":"publish","type":"page","link":"https:\/\/blogsaverroes.juntadeandalucia.es\/iesarroyodelamiel\/presentacion-co\/","title":{"rendered":"Presentaci\u00f3n Co"},"content":{"rendered":"<p style=\"text-align: center\"><span style=\"color: #008080\">\u00a1\u00a1Bienvenidos al<\/span><\/p>\n<p style=\"text-align: center\"><span style=\"color: #008080\">Departamento de Comercio y Marketing<\/span><\/p>\n<p style=\"text-align: center\"><span style=\"color: #008080\">del IES Arroyo de la Miel!!<\/span><\/p>\n<p><a href=\"https:\/\/blogsaverroes.juntadeandalucia.es\/iesarroyodelamiel\/files\/2021\/11\/co.jpg\"><img loading=\"lazy\" decoding=\"async\" class=\"aligncenter size-medium wp-image-5902\" src=\"https:\/\/blogsaverroes.juntadeandalucia.es\/iesarroyodelamiel\/files\/2021\/11\/co-300x298.jpg\" alt=\"\" width=\"300\" height=\"298\" srcset=\"https:\/\/blogsaverroes.juntadeandalucia.es\/iesarroyodelamiel\/files\/2021\/11\/co-300x298.jpg 300w, https:\/\/blogsaverroes.juntadeandalucia.es\/iesarroyodelamiel\/files\/2021\/11\/co-150x150.jpg 150w, https:\/\/blogsaverroes.juntadeandalucia.es\/iesarroyodelamiel\/files\/2021\/11\/co-80x80.jpg 80w, https:\/\/blogsaverroes.juntadeandalucia.es\/iesarroyodelamiel\/files\/2021\/11\/co.jpg 639w\" sizes=\"(max-width: 300px) 100vw, 300px\" \/><\/a><\/p>\n<p style=\"text-align: justify\">Desde hace una m\u00e1s de una d\u00e9cada se viene impartiendo en nuestro centro el Ciclo Formativo de Grado Medio de Actividades Comerciales (antes Comercio)<\/p>\n<p style=\"text-align: justify\">Si te apasiona el mundo del marketing, la empresa y el comercio en todas sus variantes, comercio tradicional, grandes superficies o comercio online, \u00e9ste es tu ciclo.<\/p>\n<p>Aqu\u00ed pod\u00e9is encontrar toda la informaci\u00f3n relativa al ciclo:<\/p>\n<table style=\"width: 66.7244%;height: 401px\">\n<tbody>\n<tr>\n<td style=\"width: 567px\"><strong>Familia Profesional<\/strong>: COMERCIO Y MARKETING<\/td>\n<\/tr>\n<tr>\n<td style=\"width: 567px\"><strong>Nivel:&nbsp;<\/strong>CICLO FORMATIVO DE GRADO MEDIO<\/td>\n<\/tr>\n<tr>\n<td style=\"width: 567px\"><strong>T\u00edtulo<\/strong>: T\u00e9cnico de Grado Medio en <strong>Actividades Comerciales<\/strong><\/td>\n<\/tr>\n<tr>\n<td style=\"width: 567px\"><strong>Duraci\u00f3n<\/strong>: 2000 horas. 2 cursos acad\u00e9micos, distribuidos como se indica:<\/p>\n<ul style=\"list-style-type: square\">\n<li>Primer curso: de septiembre a junio<\/li>\n<li>Segundo curso:<\/li>\n<\/ul>\n<ul>\n<li style=\"list-style-type: none\">\n<ul style=\"list-style-type: circle\">\n<li>De septiembre a marzo (en centro educativo)<\/li>\n<li>Formaci\u00f3n en centro de Trabajo (pr\u00e1cticas): 410 horas (de marzo a junio), en alguna de las empresas comerciales, y entidades que colaboran con nosotros.<\/li>\n<\/ul>\n<\/li>\n<\/ul>\n<\/td>\n<\/tr>\n<tr>\n<td style=\"width: 567px\"><strong>&nbsp;<\/strong><\/td>\n<\/tr>\n<\/tbody>\n<\/table>\n<p>&nbsp;<span style=\"color: #ff00ff\"><strong>Requisitos de acceso<\/strong><\/span><\/p>\n<p>Puedes acceder a un ciclo de grado medio cuando re\u00fanas alguno de los siguientes requisitos:<\/p>\n<ul>\n<li><span style=\"text-decoration: underline\"><strong>Acceso directo<\/strong>:<\/span><\/li>\n<li>Estar en posesi\u00f3n del t\u00edtulo de Graduado en ESO, o de un nivel acad\u00e9mico superior.<\/li>\n<li>Estar en posesi\u00f3n de un T\u00edtulo Profesional B\u00e1sico (Formaci\u00f3n Profesional B\u00e1sica).<\/li>\n<li>Estar en posesi\u00f3n de un t\u00edtulo de T\u00e9cnico o de T\u00e9cnico Auxiliar o equivalente a efectos acad\u00e9micos.<\/li>\n<li>Haber superado el segundo curso del Bachillerato Unificado y Polivalente (BUP).<\/li>\n<li>Haber superado la prueba de acceso a la Universidad para mayores de 25 a\u00f1os.<\/li>\n<li><span style=\"text-decoration: underline\">Acceso <strong>mediante prueba<\/strong> <\/span>(para quienes no tengan alguno de los requisitos anteriores). Deber\u00e1s haber superado la prueba de acceso a ciclos formativos de grado medio (se requerir\u00e1 tener, al menos, diecisiete a\u00f1os, cumplidos en el a\u00f1o de realizaci\u00f3n de la prueba).<\/li>\n<\/ul>\n<p><strong><span style=\"color: #ff00ff\">\u00bfA qui\u00e9n va dirigido este ciclo?<\/span><\/strong><\/p>\n<p>A los apasionados del marketing, comercio o del mundo empresarial, como os ya dec\u00edamos m\u00e1s arriba. &nbsp;<\/p>\n<p>El marketing y el comercio suponen un peso creciente para las empresas, que deben hacer frente a mercados cada vez m\u00e1s competitivos. En el ciclo aprender\u00e1s lo necesario para integrarte en equipos de del sector comercial y marketing. Para ello contar\u00e1s con la ayuda de un equipo docente cualificado y unos materiales did\u00e1cticos, actualizados cada curso escolar.&nbsp; Asimismo, os ofrecemos un amplio abanico de actividades extraescolares que complementan lo trabajado en clase, y relacionadas con el sector, que te permitir\u00e1n obtener una visi\u00f3n m\u00e1s amplia de tu futuro (visitas a empresas, entidades de emprendimiento, centros log\u00edsticos, actividades pr\u00e1cticas de escaparatismo en entornos reales, participaci\u00f3n en concursos etc)<\/p>\n<p>Adem\u00e1s,&nbsp; estamos muy involucrados en los proyectos que se desarrollan en nuestro centro, como el programa <a href=\"https:\/\/www.juntadeandalucia.es\/educacion\/portals\/web\/ced\/planesyprogramas\/cultura-emprendedora\">Innicia Cultura emprendedora<\/a> , o el de <a href=\"https:\/\/www.juntadeandalucia.es\/educacion\/portals\/web\/aldea\/inicio\">Aldea<\/a> en los que est\u00e1n implicados los profesores que forman parte del departamento.<\/p>\n<p>Tras la formaci\u00f3n te\u00f3rica, realizar\u00e1s un periodo de pr\u00e1cticas en una de las empresas del sector comercial con las que colaboramos.<\/p>\n<p><strong><span style=\"color: #ff00ff\">\u00bfQui\u00e9nes te formar\u00e1n?<\/span><\/strong><\/p>\n<p>El departamento de Comercio y Marketing lo formamos tres profesoras (dos profesoras de secundaria, de la especialidad de Organizaci\u00f3n y Gesti\u00f3n Comercial), y una profesora t\u00e9cnica (de la especialidad de Procesos comerciales).<\/p>\n<p>El departamento de Comercio durante el curso 2021-2022 est\u00e1 integrado por las profesoras:<\/p>\n<ul>\n<li>D\u00f1a. Caro Garc\u00eda, Ana Mar\u00eda<\/li>\n<li>D\u00f1a. Orviz Ib\u00e1\u00f1ez, Rosa Mar\u00eda<\/li>\n<li>D\u00f1a. Tejedor Diago, Mar\u00eda Blanca<\/li>\n<\/ul>\n<p><span style=\"color: #ff00ff\"><strong>Plan de formaci\u00f3n<\/strong><\/span><\/p>\n<table width=\"554\">\n<thead>\n<tr>\n<td>Curso<\/td>\n<td>M\u00f3dulo Profesional (asignaturas)<\/td>\n<td>Horas totales<\/td>\n<\/tr>\n<\/thead>\n<tbody>\n<tr>\n<td>1<\/td>\n<td>Ingl\u00e9s<\/td>\n<td>140<\/td>\n<\/tr>\n<tr>\n<td>1<\/td>\n<td>Formaci\u00f3n y orientaci\u00f3n laboral<\/td>\n<td>90<\/td>\n<\/tr>\n<tr>\n<td>1<\/td>\n<td>Marketing en la actividad comercial<\/td>\n<td>160<\/td>\n<\/tr>\n<tr>\n<td>1<\/td>\n<td>Gesti\u00f3n de compras<\/td>\n<td>90<\/td>\n<\/tr>\n<tr>\n<td>1<\/td>\n<td>Dinamizaci\u00f3n del punto de venta<\/td>\n<td>160<\/td>\n<\/tr>\n<tr>\n<td>1<\/td>\n<td>Procesos de venta<\/td>\n<td>160<\/td>\n<\/tr>\n<tr>\n<td>1<\/td>\n<td>Aplicaciones inform\u00e1ticas para el comercio<\/td>\n<td>150<\/td>\n<\/tr>\n<\/tbody>\n<thead>\n<tr>\n<td>Curso<\/td>\n<td>M\u00f3dulo Profesional (asignaturas)<\/td>\n<td>Horas totales<\/td>\n<\/tr>\n<\/thead>\n<tbody>\n<tr>\n<td>2<\/td>\n<td>Servicios de atenci\u00f3n comercial<\/td>\n<td>90<\/td>\n<\/tr>\n<tr>\n<td>2<\/td>\n<td>Comercio electr\u00f3nico<\/td>\n<td>90<\/td>\n<\/tr>\n<tr>\n<td>2<\/td>\n<td>Formaci\u00f3n en centros de trabajo<\/td>\n<td>400<\/td>\n<\/tr>\n<tr>\n<td>2<\/td>\n<td>Ingl\u00e9s t\u00e9cnico para actividades comerciales<\/td>\n<td>90<\/td>\n<\/tr>\n<tr>\n<td>2<\/td>\n<td>Gesti\u00f3n de un peque\u00f1o comercio<\/td>\n<td>160<\/td>\n<\/tr>\n<tr>\n<td>2<\/td>\n<td>T\u00e9cnicas de almac\u00e9n<\/td>\n<td>110<\/td>\n<\/tr>\n<tr>\n<td>2<\/td>\n<td>Venta t\u00e9cnica<\/td>\n<td>110<\/td>\n<\/tr>\n<\/tbody>\n<\/table>\n<p><span style=\"color: #ff00ff\"><strong>Al finalizar mis estudios. \u00bfQu\u00e9 hare?<\/strong><\/span><\/p>\n<ol>\n<li><strong>Trabajar<\/strong><\/li>\n<\/ol>\n<p>Como profesional ejercer\u00e1s tu actividad en cualquier sector productivo dentro del \u00e1rea de comercializaci\u00f3n o en las distintas secciones de establecimientos comerciales, realizando actividades de venta de productos y\/o servicios, a trav\u00e9s de diferentes canales de comercializaci\u00f3n, o bien realizando funciones de organizaci\u00f3n y gesti\u00f3n de tu propio comercio.<\/p>\n<p>Como trabajadores por cuenta ajena, las ocupaciones y puestos de trabajo m\u00e1s relevantes son los siguientes:<\/p>\n<ul>\n<li>Vendedor.<\/li>\n<li>Vendedor\/a t\u00e9cnico\/a.<\/li>\n<li>Representante comercial.<\/li>\n<li>Orientador\/a comercial.<\/li>\n<li>Promotor\/a.<\/li>\n<li>Televendedor\/a.<\/li>\n<li>Venta a distancia.<\/li>\n<li>Teleoperador\/a (call center).<\/li>\n<li>Informaci\u00f3n\/atenci\u00f3n al cliente.<\/li>\n<li>Cajero\/a o reponedor\/a.<\/li>\n<li>Operador de contact-center.<\/li>\n<li>Administrador de contenidos online.<\/li>\n<li>Comerciante de tienda.<\/li>\n<li>Gerente de peque\u00f1o comercio.<\/li>\n<li>T\u00e9cnico en gesti\u00f3n de stocks y almac\u00e9n.<\/li>\n<li>Jefe de almac\u00e9n.<\/li>\n<li>Responsable de recepci\u00f3n de mercanc\u00edas.<\/li>\n<li>Responsable de expedici\u00f3n de mercanc\u00edas.<\/li>\n<li>T\u00e9cnico en log\u00edstica de almacenes.<\/li>\n<li>T\u00e9cnico de informaci\u00f3n\/atenci\u00f3n al cliente en empresas.<\/li>\n<\/ul>\n<p><strong>2. Seguir estudiando:<\/strong><\/p>\n<ul>\n<li style=\"text-align: justify\">Cursos de especializaci\u00f3n profesional<\/li>\n<li style=\"text-align: justify\">Otro ciclo de Formaci\u00f3n Profesional, con la posibilidad de establecer convalidaciones entre m\u00f3dulos profesionales, de acuerdo a la normativa vigente.<\/li>\n<li style=\"text-align: justify\">Bachillerato, en cualquiera de sus modalidades.<\/li>\n<\/ul>\n<p><strong><span style=\"color: #ff00ff\">\u00bfEres empresa y quieres colaborar en la formaci\u00f3n de nuestro alumnado?<\/span><\/strong><\/p>\n<p>Contacta con nosotros a trav\u00e9s de la Secretar\u00eda del centro, o en nuestro correo <a href=\"mailto:fpcomercioarroyo@gmail.com\">fpcomercioarroyo@gmail.com<\/a> y te informamos.<\/p>\n<p>Legislaci\u00f3n que regula el t\u00edtulo:<\/p>\n<ul>\n<li><a href=\"https:\/\/www.boe.es\/boe\/dias\/2011\/12\/27\/pdfs\/BOE-A-2011-20275.pdf\">Real Decreto 1688\/2011, de 18 de noviembre, por el que se establece el t\u00edtulo de T\u00e9cnico en Actividades Comerciales y se fijan sus ense\u00f1anzas m\u00ednimas.<\/a><\/li>\n<li><a href=\"https:\/\/www.guadalpin.es\/es\/wp-content\/uploads\/Tecnico-en-Actividades-Comerciales-RD1688-2011-Correccion-de-errores.pdf\">Correcci\u00f3n de errores del Real Decreto 1688\/2011, de 18 de noviembre, por el que se establece el t\u00edtulo de T\u00e9cnico en Actividades Comerciales y se fijan sus ense\u00f1anzas m\u00ednimas.<\/a><\/li>\n<\/ul>\n","protected":false},"excerpt":{"rendered":"<p>\u00a1\u00a1Bienvenidos al Departamento de Comercio y Marketing del IES Arroyo de la Miel!! Desde hace una m\u00e1s de una d\u00e9cada se viene impartiendo en nuestro centro el Ciclo Formativo de Grado Medio de Actividades&#46;&#46;&#46;<\/p>\n","protected":false},"author":10424,"featured_media":0,"parent":0,"menu_order":0,"comment_status":"closed","ping_status":"closed","template":"","meta":{"ngg_post_thumbnail":0,"footnotes":"","_mc_calendar":[]},"aioseo_notices":[],"_links":{"self":[{"href":"https:\/\/blogsaverroes.juntadeandalucia.es\/iesarroyodelamiel\/wp-json\/wp\/v2\/pages\/5801"}],"collection":[{"href":"https:\/\/blogsaverroes.juntadeandalucia.es\/iesarroyodelamiel\/wp-json\/wp\/v2\/pages"}],"about":[{"href":"https:\/\/blogsaverroes.juntadeandalucia.es\/iesarroyodelamiel\/wp-json\/wp\/v2\/types\/page"}],"author":[{"embeddable":true,"href":"https:\/\/blogsaverroes.juntadeandalucia.es\/iesarroyodelamiel\/wp-json\/wp\/v2\/users\/10424"}],"replies":[{"embeddable":true,"href":"https:\/\/blogsaverroes.juntadeandalucia.es\/iesarroyodelamiel\/wp-json\/wp\/v2\/comments?post=5801"}],"version-history":[{"count":7,"href":"https:\/\/blogsaverroes.juntadeandalucia.es\/iesarroyodelamiel\/wp-json\/wp\/v2\/pages\/5801\/revisions"}],"predecessor-version":[{"id":7652,"href":"https:\/\/blogsaverroes.juntadeandalucia.es\/iesarroyodelamiel\/wp-json\/wp\/v2\/pages\/5801\/revisions\/7652"}],"wp:attachment":[{"href":"https:\/\/blogsaverroes.juntadeandalucia.es\/iesarroyodelamiel\/wp-json\/wp\/v2\/media?parent=5801"}],"curies":[{"name":"wp","href":"https:\/\/api.w.org\/{rel}","templated":true}]}}