{"id":5888,"date":"2021-11-28T18:24:00","date_gmt":"2021-11-28T18:24:00","guid":{"rendered":"https:\/\/blogsaverroes.juntadeandalucia.es\/iesarroyodelamiel\/?page_id=5888"},"modified":"2021-11-28T18:37:14","modified_gmt":"2021-11-28T18:37:14","slug":"innicia-21-22-recuerdame","status":"publish","type":"page","link":"https:\/\/blogsaverroes.juntadeandalucia.es\/iesarroyodelamiel\/innicia-21-22-recuerdame\/","title":{"rendered":"Innicia 21-22 Presentaci\u00f3n y objetivos"},"content":{"rendered":"<p><a href=\"https:\/\/blogsaverroes.juntadeandalucia.es\/iesarroyodelamiel\/files\/2021\/11\/logo-innicia.jpg\"><img loading=\"lazy\" decoding=\"async\" class=\"aligncenter size-full wp-image-5890\" src=\"https:\/\/blogsaverroes.juntadeandalucia.es\/iesarroyodelamiel\/files\/2021\/11\/logo-innicia.jpg\" alt=\"\" width=\"219\" height=\"230\"><\/a><\/p>\n<p style=\"text-align: center\">El programa INNICIA es una de las acciones llevadas a cabo<br \/>\npor la Consejer\u00eda de Educaci\u00f3n y Deporte de la Junta de<br \/>\nAndaluc\u00eda. Tiene como objetivo proporcionar un marco de<br \/>\nreferencia en el que encuadrar la acci\u00f3n de fomento del<br \/>\nemprendimiento en los Centros Educativos, as\u00ed como ofrecer<br \/>\nrecursos y herramientas claras, sencillas y \u00fatiles para que el<br \/>\nprofesorado pueda aplicarlas.<\/p>\n<p style=\"text-align: justify\">A lo largo del curso 2021-2022 el IES Arroyo de la Miel continuar\u00e1 con el desarrollo de este programa de emprendimiento, como lleva haciendo a\u00f1os atr\u00e1s.&nbsp;<\/p>\n<p style=\"text-align: justify\">En este a\u00f1o el alumnado implicado es el de segundo curso de todos los ciclos formativos que se imparten en el centro con la idea de la ampliaci\u00f3n progresiva al resto de alumnos y alumnas del centro a trav\u00e9s de actividades concretas.<\/p>\n<p style=\"text-align: justify\">El objetivo de este proyecto es, partiendo de un an\u00e1lisis de nuestra&nbsp; realidad, dar respuestas diferentes a necesidades de la vida diaria de colectivos vulnerables de nuestro entorno m\u00e1s pr\u00f3ximo (aqu\u00ed algunas propuestas iniciales):<br \/>\n\u2022 Personas con Alzh\u00e9imer incipiente.<br \/>\n\u2022 Personas extranjeras de la tercera edad del municipio.<br \/>\n\u2022 Personas migrantes y refugiadas en riesgo de exclusi\u00f3n social.<\/p>\n<p style=\"text-align: justify\">Partiendo de la situaci\u00f3n de estos colectivos (soledad, aislamiento, vulnerabilidad social, situaci\u00f3n econ\u00f3mica precaria, dificultades en el aprendizaje del idioma\u2026) nuestro alumnado impulsar\u00e1 un programa de actividades a trav\u00e9s de diversas acciones relacionadas con cada uno de los ciclos formativos.<\/p>\n<p>El primer paso del proyecto una vez&nbsp; hecho el an\u00e1lisis DAFO, estudiados los posibles segmentos de mercado a los que nos dirigiremos y estudiados las competencias de nuestro alumnado es la creaci\u00f3n de nuestra empresa: organigrama, actividades departamentales,&nbsp; parte comercial, logo, etc.<\/p>\n<p>Si est\u00e1s interesado en profundizar en nuestro proyecto pr\u00f3ximamente te mostraremos nuestro trabajo en el&nbsp; enlace <span style=\"color: #0000ff\"><strong>Innicia Recu\u00e9rdame.<\/strong><\/span><\/p>\n","protected":false},"excerpt":{"rendered":"<p>El programa INNICIA es una de las acciones llevadas a cabo por la Consejer\u00eda de Educaci\u00f3n y Deporte de la Junta de Andaluc\u00eda. Tiene como objetivo proporcionar un marco de referencia en el que&#46;&#46;&#46;<\/p>\n","protected":false},"author":10424,"featured_media":0,"parent":0,"menu_order":0,"comment_status":"closed","ping_status":"closed","template":"","meta":{"ngg_post_thumbnail":0,"footnotes":"","_mc_calendar":[]},"aioseo_notices":[],"_links":{"self":[{"href":"https:\/\/blogsaverroes.juntadeandalucia.es\/iesarroyodelamiel\/wp-json\/wp\/v2\/pages\/5888"}],"collection":[{"href":"https:\/\/blogsaverroes.juntadeandalucia.es\/iesarroyodelamiel\/wp-json\/wp\/v2\/pages"}],"about":[{"href":"https:\/\/blogsaverroes.juntadeandalucia.es\/iesarroyodelamiel\/wp-json\/wp\/v2\/types\/page"}],"author":[{"embeddable":true,"href":"https:\/\/blogsaverroes.juntadeandalucia.es\/iesarroyodelamiel\/wp-json\/wp\/v2\/users\/10424"}],"replies":[{"embeddable":true,"href":"https:\/\/blogsaverroes.juntadeandalucia.es\/iesarroyodelamiel\/wp-json\/wp\/v2\/comments?post=5888"}],"version-history":[{"count":6,"href":"https:\/\/blogsaverroes.juntadeandalucia.es\/iesarroyodelamiel\/wp-json\/wp\/v2\/pages\/5888\/revisions"}],"predecessor-version":[{"id":5899,"href":"https:\/\/blogsaverroes.juntadeandalucia.es\/iesarroyodelamiel\/wp-json\/wp\/v2\/pages\/5888\/revisions\/5899"}],"wp:attachment":[{"href":"https:\/\/blogsaverroes.juntadeandalucia.es\/iesarroyodelamiel\/wp-json\/wp\/v2\/media?parent=5888"}],"curies":[{"name":"wp","href":"https:\/\/api.w.org\/{rel}","templated":true}]}}

Innicia 21-22 Presentación y objetivos

<p><a href="https://blogsaverroes.juntadeandalucia.es/iesarroyodelamiel/files/2021/11/logo-innicia.jpg"><img loading="lazy" decoding="async" class="aligncenter size-full wp-image-5890" src="https://blogsaverroes.juntadeandalucia.es/iesarroyodelamiel/files/2021/11/logo-innicia.jpg" alt="" width="219" height="230"></a></p>
<p style="text-align: center">El programa INNICIA es una de las acciones llevadas a cabo<br />
por la Consejería de Educación y Deporte de la Junta de<br />
Andalucía. Tiene como objetivo proporcionar un marco de<br />
referencia en el que encuadrar la acción de fomento del<br />
emprendimiento en los Centros Educativos, así como ofrecer<br />
recursos y herramientas claras, sencillas y útiles para que el<br />
profesorado pueda aplicarlas.</p>
<p style="text-align: justify">A lo largo del curso 2021-2022 el IES Arroyo de la Miel continuará con el desarrollo de este programa de emprendimiento, como lleva haciendo años atrás.&nbsp;</p>
<p style="text-align: justify">En este año el alumnado implicado es el de segundo curso de todos los ciclos formativos que se imparten en el centro con la idea de la ampliación progresiva al resto de alumnos y alumnas del centro a través de actividades concretas.</p>
<p style="text-align: justify">El objetivo de este proyecto es, partiendo de un análisis de nuestra&nbsp; realidad, dar respuestas diferentes a necesidades de la vida diaria de colectivos vulnerables de nuestro entorno más próximo (aquí algunas propuestas iniciales):<br />
• Personas con Alzhéimer incipiente.<br />
• Personas extranjeras de la tercera edad del municipio.<br />
• Personas migrantes y refugiadas en riesgo de exclusión social.</p>
<p style="text-align: justify">Partiendo de la situación de estos colectivos (soledad, aislamiento, vulnerabilidad social, situación económica precaria, dificultades en el aprendizaje del idioma…) nuestro alumnado impulsará un programa de actividades a través de diversas acciones relacionadas con cada uno de los ciclos formativos.</p>
<p>El primer paso del proyecto una vez&nbsp; hecho el análisis DAFO, estudiados los posibles segmentos de mercado a los que nos dirigiremos y estudiados las competencias de nuestro alumnado es la creación de nuestra empresa: organigrama, actividades departamentales,&nbsp; parte comercial, logo, etc.</p>
<p>Si estás interesado en profundizar en nuestro proyecto próximamente te mostraremos nuestro trabajo en el&nbsp; enlace <span style="color: #0000ff"><strong>Innicia Recuérdame.</strong></span></p>

<p>El programa INNICIA es una de las acciones llevadas a cabo por la Consejería de Educación y Deporte de la Junta de Andalucía. Tiene como objetivo proporcionar un marco de referencia en el que&#46;&#46;&#46;</p>
