{"id":5905,"date":"2021-11-29T11:25:06","date_gmt":"2021-11-29T11:25:06","guid":{"rendered":"https:\/\/blogsaverroes.juntadeandalucia.es\/iesarroyodelamiel\/?page_id=5905"},"modified":"2021-11-29T11:25:06","modified_gmt":"2021-11-29T11:25:06","slug":"enlaces-de-interes-co","status":"publish","type":"page","link":"https:\/\/blogsaverroes.juntadeandalucia.es\/iesarroyodelamiel\/enlaces-de-interes-co\/","title":{"rendered":"Enlaces de inter\u00e9s Co"},"content":{"rendered":"<p>Enlaces de inter\u00e9s para el alumnado:<\/p>\n<ul>\n<li>Marketing, econom\u00eda, creaci\u00f3n empresas<\/li>\n<\/ul>\n<p><a href=\"https:\/\/www.marketingdirecto.com\/marketing-general\/\">Marketing directo<\/a><\/p>\n<p><a href=\"http:\/\/www.activainternet.es\/\">El blog de mk online de las pymes<\/a><\/p>\n<p><a href=\"https:\/\/www.socialancer.com\/\">Herramientas de mk. Socialander<\/a><\/p>\n<p><a href=\"https:\/\/brandominus.com\/\">Brandominus. Web de mk<\/a><\/p>\n<p><a href=\"https:\/\/www.expansion.com\/\">Econom\u00eda y marketing<\/a><\/p>\n<p><a href=\"https:\/\/hablandoencorto.blogspot.com\/\">BlogdeMk.Hablandoencorto<\/a><\/p>\n<p><a href=\"https:\/\/www.expansion.com\/\">Mincotur<\/a><\/p>\n<ul>\n<li>Formaci\u00f3n profesional.<\/li>\n<\/ul>\n<p><a href=\"https:\/\/www.todofp.es\/inicio.html\">Todo FP<\/a><\/p>\n<p><a href=\"https:\/\/www.juntadeandalucia.es\/temas\/estudiar\/fp\/informacion.html\">Web Junta Andalucia<\/a><\/p>\n","protected":false},"excerpt":{"rendered":"<p>Enlaces de inter\u00e9s para el alumnado: Marketing, econom\u00eda, creaci\u00f3n empresas Marketing directo El blog de mk online de las pymes Herramientas de mk. Socialander Brandominus. Web de mk Econom\u00eda y marketing BlogdeMk.Hablandoencorto Mincotur Formaci\u00f3n&#46;&#46;&#46;<\/p>\n","protected":false},"author":10424,"featured_media":0,"parent":0,"menu_order":0,"comment_status":"closed","ping_status":"closed","template":"","meta":{"ngg_post_thumbnail":0,"footnotes":"","_mc_calendar":[]},"aioseo_notices":[],"_links":{"self":[{"href":"https:\/\/blogsaverroes.juntadeandalucia.es\/iesarroyodelamiel\/wp-json\/wp\/v2\/pages\/5905"}],"collection":[{"href":"https:\/\/blogsaverroes.juntadeandalucia.es\/iesarroyodelamiel\/wp-json\/wp\/v2\/pages"}],"about":[{"href":"https:\/\/blogsaverroes.juntadeandalucia.es\/iesarroyodelamiel\/wp-json\/wp\/v2\/types\/page"}],"author":[{"embeddable":true,"href":"https:\/\/blogsaverroes.juntadeandalucia.es\/iesarroyodelamiel\/wp-json\/wp\/v2\/users\/10424"}],"replies":[{"embeddable":true,"href":"https:\/\/blogsaverroes.juntadeandalucia.es\/iesarroyodelamiel\/wp-json\/wp\/v2\/comments?post=5905"}],"version-history":[{"count":1,"href":"https:\/\/blogsaverroes.juntadeandalucia.es\/iesarroyodelamiel\/wp-json\/wp\/v2\/pages\/5905\/revisions"}],"predecessor-version":[{"id":5906,"href":"https:\/\/blogsaverroes.juntadeandalucia.es\/iesarroyodelamiel\/wp-json\/wp\/v2\/pages\/5905\/revisions\/5906"}],"wp:attachment":[{"href":"https:\/\/blogsaverroes.juntadeandalucia.es\/iesarroyodelamiel\/wp-json\/wp\/v2\/media?parent=5905"}],"curies":[{"name":"wp","href":"https:\/\/api.w.org\/{rel}","templated":true}]}}