{"id":5912,"date":"2021-11-30T23:00:38","date_gmt":"2021-11-30T23:00:38","guid":{"rendered":"https:\/\/blogsaverroes.juntadeandalucia.es\/iesarroyodelamiel\/?page_id=5912"},"modified":"2026-01-21T12:40:22","modified_gmt":"2026-01-21T12:40:22","slug":"docencia-y-libros-bg","status":"publish","type":"page","link":"https:\/\/blogsaverroes.juntadeandalucia.es\/iesarroyodelamiel\/docencia-y-libros-bg\/","title":{"rendered":"Docencia, libros y evaluaci\u00f3n BG"},"content":{"rendered":"<p>Los libros de texto utilizados durante el presente curso acad\u00e9mico son:<\/p>\n<p>Biolog\u00eda y Geolog\u00eda 1\u00ba de ESO, editorial SM<br \/>\nBiolog\u00eda y Geolog\u00eda 3\u00ba de ESO, editorial SM<br \/>\nBiolog\u00eda y Geolog\u00eda 4\u00ba de ESO, editorial SM<br \/>\nBiolog\u00eda y Geolog\u00eda 1\u00ba de BACHILLERATO, editorial SM (Recomendado)<br \/>\nAnatom\u00eda 1\u00ba de Bachillerato, no tenemos ninguno y tampoco se recomienda.<br \/>\nBiolog\u00eda y Geolog\u00eda 2\u00ba de BACHILLERATO, editorial SM (Recomendado)<\/p>\n","protected":false},"excerpt":{"rendered":"<p>Los libros de texto utilizados durante el presente curso acad\u00e9mico son: Biolog\u00eda y Geolog\u00eda 1\u00ba de ESO, editorial SM Biolog\u00eda y Geolog\u00eda 3\u00ba de ESO, editorial SM Biolog\u00eda y Geolog\u00eda 4\u00ba de ESO, editorial&#46;&#46;&#46;<\/p>\n","protected":false},"author":10424,"featured_media":0,"parent":0,"menu_order":0,"comment_status":"closed","ping_status":"closed","template":"","meta":{"ngg_post_thumbnail":0,"footnotes":"","_mc_calendar":[]},"aioseo_notices":[],"_links":{"self":[{"href":"https:\/\/blogsaverroes.juntadeandalucia.es\/iesarroyodelamiel\/wp-json\/wp\/v2\/pages\/5912"}],"collection":[{"href":"https:\/\/blogsaverroes.juntadeandalucia.es\/iesarroyodelamiel\/wp-json\/wp\/v2\/pages"}],"about":[{"href":"https:\/\/blogsaverroes.juntadeandalucia.es\/iesarroyodelamiel\/wp-json\/wp\/v2\/types\/page"}],"author":[{"embeddable":true,"href":"https:\/\/blogsaverroes.juntadeandalucia.es\/iesarroyodelamiel\/wp-json\/wp\/v2\/users\/10424"}],"replies":[{"embeddable":true,"href":"https:\/\/blogsaverroes.juntadeandalucia.es\/iesarroyodelamiel\/wp-json\/wp\/v2\/comments?post=5912"}],"version-history":[{"count":3,"href":"https:\/\/blogsaverroes.juntadeandalucia.es\/iesarroyodelamiel\/wp-json\/wp\/v2\/pages\/5912\/revisions"}],"predecessor-version":[{"id":7917,"href":"https:\/\/blogsaverroes.juntadeandalucia.es\/iesarroyodelamiel\/wp-json\/wp\/v2\/pages\/5912\/revisions\/7917"}],"wp:attachment":[{"href":"https:\/\/blogsaverroes.juntadeandalucia.es\/iesarroyodelamiel\/wp-json\/wp\/v2\/media?parent=5912"}],"curies":[{"name":"wp","href":"https:\/\/api.w.org\/{rel}","templated":true}]}}

Docencia, libros y evaluación BG

<p>Los libros de texto utilizados durante el presente curso académico son:</p>
<p>Biología y Geología 1º de ESO, editorial SM<br />
Biología y Geología 3º de ESO, editorial SM<br />
Biología y Geología 4º de ESO, editorial SM<br />
Biología y Geología 1º de BACHILLERATO, editorial SM (Recomendado)<br />
Anatomía 1º de Bachillerato, no tenemos ninguno y tampoco se recomienda.<br />
Biología y Geología 2º de BACHILLERATO, editorial SM (Recomendado)</p>

<p>Los libros de texto utilizados durante el presente curso académico son: Biología y Geología 1º de ESO, editorial SM Biología y Geología 3º de ESO, editorial SM Biología y Geología 4º de ESO, editorial&#46;&#46;&#46;</p>
