{"id":6020,"date":"2022-01-31T09:42:22","date_gmt":"2022-01-31T09:42:22","guid":{"rendered":"https:\/\/blogsaverroes.juntadeandalucia.es\/iesarroyodelamiel\/?page_id=6020"},"modified":"2022-12-02T11:27:03","modified_gmt":"2022-12-02T11:27:03","slug":"orientacion-eso","status":"publish","type":"page","link":"https:\/\/blogsaverroes.juntadeandalucia.es\/iesarroyodelamiel\/orientacion-eso\/","title":{"rendered":"Orientaci\u00f3n ESO"},"content":{"rendered":"<p><a href=\"https:\/\/blogsaverroes.juntadeandalucia.es\/iesarroyodelamiel\/files\/2022\/01\/orientaci\u00f3n.jpg\"><img loading=\"lazy\" decoding=\"async\" class=\"aligncenter size-full wp-image-6022\" src=\"https:\/\/blogsaverroes.juntadeandalucia.es\/iesarroyodelamiel\/files\/2022\/01\/orientaci\u00f3n.jpg\" alt=\"\" width=\"252\" height=\"200\"><\/a><\/p>\n<p>En esta p\u00e1gina encontrar\u00e1s&nbsp; informaci\u00f3n sobre&nbsp; orientaci\u00f3n para el alumnado de Educaci\u00f3n Secundaria Obligatoria (ESO).<\/p>\n<ul>\n<li>En primer lugar, en el siguiente enlace se pueden encontrar los distintos<strong>&nbsp;itinerarios<\/strong> a seguir una vez finalizada la etapa de Educaci\u00f3n Secundaria Obligatoria, <strong>tanto si se finaliza la etapa con T\u00edtulo como sin \u00e9l.<\/strong><\/li>\n<\/ul>\n<p><a href=\"https:\/\/blogsaverroes.juntadeandalucia.es\/iesarroyodelamiel\/files\/2022\/12\/Y-despu\u00e9s-de-la-ESO.QUE_.ppt\">Y despu\u00e9s de la ESO^^.QUE<\/a><\/p>\n<ul>\n<li>En segundo lugar existen Pruebas libres para la obtenci\u00f3n del&nbsp; T\u00edtulo ESO. En el enlace&nbsp; siguiente se ofrece informaci\u00f3n sobre&nbsp; la&nbsp; convocatoria del&nbsp; curso 21\/22, sobre todo lo referente a las pruebas libres para la obtenci\u00f3n del Titulo de ESO<\/li>\n<\/ul>\n<p><a href=\"https:\/\/view.genial.ly\/61e847714591680012753da5\/horizontal-infographic-diagrams-pruebas-obtencion-titulo-eso\">PRESENTACI\u00d3N PRUEBAS PARA LA OBTENCI\u00d3N T\u00cdTULO ESO (18 A\u00d1OS)<\/a><\/p>\n<p>&nbsp;<\/p>\n","protected":false},"excerpt":{"rendered":"<p>En esta p\u00e1gina encontrar\u00e1s&nbsp; informaci\u00f3n sobre&nbsp; orientaci\u00f3n para el alumnado de Educaci\u00f3n Secundaria Obligatoria (ESO). En primer lugar, en el siguiente enlace se pueden encontrar los distintos&nbsp;itinerarios a seguir una vez finalizada la etapa&#46;&#46;&#46;<\/p>\n","protected":false},"author":10424,"featured_media":0,"parent":0,"menu_order":0,"comment_status":"closed","ping_status":"closed","template":"","meta":{"ngg_post_thumbnail":0,"footnotes":"","_mc_calendar":[]},"aioseo_notices":[],"_links":{"self":[{"href":"https:\/\/blogsaverroes.juntadeandalucia.es\/iesarroyodelamiel\/wp-json\/wp\/v2\/pages\/6020"}],"collection":[{"href":"https:\/\/blogsaverroes.juntadeandalucia.es\/iesarroyodelamiel\/wp-json\/wp\/v2\/pages"}],"about":[{"href":"https:\/\/blogsaverroes.juntadeandalucia.es\/iesarroyodelamiel\/wp-json\/wp\/v2\/types\/page"}],"author":[{"embeddable":true,"href":"https:\/\/blogsaverroes.juntadeandalucia.es\/iesarroyodelamiel\/wp-json\/wp\/v2\/users\/10424"}],"replies":[{"embeddable":true,"href":"https:\/\/blogsaverroes.juntadeandalucia.es\/iesarroyodelamiel\/wp-json\/wp\/v2\/comments?post=6020"}],"version-history":[{"count":8,"href":"https:\/\/blogsaverroes.juntadeandalucia.es\/iesarroyodelamiel\/wp-json\/wp\/v2\/pages\/6020\/revisions"}],"predecessor-version":[{"id":6577,"href":"https:\/\/blogsaverroes.juntadeandalucia.es\/iesarroyodelamiel\/wp-json\/wp\/v2\/pages\/6020\/revisions\/6577"}],"wp:attachment":[{"href":"https:\/\/blogsaverroes.juntadeandalucia.es\/iesarroyodelamiel\/wp-json\/wp\/v2\/media?parent=6020"}],"curies":[{"name":"wp","href":"https:\/\/api.w.org\/{rel}","templated":true}]}}