{"id":6400,"date":"2022-09-20T15:35:56","date_gmt":"2022-09-20T15:35:56","guid":{"rendered":"https:\/\/blogsaverroes.juntadeandalucia.es\/iesarroyodelamiel\/?page_id=6400"},"modified":"2025-10-17T05:37:38","modified_gmt":"2025-10-17T05:37:38","slug":"presentacion-ef","status":"publish","type":"page","link":"https:\/\/blogsaverroes.juntadeandalucia.es\/iesarroyodelamiel\/presentacion-ef\/","title":{"rendered":"Presentaci\u00f3n EF"},"content":{"rendered":"<p>El profesorado del departamento de EF durante el curso acad\u00e9mico 2023-2024 es el siguiente:<\/p>\n<ul>\n<li>Ballesta Castells, Cristiano<\/li>\n<li>Barbero Mora\u00f1o, Pedro<\/li>\n<li>Cabrera Le\u00f3n, Manuel David<\/li>\n<li>Calder\u00f3n Fernandez, Lucas<\/li>\n<li>Carmona Rubio, Jos\u00e9<\/li>\n<li>Carmona Rubio, Jos\u00e9<\/li>\n<li>Emo Mart\u00ednez, Alejandro<\/li>\n<li>Garrido Jim\u00e9nez, Jorge Jos\u00e9<\/li>\n<li>Gonz\u00e1lez Rom\u00e1n Bell\u00f3n, Miguel<\/li>\n<li>Gosalvez Olmo, Joaqu\u00edn Jes\u00fas<\/li>\n<li>L\u00f3pez P\u00e9rez, Juan Antonio<\/li>\n<li>Merchant Garc\u00eda, Alberto Luis<\/li>\n<li>Reyes Rodr\u00edguez, Diego<\/li>\n<li>Rodr\u00edguez Montes, Jos\u00e9 Luis<\/li>\n<li>Ruiz Granados, Rosario Mar\u00eda<\/li>\n<li>San Pastor Gij\u00f3n, Javier de<\/li>\n<li>Sola Mate, Enrique Jes\u00fas<\/li>\n<li>Su\u00e1rez Rosa, Jaime<\/li>\n<\/ul>\n","protected":false},"excerpt":{"rendered":"<p>El profesorado del departamento de EF durante el curso acad\u00e9mico 2023-2024 es el siguiente: Ballesta Castells, Cristiano Barbero Mora\u00f1o, Pedro Cabrera Le\u00f3n, Manuel David Calder\u00f3n Fernandez, Lucas Carmona Rubio, Jos\u00e9 Carmona Rubio, Jos\u00e9 Emo&#46;&#46;&#46;<\/p>\n","protected":false},"author":10424,"featured_media":0,"parent":0,"menu_order":0,"comment_status":"closed","ping_status":"closed","template":"","meta":{"ngg_post_thumbnail":0,"footnotes":"","_mc_calendar":[]},"aioseo_notices":[],"_links":{"self":[{"href":"https:\/\/blogsaverroes.juntadeandalucia.es\/iesarroyodelamiel\/wp-json\/wp\/v2\/pages\/6400"}],"collection":[{"href":"https:\/\/blogsaverroes.juntadeandalucia.es\/iesarroyodelamiel\/wp-json\/wp\/v2\/pages"}],"about":[{"href":"https:\/\/blogsaverroes.juntadeandalucia.es\/iesarroyodelamiel\/wp-json\/wp\/v2\/types\/page"}],"author":[{"embeddable":true,"href":"https:\/\/blogsaverroes.juntadeandalucia.es\/iesarroyodelamiel\/wp-json\/wp\/v2\/users\/10424"}],"replies":[{"embeddable":true,"href":"https:\/\/blogsaverroes.juntadeandalucia.es\/iesarroyodelamiel\/wp-json\/wp\/v2\/comments?post=6400"}],"version-history":[{"count":8,"href":"https:\/\/blogsaverroes.juntadeandalucia.es\/iesarroyodelamiel\/wp-json\/wp\/v2\/pages\/6400\/revisions"}],"predecessor-version":[{"id":7654,"href":"https:\/\/blogsaverroes.juntadeandalucia.es\/iesarroyodelamiel\/wp-json\/wp\/v2\/pages\/6400\/revisions\/7654"}],"wp:attachment":[{"href":"https:\/\/blogsaverroes.juntadeandalucia.es\/iesarroyodelamiel\/wp-json\/wp\/v2\/media?parent=6400"}],"curies":[{"name":"wp","href":"https:\/\/api.w.org\/{rel}","templated":true}]}}