{"id":6556,"date":"2022-11-18T10:25:47","date_gmt":"2022-11-18T10:25:47","guid":{"rendered":"https:\/\/blogsaverroes.juntadeandalucia.es\/iesarroyodelamiel\/?page_id=6556"},"modified":"2023-05-24T11:04:58","modified_gmt":"2023-05-24T11:04:58","slug":"proceso-selectivo-22_23","status":"publish","type":"page","link":"https:\/\/blogsaverroes.juntadeandalucia.es\/iesarroyodelamiel\/proceso-selectivo-22_23\/","title":{"rendered":"Proceso selectivo 22_23"},"content":{"rendered":"<p><a href=\"https:\/\/blogsaverroes.juntadeandalucia.es\/iesarroyodelamiel\/files\/2023\/05\/es_cofinanciado_por_la_union_europea_pantone.png\"><img loading=\"lazy\" decoding=\"async\" class=\"aligncenter size-medium wp-image-6902\" src=\"https:\/\/blogsaverroes.juntadeandalucia.es\/iesarroyodelamiel\/files\/2023\/05\/es_cofinanciado_por_la_union_europea_pantone-300x63.png\" alt=\"\" width=\"300\" height=\"63\" srcset=\"https:\/\/blogsaverroes.juntadeandalucia.es\/iesarroyodelamiel\/files\/2023\/05\/es_cofinanciado_por_la_union_europea_pantone-300x63.png 300w, https:\/\/blogsaverroes.juntadeandalucia.es\/iesarroyodelamiel\/files\/2023\/05\/es_cofinanciado_por_la_union_europea_pantone-1024x215.png 1024w, https:\/\/blogsaverroes.juntadeandalucia.es\/iesarroyodelamiel\/files\/2023\/05\/es_cofinanciado_por_la_union_europea_pantone-768x161.png 768w, https:\/\/blogsaverroes.juntadeandalucia.es\/iesarroyodelamiel\/files\/2023\/05\/es_cofinanciado_por_la_union_europea_pantone-1536x322.png 1536w, https:\/\/blogsaverroes.juntadeandalucia.es\/iesarroyodelamiel\/files\/2023\/05\/es_cofinanciado_por_la_union_europea_pantone-2048x429.png 2048w, https:\/\/blogsaverroes.juntadeandalucia.es\/iesarroyodelamiel\/files\/2023\/05\/es_cofinanciado_por_la_union_europea_pantone.png 1600w\" sizes=\"(max-width: 300px) 100vw, 300px\" \/><\/a><\/p>\n<p>El IES Arroyo de la Miel continua desarrollando durante el curso 2022-2023 el proyecto Erasmus para ciclos formativos que le fue concedido por el SEPIE.<br \/>\nCuando finalice dicho proyecto&nbsp; diez alumnos y alumnas de los ciclos formativos de las familias profesionales de Educaci\u00f3n F\u00edsica y Hosteler\u00eda y Turismo de nuestro centro, habr\u00e1n realizado el m\u00f3dulo de Formaci\u00f3n en Centros de Trabajo (FCT) en un pa\u00eds de la UE con una ayuda ERASMUS.<br \/>\nPara el curso 2022-2023 el procedimiento selectivo comienza en el mes de noviembre&nbsp; y se llevar\u00e1 a cabo durante el primer trimestre del curso.<br \/>\nLa consulta a dicho procedimiento se puede realizar en el siguiente enlace.<\/p>\n<p><a href=\"https:\/\/blogsaverroes.juntadeandalucia.es\/iesarroyodelamiel\/files\/2022\/11\/PROCESO-SELECTIVO-2022.pdf\">PROCESO SELECTIVO 2022<\/a><\/p>\n<p>&nbsp;<\/p>\n","protected":false},"excerpt":{"rendered":"<p>El IES Arroyo de la Miel continua desarrollando durante el curso 2022-2023 el proyecto Erasmus para ciclos formativos que le fue concedido por el SEPIE. Cuando finalice dicho proyecto&nbsp; diez alumnos y alumnas de&#46;&#46;&#46;<\/p>\n","protected":false},"author":10424,"featured_media":0,"parent":0,"menu_order":0,"comment_status":"closed","ping_status":"closed","template":"","meta":{"ngg_post_thumbnail":0,"footnotes":"","_mc_calendar":[]},"aioseo_notices":[],"_links":{"self":[{"href":"https:\/\/blogsaverroes.juntadeandalucia.es\/iesarroyodelamiel\/wp-json\/wp\/v2\/pages\/6556"}],"collection":[{"href":"https:\/\/blogsaverroes.juntadeandalucia.es\/iesarroyodelamiel\/wp-json\/wp\/v2\/pages"}],"about":[{"href":"https:\/\/blogsaverroes.juntadeandalucia.es\/iesarroyodelamiel\/wp-json\/wp\/v2\/types\/page"}],"author":[{"embeddable":true,"href":"https:\/\/blogsaverroes.juntadeandalucia.es\/iesarroyodelamiel\/wp-json\/wp\/v2\/users\/10424"}],"replies":[{"embeddable":true,"href":"https:\/\/blogsaverroes.juntadeandalucia.es\/iesarroyodelamiel\/wp-json\/wp\/v2\/comments?post=6556"}],"version-history":[{"count":4,"href":"https:\/\/blogsaverroes.juntadeandalucia.es\/iesarroyodelamiel\/wp-json\/wp\/v2\/pages\/6556\/revisions"}],"predecessor-version":[{"id":6903,"href":"https:\/\/blogsaverroes.juntadeandalucia.es\/iesarroyodelamiel\/wp-json\/wp\/v2\/pages\/6556\/revisions\/6903"}],"wp:attachment":[{"href":"https:\/\/blogsaverroes.juntadeandalucia.es\/iesarroyodelamiel\/wp-json\/wp\/v2\/media?parent=6556"}],"curies":[{"name":"wp","href":"https:\/\/api.w.org\/{rel}","templated":true}]}}