{"id":6599,"date":"2022-12-13T09:35:39","date_gmt":"2022-12-13T09:35:39","guid":{"rendered":"https:\/\/blogsaverroes.juntadeandalucia.es\/iesarroyodelamiel\/?page_id=6599"},"modified":"2025-11-27T19:39:19","modified_gmt":"2025-11-27T19:39:19","slug":"acredita","status":"publish","type":"page","link":"https:\/\/blogsaverroes.juntadeandalucia.es\/iesarroyodelamiel\/acredita\/","title":{"rendered":"Informaci\u00f3n general: ACREDITA"},"content":{"rendered":"<p>&nbsp;<\/p>\n<p><a href=\"https:\/\/blogsaverroes.juntadeandalucia.es\/iesarroyodelamiel\/files\/2024\/04\/ACREDITA-imagen.png\"><img loading=\"lazy\" decoding=\"async\" class=\"aligncenter size-full wp-image-7237\" src=\"https:\/\/blogsaverroes.juntadeandalucia.es\/iesarroyodelamiel\/files\/2024\/04\/ACREDITA-imagen.png\" alt=\"\" width=\"661\" height=\"157\" srcset=\"https:\/\/blogsaverroes.juntadeandalucia.es\/iesarroyodelamiel\/files\/2024\/04\/ACREDITA-imagen.png 661w, https:\/\/blogsaverroes.juntadeandalucia.es\/iesarroyodelamiel\/files\/2024\/04\/ACREDITA-imagen-300x71.png 300w\" sizes=\"(max-width: 661px) 100vw, 661px\" \/><\/a><\/p>\n<p>&nbsp;<\/p>\n<p>Nuestro centro es, desde el curso acad\u00e9mico 2021-2022, centro sede del Procedimiento de Evaluaci\u00f3n y Acreditaci\u00f3n de competencias profesionales (PEAC).<\/p>\n<p>Se trata de un procedimiento que permite obtener una acreditaci\u00f3n oficial a aquellas personas que tienen experiencia laboral demostrable o que han recibido formaci\u00f3n no formal, es decir, formaci\u00f3n realizada fuera del sistema educativo oficial, y directamente relacionada con la cualificaci\u00f3n profesional que desea acreditar.<\/p>\n<p>Toda la informaci\u00f3n sobre dicho procedimiento puede encontrarse en la web del Instituto Andaluz de Cualificaciones Profesionales (<a href=\"https:\/\/www.juntadeandalucia.es\/educacion\/portals\/web\/iacp\">IACP<\/a>). Los tr\u00e1mites para la inscripci\u00f3n est\u00e1n disponibles en el apartado A<a href=\"https:\/\/www.juntadeandalucia.es\/educacion\/portales\/web\/iacp\/andalucia-acredita\">ndaluc\u00eda Acredita.<\/a><\/p>\n<p><span style=\"color: #000000\"><span style=\"font-family: Source Sans Pro, sans-serif\"><span lang=\"es-ES\">L<\/span><\/span><\/span><span style=\"color: #000000\"><span style=\"font-family: Source Sans Pro, sans-serif\"><span lang=\"es-ES\">as convocatorias&nbsp; abiertas se podr\u00e1n encontrar en el siguiente enlace<\/span><\/span><\/span><em><span style=\"color: #000000\"><span style=\"font-family: Source Sans Pro, sans-serif\"><span lang=\"es-ES\">:&nbsp;<a href=\"https:\/\/www.juntadeandalucia.es\/educacion\/portales\/web\/iacp\/andalucia-acredita\/convocatorias\"> CONVOCATORIAS&nbsp;<\/a><\/span><\/span><\/span><\/em><\/p>\n<p><a href=\"https:\/\/blogsaverroes.juntadeandalucia.es\/iesarroyodelamiel\/files\/2024\/04\/Diptico-Acredita-C20I1-PRTR.pdf\">D\u00edptico Acredita -C20I1 PRTR<\/a><\/p>\n<p>La persona coordinadora en el centro del procedimiento es Yolanda Gonz\u00e1lez Gonz\u00e1lez<\/p>\n<p>Tel\u00e9fono de contacto 951 29 79 80<\/p>\n<p>Correo para consultas 29012064.edu@juntadeandalucia.es<\/p>\n<p>Asunto del mensaje:&nbsp; Consulta Acredita Turismo\/ Consulta Acredita Actividades F\u00edsicas\/ Consulta Acredita Comercio (seg\u00fan la familia profeisonal por la que se quiera consultar)<\/p>\n","protected":false},"excerpt":{"rendered":"<p>&nbsp; &nbsp; Nuestro centro es, desde el curso acad\u00e9mico 2021-2022, centro sede del Procedimiento de Evaluaci\u00f3n y Acreditaci\u00f3n de competencias profesionales (PEAC). Se trata de un procedimiento que permite obtener una acreditaci\u00f3n oficial a&#46;&#46;&#46;<\/p>\n","protected":false},"author":10424,"featured_media":0,"parent":0,"menu_order":0,"comment_status":"closed","ping_status":"closed","template":"","meta":{"ngg_post_thumbnail":0,"footnotes":"","_mc_calendar":[]},"aioseo_notices":[],"_links":{"self":[{"href":"https:\/\/blogsaverroes.juntadeandalucia.es\/iesarroyodelamiel\/wp-json\/wp\/v2\/pages\/6599"}],"collection":[{"href":"https:\/\/blogsaverroes.juntadeandalucia.es\/iesarroyodelamiel\/wp-json\/wp\/v2\/pages"}],"about":[{"href":"https:\/\/blogsaverroes.juntadeandalucia.es\/iesarroyodelamiel\/wp-json\/wp\/v2\/types\/page"}],"author":[{"embeddable":true,"href":"https:\/\/blogsaverroes.juntadeandalucia.es\/iesarroyodelamiel\/wp-json\/wp\/v2\/users\/10424"}],"replies":[{"embeddable":true,"href":"https:\/\/blogsaverroes.juntadeandalucia.es\/iesarroyodelamiel\/wp-json\/wp\/v2\/comments?post=6599"}],"version-history":[{"count":9,"href":"https:\/\/blogsaverroes.juntadeandalucia.es\/iesarroyodelamiel\/wp-json\/wp\/v2\/pages\/6599\/revisions"}],"predecessor-version":[{"id":7808,"href":"https:\/\/blogsaverroes.juntadeandalucia.es\/iesarroyodelamiel\/wp-json\/wp\/v2\/pages\/6599\/revisions\/7808"}],"wp:attachment":[{"href":"https:\/\/blogsaverroes.juntadeandalucia.es\/iesarroyodelamiel\/wp-json\/wp\/v2\/media?parent=6599"}],"curies":[{"name":"wp","href":"https:\/\/api.w.org\/{rel}","templated":true}]}}