{"id":6662,"date":"2023-01-26T12:53:56","date_gmt":"2023-01-26T12:53:56","guid":{"rendered":"https:\/\/blogsaverroes.juntadeandalucia.es\/iesarroyodelamiel\/?page_id=6662"},"modified":"2023-02-21T11:50:34","modified_gmt":"2023-02-21T11:50:34","slug":"actividades-extraescolares-y-complementarias","status":"publish","type":"page","link":"https:\/\/blogsaverroes.juntadeandalucia.es\/iesarroyodelamiel\/actividades-extraescolares-y-complementarias\/","title":{"rendered":"Actividades extraescolares y complementarias"},"content":{"rendered":"<p><a href=\"https:\/\/blogsaverroes.juntadeandalucia.es\/iesarroyodelamiel\/files\/2023\/01\/imagen-dace-2021.png\"><img loading=\"lazy\" decoding=\"async\" class=\"aligncenter size-medium wp-image-6669\" src=\"https:\/\/blogsaverroes.juntadeandalucia.es\/iesarroyodelamiel\/files\/2023\/01\/imagen-dace-2021-300x152.png\" alt=\"\" width=\"300\" height=\"152\" srcset=\"https:\/\/blogsaverroes.juntadeandalucia.es\/iesarroyodelamiel\/files\/2023\/01\/imagen-dace-2021-300x152.png 300w, https:\/\/blogsaverroes.juntadeandalucia.es\/iesarroyodelamiel\/files\/2023\/01\/imagen-dace-2021-768x389.png 768w, https:\/\/blogsaverroes.juntadeandalucia.es\/iesarroyodelamiel\/files\/2023\/01\/imagen-dace-2021.png 770w\" sizes=\"(max-width: 300px) 100vw, 300px\" \/><\/a><\/p>\n<p>Desde el IES Arroyo de la Miel se promueve el desarrollo de actividades complementarias y extraescolares con el fin de enriquecer el aprendizaje del alumnado, saliendo del aula y viviendo situaciones reales de puesta en pr\u00e1ctica de los conocimientos y habilidades obtenidos en el centro.&nbsp;<\/p>\n<p>En esta secci\u00f3n&nbsp; iremos dejando&nbsp; una peque\u00f1a muetra de estas actividades realizadas de manera coordinada entre&nbsp; todos nuestros departamentos did\u00e1cticos.<\/p>\n<h5><strong>ACTIVIDAD GEOGRAF\u00cdA E HISTORIA 2\u00ba ESO A<\/strong><\/h5>\n<p>El lunes 23 de enero los alumnos y alumnas de 2\u00b0 de ESO A y C realizaron una visita t\u00e9cnica a M\u00e1laga, d\u00f3nde visitaron la Catedral, el Museos Picasso y el teatro romano. Aprovecharon la salida para aprender la historia de la ciudad de M\u00e1laga y sus importantes recursos.<\/p>\n<p><a href=\"https:\/\/blogsaverroes.juntadeandalucia.es\/iesarroyodelamiel\/files\/2023\/01\/IMG_20230123_101144-scaled.jpg\"><img loading=\"lazy\" decoding=\"async\" class=\"size-medium wp-image-6664 alignleft\" src=\"https:\/\/blogsaverroes.juntadeandalucia.es\/iesarroyodelamiel\/files\/2023\/01\/IMG_20230123_101144-225x300.jpg\" alt=\"\" width=\"225\" height=\"300\" srcset=\"https:\/\/blogsaverroes.juntadeandalucia.es\/iesarroyodelamiel\/files\/2023\/01\/IMG_20230123_101144-225x300.jpg 225w, https:\/\/blogsaverroes.juntadeandalucia.es\/iesarroyodelamiel\/files\/2023\/01\/IMG_20230123_101144-769x1024.jpg 769w, https:\/\/blogsaverroes.juntadeandalucia.es\/iesarroyodelamiel\/files\/2023\/01\/IMG_20230123_101144-768x1023.jpg 768w, https:\/\/blogsaverroes.juntadeandalucia.es\/iesarroyodelamiel\/files\/2023\/01\/IMG_20230123_101144-1153x1536.jpg 1153w, https:\/\/blogsaverroes.juntadeandalucia.es\/iesarroyodelamiel\/files\/2023\/01\/IMG_20230123_101144-1538x2048.jpg 1538w, https:\/\/blogsaverroes.juntadeandalucia.es\/iesarroyodelamiel\/files\/2023\/01\/IMG_20230123_101144-scaled.jpg 1201w\" sizes=\"(max-width: 225px) 100vw, 225px\" \/><\/a> <a href=\"https:\/\/blogsaverroes.juntadeandalucia.es\/iesarroyodelamiel\/files\/2023\/01\/IMG_20230123_114810-scaled.jpg\"><img loading=\"lazy\" decoding=\"async\" class=\"size-medium wp-image-6665 alignleft\" src=\"https:\/\/blogsaverroes.juntadeandalucia.es\/iesarroyodelamiel\/files\/2023\/01\/IMG_20230123_114810-300x225.jpg\" alt=\"\" width=\"300\" height=\"225\" srcset=\"https:\/\/blogsaverroes.juntadeandalucia.es\/iesarroyodelamiel\/files\/2023\/01\/IMG_20230123_114810-300x225.jpg 300w, https:\/\/blogsaverroes.juntadeandalucia.es\/iesarroyodelamiel\/files\/2023\/01\/IMG_20230123_114810-1024x769.jpg 1024w, https:\/\/blogsaverroes.juntadeandalucia.es\/iesarroyodelamiel\/files\/2023\/01\/IMG_20230123_114810-768x577.jpg 768w, https:\/\/blogsaverroes.juntadeandalucia.es\/iesarroyodelamiel\/files\/2023\/01\/IMG_20230123_114810-1536x1153.jpg 1536w, https:\/\/blogsaverroes.juntadeandalucia.es\/iesarroyodelamiel\/files\/2023\/01\/IMG_20230123_114810-2048x1538.jpg 2048w, https:\/\/blogsaverroes.juntadeandalucia.es\/iesarroyodelamiel\/files\/2023\/01\/IMG_20230123_114810-scaled.jpg 1600w\" sizes=\"(max-width: 300px) 100vw, 300px\" \/><\/a>Im\u00e1genes de la salida t\u00e9cnica 23 enero 2023 2\u00ba ESO A<a href=\"https:\/\/blogsaverroes.juntadeandalucia.es\/iesarroyodelamiel\/files\/2023\/01\/IMG_20230123_131807_1-scaled.jpg\"><img loading=\"lazy\" decoding=\"async\" class=\"size-medium wp-image-6666 alignnone\" src=\"https:\/\/blogsaverroes.juntadeandalucia.es\/iesarroyodelamiel\/files\/2023\/01\/IMG_20230123_131807_1-300x225.jpg\" alt=\"\" width=\"300\" height=\"225\" srcset=\"https:\/\/blogsaverroes.juntadeandalucia.es\/iesarroyodelamiel\/files\/2023\/01\/IMG_20230123_131807_1-300x225.jpg 300w, https:\/\/blogsaverroes.juntadeandalucia.es\/iesarroyodelamiel\/files\/2023\/01\/IMG_20230123_131807_1-1024x769.jpg 1024w, https:\/\/blogsaverroes.juntadeandalucia.es\/iesarroyodelamiel\/files\/2023\/01\/IMG_20230123_131807_1-768x577.jpg 768w, https:\/\/blogsaverroes.juntadeandalucia.es\/iesarroyodelamiel\/files\/2023\/01\/IMG_20230123_131807_1-1536x1153.jpg 1536w, https:\/\/blogsaverroes.juntadeandalucia.es\/iesarroyodelamiel\/files\/2023\/01\/IMG_20230123_131807_1-2048x1538.jpg 2048w, https:\/\/blogsaverroes.juntadeandalucia.es\/iesarroyodelamiel\/files\/2023\/01\/IMG_20230123_131807_1-scaled.jpg 1600w\" sizes=\"(max-width: 300px) 100vw, 300px\" \/><\/a><\/p>\n<p>&nbsp;<\/p>\n<h5><strong>ACTIVIDAD CICLO DE GU\u00cdA, INFORMACI\u00d3N Y ASISTENCIA TUR\u00cdSTICA<\/strong><\/h5>\n<p>Con motivo de la realizaci\u00f3n de mesas de trabajo de participaci\u00f3n ciudadana por parte del Ayuntamiento de Benalm\u00e1dena&nbsp; &nbsp;nuestro alumnado del Ciclo de Gu\u00eda, Informaci\u00f3n y Asistencia tur\u00edstica asisitieron el pasado mes de enero al Centro de exposiciones de Benalm\u00e1dena donde presentaron propuestas de mejora para el municipio. Para las propuestas que salgan elegidas el Ayuntamiento tiene un presupuesto de 600 000 \u20ac que ser\u00e1n invertidos en los dos pr\u00f3ximos a\u00f1os.<\/p>\n<p>Algunas de las propuestas de nuestros alumnos fueron la realizaci\u00f3n de un carril&nbsp; bici en el municipio para incrementar la movilidad sostenible y descongestioanr el tr\u00e1fico rodado, zona de caravanas habilitada seg\u00fan el decreto de campamentos de turismo de la Junta de Andaluc\u00eda, uso del auditorio con actividdades de ocio alternativo para j\u00f3venes, etc.<\/p>\n<p>En la siguiente galer\u00eda quedan reflejadoos momentos de participaci\u00f3n. Los alumnos fueron acompa\u00f1ados por las profesoras del ciclo&nbsp; Maribel Gir\u00e1ldez, Yolanda Gonz\u00e1lez y Cristinas Medina.<\/p>\n<p>ngg_shortcode_0_placeholder<strong>PRODA<\/strong><\/p>\n<p>Dentro de las acciones que nuestro centro lleva a cabo par la dinamizaci\u00f3n de adultos durante la semana del 13 al 17 de febrero los alumnos&nbsp; de ESPA, 1\u00ba y 2\u00ba de bachillerato adultos&nbsp; y alumnos del ciclo de Gu\u00eda, Informaci\u00f3n y Asitencia Tur\u00edstica acompa\u00f1ados de profesorado de nocturno realizaron una visita a Fuengirola con motivo de la exposici\u00f3n&nbsp; \u00abEl Museo del Prado en las calles\u00bb.&nbsp;<\/p>\n<p>Durante&nbsp; esta interesante actividad los alumnos pudieron disfrutar de 50 reproducciones de algunas de las obras m\u00e1s relevantes de la galer\u00eda madrile\u00f1a, las cuales se han impreso a tama\u00f1o real para recrear visualmente la experiencia de la visita al museo.<\/p>\nngg_shortcode_1_placeholder\n","protected":false},"excerpt":{"rendered":"<p>Desde el IES Arroyo de la Miel se promueve el desarrollo de actividades complementarias y extraescolares con el fin de enriquecer el aprendizaje del alumnado, saliendo del aula y viviendo situaciones reales de puesta&#46;&#46;&#46;<\/p>\n","protected":false},"author":10424,"featured_media":0,"parent":0,"menu_order":0,"comment_status":"closed","ping_status":"closed","template":"","meta":{"ngg_post_thumbnail":0,"footnotes":"","_mc_calendar":[]},"aioseo_notices":[],"_links":{"self":[{"href":"https:\/\/blogsaverroes.juntadeandalucia.es\/iesarroyodelamiel\/wp-json\/wp\/v2\/pages\/6662"}],"collection":[{"href":"https:\/\/blogsaverroes.juntadeandalucia.es\/iesarroyodelamiel\/wp-json\/wp\/v2\/pages"}],"about":[{"href":"https:\/\/blogsaverroes.juntadeandalucia.es\/iesarroyodelamiel\/wp-json\/wp\/v2\/types\/page"}],"author":[{"embeddable":true,"href":"https:\/\/blogsaverroes.juntadeandalucia.es\/iesarroyodelamiel\/wp-json\/wp\/v2\/users\/10424"}],"replies":[{"embeddable":true,"href":"https:\/\/blogsaverroes.juntadeandalucia.es\/iesarroyodelamiel\/wp-json\/wp\/v2\/comments?post=6662"}],"version-history":[{"count":6,"href":"https:\/\/blogsaverroes.juntadeandalucia.es\/iesarroyodelamiel\/wp-json\/wp\/v2\/pages\/6662\/revisions"}],"predecessor-version":[{"id":6748,"href":"https:\/\/blogsaverroes.juntadeandalucia.es\/iesarroyodelamiel\/wp-json\/wp\/v2\/pages\/6662\/revisions\/6748"}],"wp:attachment":[{"href":"https:\/\/blogsaverroes.juntadeandalucia.es\/iesarroyodelamiel\/wp-json\/wp\/v2\/media?parent=6662"}],"curies":[{"name":"wp","href":"https:\/\/api.w.org\/{rel}","templated":true}]}}

<p><a href="https://blogsaverroes.juntadeandalucia.es/iesarroyodelamiel/files/2023/01/imagen-dace-2021.png"><img loading="lazy" decoding="async" class="aligncenter size-medium wp-image-6669" src="https://blogsaverroes.juntadeandalucia.es/iesarroyodelamiel/files/2023/01/imagen-dace-2021-300x152.png" alt="" width="300" height="152" srcset="https://blogsaverroes.juntadeandalucia.es/iesarroyodelamiel/files/2023/01/imagen-dace-2021-300x152.png 300w, https://blogsaverroes.juntadeandalucia.es/iesarroyodelamiel/files/2023/01/imagen-dace-2021-768x389.png 768w, https://blogsaverroes.juntadeandalucia.es/iesarroyodelamiel/files/2023/01/imagen-dace-2021.png 770w" sizes="(max-width: 300px) 100vw, 300px" /></a></p>
<p>Desde el IES Arroyo de la Miel se promueve el desarrollo de actividades complementarias y extraescolares con el fin de enriquecer el aprendizaje del alumnado, saliendo del aula y viviendo situaciones reales de puesta en práctica de los conocimientos y habilidades obtenidos en el centro.&nbsp;</p>
<p>En esta sección&nbsp; iremos dejando&nbsp; una pequeña muetra de estas actividades realizadas de manera coordinada entre&nbsp; todos nuestros departamentos didácticos.</p>
<h5><strong>ACTIVIDAD GEOGRAFÍA E HISTORIA 2º ESO A</strong></h5>
<p>El lunes 23 de enero los alumnos y alumnas de 2° de ESO A y C realizaron una visita técnica a Málaga, dónde visitaron la Catedral, el Museos Picasso y el teatro romano. Aprovecharon la salida para aprender la historia de la ciudad de Málaga y sus importantes recursos.</p>
<p><a href="https://blogsaverroes.juntadeandalucia.es/iesarroyodelamiel/files/2023/01/IMG_20230123_101144-scaled.jpg"><img loading="lazy" decoding="async" class="size-medium wp-image-6664 alignleft" src="https://blogsaverroes.juntadeandalucia.es/iesarroyodelamiel/files/2023/01/IMG_20230123_101144-225x300.jpg" alt="" width="225" height="300" srcset="https://blogsaverroes.juntadeandalucia.es/iesarroyodelamiel/files/2023/01/IMG_20230123_101144-225x300.jpg 225w, https://blogsaverroes.juntadeandalucia.es/iesarroyodelamiel/files/2023/01/IMG_20230123_101144-769x1024.jpg 769w, https://blogsaverroes.juntadeandalucia.es/iesarroyodelamiel/files/2023/01/IMG_20230123_101144-768x1023.jpg 768w, https://blogsaverroes.juntadeandalucia.es/iesarroyodelamiel/files/2023/01/IMG_20230123_101144-1153x1536.jpg 1153w, https://blogsaverroes.juntadeandalucia.es/iesarroyodelamiel/files/2023/01/IMG_20230123_101144-1538x2048.jpg 1538w, https://blogsaverroes.juntadeandalucia.es/iesarroyodelamiel/files/2023/01/IMG_20230123_101144-scaled.jpg 1201w" sizes="(max-width: 225px) 100vw, 225px" /></a> <a href="https://blogsaverroes.juntadeandalucia.es/iesarroyodelamiel/files/2023/01/IMG_20230123_114810-scaled.jpg"><img loading="lazy" decoding="async" class="size-medium wp-image-6665 alignleft" src="https://blogsaverroes.juntadeandalucia.es/iesarroyodelamiel/files/2023/01/IMG_20230123_114810-300x225.jpg" alt="" width="300" height="225" srcset="https://blogsaverroes.juntadeandalucia.es/iesarroyodelamiel/files/2023/01/IMG_20230123_114810-300x225.jpg 300w, https://blogsaverroes.juntadeandalucia.es/iesarroyodelamiel/files/2023/01/IMG_20230123_114810-1024x769.jpg 1024w, https://blogsaverroes.juntadeandalucia.es/iesarroyodelamiel/files/2023/01/IMG_20230123_114810-768x577.jpg 768w, https://blogsaverroes.juntadeandalucia.es/iesarroyodelamiel/files/2023/01/IMG_20230123_114810-1536x1153.jpg 1536w, https://blogsaverroes.juntadeandalucia.es/iesarroyodelamiel/files/2023/01/IMG_20230123_114810-2048x1538.jpg 2048w, https://blogsaverroes.juntadeandalucia.es/iesarroyodelamiel/files/2023/01/IMG_20230123_114810-scaled.jpg 1600w" sizes="(max-width: 300px) 100vw, 300px" /></a>Imágenes de la salida técnica 23 enero 2023 2º ESO A<a href="https://blogsaverroes.juntadeandalucia.es/iesarroyodelamiel/files/2023/01/IMG_20230123_131807_1-scaled.jpg"><img loading="lazy" decoding="async" class="size-medium wp-image-6666 alignnone" src="https://blogsaverroes.juntadeandalucia.es/iesarroyodelamiel/files/2023/01/IMG_20230123_131807_1-300x225.jpg" alt="" width="300" height="225" srcset="https://blogsaverroes.juntadeandalucia.es/iesarroyodelamiel/files/2023/01/IMG_20230123_131807_1-300x225.jpg 300w, https://blogsaverroes.juntadeandalucia.es/iesarroyodelamiel/files/2023/01/IMG_20230123_131807_1-1024x769.jpg 1024w, https://blogsaverroes.juntadeandalucia.es/iesarroyodelamiel/files/2023/01/IMG_20230123_131807_1-768x577.jpg 768w, https://blogsaverroes.juntadeandalucia.es/iesarroyodelamiel/files/2023/01/IMG_20230123_131807_1-1536x1153.jpg 1536w, https://blogsaverroes.juntadeandalucia.es/iesarroyodelamiel/files/2023/01/IMG_20230123_131807_1-2048x1538.jpg 2048w, https://blogsaverroes.juntadeandalucia.es/iesarroyodelamiel/files/2023/01/IMG_20230123_131807_1-scaled.jpg 1600w" sizes="(max-width: 300px) 100vw, 300px" /></a></p>
<p>&nbsp;</p>
<h5><strong>ACTIVIDAD CICLO DE GUÍA, INFORMACIÓN Y ASISTENCIA TURÍSTICA</strong></h5>
<p>Con motivo de la realización de mesas de trabajo de participación ciudadana por parte del Ayuntamiento de Benalmádena&nbsp; &nbsp;nuestro alumnado del Ciclo de Guía, Información y Asistencia turística asisitieron el pasado mes de enero al Centro de exposiciones de Benalmádena donde presentaron propuestas de mejora para el municipio. Para las propuestas que salgan elegidas el Ayuntamiento tiene un presupuesto de 600 000 € que serán invertidos en los dos próximos años.</p>
<p>Algunas de las propuestas de nuestros alumnos fueron la realización de un carril&nbsp; bici en el municipio para incrementar la movilidad sostenible y descongestioanr el tráfico rodado, zona de caravanas habilitada según el decreto de campamentos de turismo de la Junta de Andalucía, uso del auditorio con actividdades de ocio alternativo para jóvenes, etc.</p>
<p>En la siguiente galería quedan reflejadoos momentos de participación. Los alumnos fueron acompañados por las profesoras del ciclo&nbsp; Maribel Giráldez, Yolanda González y Cristinas Medina.</p>
<p>ngg_shortcode_0_placeholder<strong>PRODA</strong></p>
<p>Dentro de las acciones que nuestro centro lleva a cabo par la dinamización de adultos durante la semana del 13 al 17 de febrero los alumnos&nbsp; de ESPA, 1º y 2º de bachillerato adultos&nbsp; y alumnos del ciclo de Guía, Información y Asitencia Turística acompañados de profesorado de nocturno realizaron una visita a Fuengirola con motivo de la exposición&nbsp; «El Museo del Prado en las calles».&nbsp;</p>
<p>Durante&nbsp; esta interesante actividad los alumnos pudieron disfrutar de 50 reproducciones de algunas de las obras más relevantes de la galería madrileña, las cuales se han impreso a tamaño real para recrear visualmente la experiencia de la visita al museo.</p>
ngg_shortcode_1_placeholder
