{"id":7348,"date":"2024-08-30T12:43:29","date_gmt":"2024-08-30T12:43:29","guid":{"rendered":"https:\/\/blogsaverroes.juntadeandalucia.es\/iesarroyodelamiel\/?page_id=7348"},"modified":"2025-10-17T05:48:26","modified_gmt":"2025-10-17T05:48:26","slug":"presentacion-turismo","status":"publish","type":"page","link":"https:\/\/blogsaverroes.juntadeandalucia.es\/iesarroyodelamiel\/presentacion-turismo\/","title":{"rendered":"Presentaci\u00f3n Turismo"},"content":{"rendered":"<p><a href=\"https:\/\/blogsaverroes.juntadeandalucia.es\/iesarroyodelamiel\/files\/2024\/08\/Bienvednido-Turismo.jpg\"><img loading=\"lazy\" decoding=\"async\" class=\"aligncenter wp-image-7349 size-medium\" src=\"https:\/\/blogsaverroes.juntadeandalucia.es\/iesarroyodelamiel\/files\/2024\/08\/Bienvednido-Turismo-300x225.jpg\" alt=\"\" width=\"300\" height=\"225\" srcset=\"https:\/\/blogsaverroes.juntadeandalucia.es\/iesarroyodelamiel\/files\/2024\/08\/Bienvednido-Turismo-300x225.jpg 300w, https:\/\/blogsaverroes.juntadeandalucia.es\/iesarroyodelamiel\/files\/2024\/08\/Bienvednido-Turismo-768x576.jpg 768w, https:\/\/blogsaverroes.juntadeandalucia.es\/iesarroyodelamiel\/files\/2024\/08\/Bienvednido-Turismo.jpg 960w\" sizes=\"(max-width: 300px) 100vw, 300px\" \/><\/a><\/p>\n<p style=\"text-align: center\"><strong><a href=\"mailto:BIENVENID@S\">BIENVENID@S<\/a> AL DEPARTAMENTO DE TURISMO DEL IES ARROYO DE LA MIEL<\/strong><\/p>\n<p>El profesorado del departamento est\u00e1 integrado por:<\/p>\n<ul>\n<li>D\u00f1a. Berna Escamilla, M\u00f3nica<\/li>\n<li>D\u00f1a. Yolanda Gonz\u00e1lez Gonz\u00e1lez<\/li>\n<li>D\u00f1a. Noelia Gos\u00e1lvez rey<\/li>\n<li>D\u00f1a. Noem\u00ed Zambrana Dom\u00ednguez.<\/li>\n<\/ul>\n<div class=\"post-content\">\n<div class=\"entry entry-summary\">\n<p>El Ciclo Formativo de Grado Superior de Gu\u00eda, Informaci\u00f3n y Asistencia Tur\u00edstica (GIAT), se imparte en el IES Arroyo de la Miel desde hace m\u00e1s de veinte a\u00f1os, por lo que somos un centro con gran experiencia en la formaci\u00f3n de los futuros gu\u00edas tur\u00edsticos.<\/p>\n<p>Las ense\u00f1anzas se encuentran estructuradas en dos a\u00f1os acad\u00e9micos. Durante el curso 204-2025 el primer curso de GIAT se imparte en modalidad dual lo cual posibilita al alumnado la formaci\u00f3n en alternancia entre el centro educativo y la empresa desde el segundo trimestre.&nbsp;<\/p>\n<p>En segundo curso los alumnos llevar\u00e1n a cabo pr\u00e1cticas en empresas (FCT) desde marzo a junio de&nbsp; lo cual es un complemento ideal de formaci\u00f3n y adem\u00e1s una gran oportunidad de inserci\u00f3n laboral.&nbsp;<\/p>\n<p>La inserci\u00f3n laboral de nuestro alumnado es de un 85% . Gran parte de nuestros alumnos permanecen trabajando en las empresas en las que realizan el per\u00edodo de formaci\u00f3n.<\/p>\n<p>Resulta muy interesante para el alumnado que cursa este ciclo formativo la posibilidad que ofrece el centro de realizaci\u00f3n del m\u00f3dulo de Formaci\u00f3n en centros de trabajo en cualquier pa\u00eds de la Uni\u00f3n Europea mediante el Programa ERASMUS.<\/p>\n<p>Ya han sido muchos los alumnos que han podido viajar, convivir y realizar pr\u00e1cticas durante un per\u00edodo comprendido entre 8 y 12 semanas a pa\u00edses como Reino Unido, Francia, Italia, Malta, Grecia o&nbsp;Alemania.<\/p>\n<p>Si quieres estar en contacto con el ciclo s\u00edguenos en redes sociales: Facebook (Ciclo Superior Giat), Twitter @csGIAT, Instagram (@csgiat) y You Tube (GIAT Arroyo de la Miel).<\/p>\n<\/div>\n<\/div>\n","protected":false},"excerpt":{"rendered":"<p>BIENVENID@S AL DEPARTAMENTO DE TURISMO DEL IES ARROYO DE LA MIEL El profesorado del departamento est\u00e1 integrado por: D\u00f1a. Berna Escamilla, M\u00f3nica D\u00f1a. Yolanda Gonz\u00e1lez Gonz\u00e1lez D\u00f1a. Noelia Gos\u00e1lvez rey D\u00f1a. Noem\u00ed Zambrana Dom\u00ednguez.&#46;&#46;&#46;<\/p>\n","protected":false},"author":10424,"featured_media":0,"parent":0,"menu_order":0,"comment_status":"closed","ping_status":"closed","template":"","meta":{"ngg_post_thumbnail":0,"footnotes":"","_mc_calendar":[]},"aioseo_notices":[],"_links":{"self":[{"href":"https:\/\/blogsaverroes.juntadeandalucia.es\/iesarroyodelamiel\/wp-json\/wp\/v2\/pages\/7348"}],"collection":[{"href":"https:\/\/blogsaverroes.juntadeandalucia.es\/iesarroyodelamiel\/wp-json\/wp\/v2\/pages"}],"about":[{"href":"https:\/\/blogsaverroes.juntadeandalucia.es\/iesarroyodelamiel\/wp-json\/wp\/v2\/types\/page"}],"author":[{"embeddable":true,"href":"https:\/\/blogsaverroes.juntadeandalucia.es\/iesarroyodelamiel\/wp-json\/wp\/v2\/users\/10424"}],"replies":[{"embeddable":true,"href":"https:\/\/blogsaverroes.juntadeandalucia.es\/iesarroyodelamiel\/wp-json\/wp\/v2\/comments?post=7348"}],"version-history":[{"count":3,"href":"https:\/\/blogsaverroes.juntadeandalucia.es\/iesarroyodelamiel\/wp-json\/wp\/v2\/pages\/7348\/revisions"}],"predecessor-version":[{"id":7665,"href":"https:\/\/blogsaverroes.juntadeandalucia.es\/iesarroyodelamiel\/wp-json\/wp\/v2\/pages\/7348\/revisions\/7665"}],"wp:attachment":[{"href":"https:\/\/blogsaverroes.juntadeandalucia.es\/iesarroyodelamiel\/wp-json\/wp\/v2\/media?parent=7348"}],"curies":[{"name":"wp","href":"https:\/\/api.w.org\/{rel}","templated":true}]}}