{"id":7624,"date":"2025-07-03T10:42:46","date_gmt":"2025-07-03T10:42:46","guid":{"rendered":"https:\/\/blogsaverroes.juntadeandalucia.es\/iesarroyodelamiel\/?page_id=7624"},"modified":"2025-07-03T10:43:47","modified_gmt":"2025-07-03T10:43:47","slug":"proyecto-oratoria-y-debate","status":"publish","type":"page","link":"https:\/\/blogsaverroes.juntadeandalucia.es\/iesarroyodelamiel\/proyecto-oratoria-y-debate\/","title":{"rendered":"Proyecto oratoria y debate"},"content":{"rendered":"<p><a href=\"https:\/\/blogsaverroes.juntadeandalucia.es\/iesarroyodelamiel\/files\/2025\/07\/as1.png\"><img loading=\"lazy\" decoding=\"async\" class=\"aligncenter wp-image-7627\" src=\"https:\/\/blogsaverroes.juntadeandalucia.es\/iesarroyodelamiel\/files\/2025\/07\/as1.png\" alt=\"\" width=\"118\" height=\"91\" srcset=\"https:\/\/blogsaverroes.juntadeandalucia.es\/iesarroyodelamiel\/files\/2025\/07\/as1.png 576w, https:\/\/blogsaverroes.juntadeandalucia.es\/iesarroyodelamiel\/files\/2025\/07\/as1-300x232.png 300w\" sizes=\"(max-width: 118px) 100vw, 118px\" \/><\/a><img loading=\"lazy\" decoding=\"async\" class=\"wp-image-7625 alignright\" src=\"https:\/\/blogsaverroes.juntadeandalucia.es\/iesarroyodelamiel\/files\/2025\/07\/astr2.jpg\" alt=\"\" width=\"158\" height=\"158\" srcset=\"https:\/\/blogsaverroes.juntadeandalucia.es\/iesarroyodelamiel\/files\/2025\/07\/astr2.jpg 500w, https:\/\/blogsaverroes.juntadeandalucia.es\/iesarroyodelamiel\/files\/2025\/07\/astr2-300x300.jpg 300w, https:\/\/blogsaverroes.juntadeandalucia.es\/iesarroyodelamiel\/files\/2025\/07\/astr2-150x150.jpg 150w, https:\/\/blogsaverroes.juntadeandalucia.es\/iesarroyodelamiel\/files\/2025\/07\/astr2-80x80.jpg 80w, https:\/\/blogsaverroes.juntadeandalucia.es\/iesarroyodelamiel\/files\/2025\/07\/astr2-320x320.jpg 320w\" sizes=\"(max-width: 158px) 100vw, 158px\" \/><img loading=\"lazy\" decoding=\"async\" class=\"aligncenter size-full wp-image-7626\" src=\"https:\/\/blogsaverroes.juntadeandalucia.es\/iesarroyodelamiel\/files\/2025\/07\/ast3.jpg\" alt=\"\" width=\"348\" height=\"93\" srcset=\"https:\/\/blogsaverroes.juntadeandalucia.es\/iesarroyodelamiel\/files\/2025\/07\/ast3.jpg 348w, https:\/\/blogsaverroes.juntadeandalucia.es\/iesarroyodelamiel\/files\/2025\/07\/ast3-300x80.jpg 300w\" sizes=\"(max-width: 348px) 100vw, 348px\" \/><\/p>\n<p>&nbsp;<\/p>\n<p>&nbsp;Durante los dos \u00faltimo cursos , 2023-24 y 2024-25, nuestro centro ha participado en el proyecto <em>Debatiendo se entiende la gente: La oratoria como eje potenciador del \u00e9xito educativo de todo el alumnado<\/em>, dentro del programa de <strong>Agrupaciones de centros educativos<\/strong>, convocado por el Ministerio de Educaci\u00f3n y Formaci\u00f3n Profesional. Se trata de una convocatoria de ayudas destinada a promover agrupaciones de centros educativos para la realizaci\u00f3n y puesta en pr\u00e1ctica de proyectos comunes que favorezcan la educaci\u00f3n inclusiva, la innovaci\u00f3n educativa y la creatividad. Nuestro centro ha participado en colaboraci\u00f3n con el IES ARAMO, de Oviedo (Asturias).<\/p>\n<p>&nbsp;<\/p>\n<p>El programa ha buscado potenciar la equidad y la inclusi\u00f3n educativa, reducir la segregaci\u00f3n escolar, fomentar iniciativas de innovaci\u00f3n e investigaci\u00f3n, desarrollar la creatividad, consolidar redes educativas de colaboraci\u00f3n, contribuir al desarrollo de las competencias clave para el aprendizaje permanente, desarrollar la capacidad de trabajar en equipo, formar a los estudiantes en entornos digitales y virtuales de aprendizaje, as\u00ed como abrir los sistemas educativos al exterior, todo ello en aras de una mejora en la calidad de la educaci\u00f3n todo ello tomando el debate escolar como eje.<\/p>\n<p>&nbsp;&nbsp; En estos dos cursos nuestro alumnado ha visitado el centro ovetense, ha realizado actividades de formaci\u00f3n y pr\u00e1ctica en torno a la oratoria y el debate escolar, ha empleado entonos digitales y virtuales de aprendizaje, ha recibido clases de asturiano, ha conocido el sistema educativo asturiano, adem\u00e1s de otras actividades culturales.<\/p>\n<p>&nbsp;<\/p>\n<p>&nbsp;&nbsp;&nbsp;&nbsp; Adem\u00e1s, hemos recibido en estos dos cursos a las delegaciones del IES ARAMO durante&nbsp; nuestra Semana Cultural. Aqu\u00ed, junto con nuestro alumnado participante en el proyecto, han seguido desarrollando actividades en torno al debate escolar, continuando con las iniciadas en nuestra visita a Asturias, han recibido formaci\u00f3n de la Fundaci\u00f3n C\u00e1novas y han participado en nuestro primer Torneo de Debate Escolar Intercentro.<\/p>\n<p>Sin duda, la experiencia vivida por nuestro alumnado ha sido totalmente enriquecedora tanto en el \u00e1mbito formativo, como en el humano. El trato proporcionado por el centro ovetense ha sido excelente, el equipo humano se ha volcado en hacer de la estancia de nuestra delegaci\u00f3n una experiencia inolvidable.<\/p>\n<p>&nbsp;PARTICIPANTES<\/p>\n<p>Durante el primer curso el alumnado participante fue:<\/p>\n<ul>\n<li>Carmen Aguilar Gambero<\/li>\n<li>Naiara Mart\u00edn Doimeadios Palomo<\/li>\n<li>Sara M\u00e1rquez Dur\u00e1n<\/li>\n<li>Malena Pardos de la Torre<\/li>\n<li>Alba Ramos Mart\u00edn<\/li>\n<li>Sara Rey Guill\u00e9n<\/li>\n<\/ul>\n<p>Durante el segundo curso han participado:<\/p>\n<ul>\n<li>Eva Lancha Carpio<\/li>\n<li>Hugo M\u00e1rquez L\u00f3pez<\/li>\n<li>Elena del Carmen Moreno Andrades<\/li>\n<li>Francisco S\u00e1nchez Quesada<\/li>\n<li>Sophie Serra<\/li>\n<li>Catherine Storm Berbel Baker<\/li>\n<\/ul>\n<p>El profesorado que ha colaborado activamente en el proyecto ha sido: Mercedes Guerra, Mar\u00eda Mart\u00edn, Juan Antonio Manceras y Cayetana Avil\u00e9s.<\/p>\n<p>&nbsp;<\/p>\n<p><a href=\"https:\/\/blogsaverroes.juntadeandalucia.es\/iesarroyodelamiel\/files\/2025\/07\/RESUMEN-AGRUPACIONES.001.jpeg\"><img loading=\"lazy\" decoding=\"async\" class=\"aligncenter size-full wp-image-7629\" src=\"https:\/\/blogsaverroes.juntadeandalucia.es\/iesarroyodelamiel\/files\/2025\/07\/RESUMEN-AGRUPACIONES.001.jpeg\" alt=\"\" width=\"1024\" height=\"768\" srcset=\"https:\/\/blogsaverroes.juntadeandalucia.es\/iesarroyodelamiel\/files\/2025\/07\/RESUMEN-AGRUPACIONES.001.jpeg 1024w, https:\/\/blogsaverroes.juntadeandalucia.es\/iesarroyodelamiel\/files\/2025\/07\/RESUMEN-AGRUPACIONES.001-300x225.jpeg 300w, https:\/\/blogsaverroes.juntadeandalucia.es\/iesarroyodelamiel\/files\/2025\/07\/RESUMEN-AGRUPACIONES.001-768x576.jpeg 768w\" sizes=\"(max-width: 1024px) 100vw, 1024px\" \/><\/a> <a href=\"https:\/\/blogsaverroes.juntadeandalucia.es\/iesarroyodelamiel\/files\/2025\/07\/RESUMEN-AGRUPACIONES.002.jpeg\"><img loading=\"lazy\" decoding=\"async\" class=\"aligncenter size-large wp-image-7630\" src=\"https:\/\/blogsaverroes.juntadeandalucia.es\/iesarroyodelamiel\/files\/2025\/07\/RESUMEN-AGRUPACIONES.002.jpeg\" alt=\"\" width=\"1024\" height=\"768\" srcset=\"https:\/\/blogsaverroes.juntadeandalucia.es\/iesarroyodelamiel\/files\/2025\/07\/RESUMEN-AGRUPACIONES.002.jpeg 1024w, https:\/\/blogsaverroes.juntadeandalucia.es\/iesarroyodelamiel\/files\/2025\/07\/RESUMEN-AGRUPACIONES.002-300x225.jpeg 300w, https:\/\/blogsaverroes.juntadeandalucia.es\/iesarroyodelamiel\/files\/2025\/07\/RESUMEN-AGRUPACIONES.002-768x576.jpeg 768w\" sizes=\"(max-width: 1024px) 100vw, 1024px\" \/><\/a> <a href=\"https:\/\/blogsaverroes.juntadeandalucia.es\/iesarroyodelamiel\/files\/2025\/07\/RESUMEN-AGRUPACIONES.003.jpeg\"><img loading=\"lazy\" decoding=\"async\" class=\"aligncenter size-large wp-image-7631\" src=\"https:\/\/blogsaverroes.juntadeandalucia.es\/iesarroyodelamiel\/files\/2025\/07\/RESUMEN-AGRUPACIONES.003.jpeg\" alt=\"\" width=\"1024\" height=\"768\" srcset=\"https:\/\/blogsaverroes.juntadeandalucia.es\/iesarroyodelamiel\/files\/2025\/07\/RESUMEN-AGRUPACIONES.003.jpeg 1024w, https:\/\/blogsaverroes.juntadeandalucia.es\/iesarroyodelamiel\/files\/2025\/07\/RESUMEN-AGRUPACIONES.003-300x225.jpeg 300w, https:\/\/blogsaverroes.juntadeandalucia.es\/iesarroyodelamiel\/files\/2025\/07\/RESUMEN-AGRUPACIONES.003-768x576.jpeg 768w\" sizes=\"(max-width: 1024px) 100vw, 1024px\" \/><\/a><\/p>\n<p>&nbsp;<\/p>\n<p>&nbsp;<\/p>\n<p>&nbsp;<\/p>\n<p>&nbsp;<\/p>\n<p>&nbsp;<\/p>\n<p>&nbsp;<\/p>\n<p>&nbsp;<\/p>\n","protected":false},"excerpt":{"rendered":"<p>&nbsp; &nbsp;Durante los dos \u00faltimo cursos , 2023-24 y 2024-25, nuestro centro ha participado en el proyecto Debatiendo se entiende la gente: La oratoria como eje potenciador del \u00e9xito educativo de todo el alumnado,&#46;&#46;&#46;<\/p>\n","protected":false},"author":10424,"featured_media":0,"parent":0,"menu_order":0,"comment_status":"closed","ping_status":"closed","template":"","meta":{"ngg_post_thumbnail":0,"footnotes":"","_mc_calendar":[]},"aioseo_notices":[],"_links":{"self":[{"href":"https:\/\/blogsaverroes.juntadeandalucia.es\/iesarroyodelamiel\/wp-json\/wp\/v2\/pages\/7624"}],"collection":[{"href":"https:\/\/blogsaverroes.juntadeandalucia.es\/iesarroyodelamiel\/wp-json\/wp\/v2\/pages"}],"about":[{"href":"https:\/\/blogsaverroes.juntadeandalucia.es\/iesarroyodelamiel\/wp-json\/wp\/v2\/types\/page"}],"author":[{"embeddable":true,"href":"https:\/\/blogsaverroes.juntadeandalucia.es\/iesarroyodelamiel\/wp-json\/wp\/v2\/users\/10424"}],"replies":[{"embeddable":true,"href":"https:\/\/blogsaverroes.juntadeandalucia.es\/iesarroyodelamiel\/wp-json\/wp\/v2\/comments?post=7624"}],"version-history":[{"count":2,"href":"https:\/\/blogsaverroes.juntadeandalucia.es\/iesarroyodelamiel\/wp-json\/wp\/v2\/pages\/7624\/revisions"}],"predecessor-version":[{"id":7632,"href":"https:\/\/blogsaverroes.juntadeandalucia.es\/iesarroyodelamiel\/wp-json\/wp\/v2\/pages\/7624\/revisions\/7632"}],"wp:attachment":[{"href":"https:\/\/blogsaverroes.juntadeandalucia.es\/iesarroyodelamiel\/wp-json\/wp\/v2\/media?parent=7624"}],"curies":[{"name":"wp","href":"https:\/\/api.w.org\/{rel}","templated":true}]}}