{"id":616,"date":"2024-02-21T09:49:42","date_gmt":"2024-02-21T08:49:42","guid":{"rendered":"https:\/\/blogsaverroes.juntadeandalucia.es\/iesastaregia\/?page_id=616"},"modified":"2025-06-25T09:50:04","modified_gmt":"2025-06-25T07:50:04","slug":"oferta-formativa","status":"publish","type":"page","link":"https:\/\/blogsaverroes.juntadeandalucia.es\/iesastaregia\/oferta-formativa\/","title":{"rendered":"Oferta Formativa"},"content":{"rendered":"<p>[et_pb_section fb_built=&#8221;1&#8243; _builder_version=&#8221;4.16&#8243; global_colors_info=&#8221;{}&#8221;][et_pb_row _builder_version=&#8221;4.16&#8243; custom_margin=&#8221;-20px|auto|-60px|auto||&#8221; custom_padding=&#8221;||0px|||&#8221; z_index_tablet=&#8221;500&#8243; box_shadow_horizontal_tablet=&#8221;0px&#8221; box_shadow_vertical_tablet=&#8221;0px&#8221; box_shadow_blur_tablet=&#8221;40px&#8221; box_shadow_spread_tablet=&#8221;0px&#8221; global_colors_info=&#8221;{}&#8221;][et_pb_column type=&#8221;4_4&#8243; _builder_version=&#8221;4.16&#8243; custom_padding=&#8221;|||&#8221; global_colors_info=&#8221;{}&#8221; custom_padding__hover=&#8221;|||&#8221;][et_pb_text admin_label=&#8221;Texto descriptivo&#8221; _builder_version=&#8221;4.16&#8243; z_index_tablet=&#8221;500&#8243; text_text_shadow_horizontal_length_tablet=&#8221;0px&#8221; text_text_shadow_vertical_length_tablet=&#8221;0px&#8221; text_text_shadow_blur_strength_tablet=&#8221;1px&#8221; link_text_shadow_horizontal_length_tablet=&#8221;0px&#8221; link_text_shadow_vertical_length_tablet=&#8221;0px&#8221; link_text_shadow_blur_strength_tablet=&#8221;1px&#8221; ul_text_shadow_horizontal_length_tablet=&#8221;0px&#8221; ul_text_shadow_vertical_length_tablet=&#8221;0px&#8221; ul_text_shadow_blur_strength_tablet=&#8221;1px&#8221; ol_text_shadow_horizontal_length_tablet=&#8221;0px&#8221; ol_text_shadow_vertical_length_tablet=&#8221;0px&#8221; ol_text_shadow_blur_strength_tablet=&#8221;1px&#8221; quote_text_shadow_horizontal_length_tablet=&#8221;0px&#8221; quote_text_shadow_vertical_length_tablet=&#8221;0px&#8221; quote_text_shadow_blur_strength_tablet=&#8221;1px&#8221; header_text_shadow_horizontal_length_tablet=&#8221;0px&#8221; header_text_shadow_vertical_length_tablet=&#8221;0px&#8221; header_text_shadow_blur_strength_tablet=&#8221;1px&#8221; header_2_text_shadow_horizontal_length_tablet=&#8221;0px&#8221; header_2_text_shadow_vertical_length_tablet=&#8221;0px&#8221; header_2_text_shadow_blur_strength_tablet=&#8221;1px&#8221; header_3_text_shadow_horizontal_length_tablet=&#8221;0px&#8221; header_3_text_shadow_vertical_length_tablet=&#8221;0px&#8221; header_3_text_shadow_blur_strength_tablet=&#8221;1px&#8221; header_4_text_shadow_horizontal_length_tablet=&#8221;0px&#8221; header_4_text_shadow_vertical_length_tablet=&#8221;0px&#8221; header_4_text_shadow_blur_strength_tablet=&#8221;1px&#8221; header_5_text_shadow_horizontal_length_tablet=&#8221;0px&#8221; header_5_text_shadow_vertical_length_tablet=&#8221;0px&#8221; header_5_text_shadow_blur_strength_tablet=&#8221;1px&#8221; header_6_text_shadow_horizontal_length_tablet=&#8221;0px&#8221; header_6_text_shadow_vertical_length_tablet=&#8221;0px&#8221; header_6_text_shadow_blur_strength_tablet=&#8221;1px&#8221; box_shadow_horizontal_tablet=&#8221;0px&#8221; box_shadow_vertical_tablet=&#8221;0px&#8221; box_shadow_blur_tablet=&#8221;40px&#8221; box_shadow_spread_tablet=&#8221;0px&#8221; global_colors_info=&#8221;{}&#8221;]<\/p>\n<h2>Oferta Formativa<\/h2>\n<p>&nbsp;<\/p>\n<p>[\/et_pb_text][\/et_pb_column][\/et_pb_row][et_pb_row _builder_version=&#8221;4.16&#8243; _module_preset=&#8221;default&#8221; global_colors_info=&#8221;{}&#8221;][et_pb_column type=&#8221;4_4&#8243; _builder_version=&#8221;4.16&#8243; _module_preset=&#8221;default&#8221; global_colors_info=&#8221;{}&#8221;][et_pb_toggle title=&#8221;Educaci\u00f3n Secundaria Obligatoria&#8221; _builder_version=&#8221;4.24.2&#8243; _module_preset=&#8221;default&#8221; global_colors_info=&#8221;{}&#8221;]<\/p>\n<p>Actualmente, el centro ofrece ense\u00f1anza de <strong>Educaci\u00f3n Secundaria Obligatoria<\/strong> biling\u00fce y no biling\u00fce.<\/p>\n<p>[\/et_pb_toggle][et_pb_toggle title=&#8221;Bachillerato &#8221; _builder_version=&#8221;4.24.2&#8243; _module_preset=&#8221;default&#8221; global_colors_info=&#8221;{}&#8221;]<\/p>\n<p>Actualmente, el centro ofrece <strong>Bachillerato<\/strong> en las siguientes modalidades:<\/p>\n<ul>\n<li><strong>Humanidades y Ciencias Sociales<\/strong><\/li>\n<li><strong>Ciencias<\/strong><\/li>\n<\/ul>\n<p>[\/et_pb_toggle][et_pb_toggle title=&#8221;FP Grado B\u00e1sico&#8221; _builder_version=&#8221;4.24.2&#8243; _module_preset=&#8221;default&#8221; global_colors_info=&#8221;{}&#8221;]<\/p>\n<p>Actualmente el centro ofrece el t\u00edtulo <strong>Profesional B\u00e1sico<\/strong> en<strong> Actividades de Panader\u00eda y Pasteler\u00eda<\/strong>.<\/p>\n<p>[\/et_pb_toggle][et_pb_toggle title=&#8221;FP Grado Medio&#8221; _builder_version=&#8221;4.24.2&#8243; _module_preset=&#8221;default&#8221; global_colors_info=&#8221;{}&#8221;]<\/p>\n<p>Actualmente, el centro ofrece el t\u00edtulo de:<\/p>\n<ul>\n<li><strong>T\u00e9cnico en Elaboraci\u00f3n de Productos Alimenticios<\/strong><\/li>\n<li><strong>T\u00e9cnico en Panader\u00eda, Reposter\u00eda y Confiter\u00eda.<\/strong><\/li>\n<li><strong>T\u00e9cnico en Atenci\u00f3n a personas en situaci\u00f3n de dependencia.<\/strong><\/li>\n<\/ul>\n<p>[\/et_pb_toggle][et_pb_toggle title=&#8221;FP Grado Superior&#8221; _builder_version=&#8221;4.24.2&#8243; _module_preset=&#8221;default&#8221; global_colors_info=&#8221;{}&#8221;]<\/p>\n<p>Actualmente, el centro ofrece el t\u00edtulo de:<\/p>\n<ul>\n<li><strong>T\u00e9cnico Superior en Animaci\u00f3n Sociocultural y Tur\u00edstica. <\/strong>Para obtener m\u00e1s informaci\u00f3n del ciclo, pulsa<a title=\"CALENDARIO DE EX\u00c1MENES Y PRUEBAS DE EVALUACI\u00d3N DEL DEP. IIAA. (JUNIO 24\/25)\" href=\"https:\/\/sites.google.com\/astaregiaonline.com\/cfgsanimacinsocioculturalyturs\/inicio\" target=\"_blank\" rel=\"noopener\"><strong> aqu\u00ed.&nbsp;<\/strong><\/a><\/li>\n<li><strong>T\u00e9cnico Superior en Educaci\u00f3n Infantil<\/strong><\/li>\n<\/ul>\n<p>[\/et_pb_toggle][\/et_pb_column][\/et_pb_row][\/et_pb_section]<\/p>\n","protected":false},"excerpt":{"rendered":"<p>Oferta Formativa &nbsp;Actualmente, el centro ofrece ense\u00f1anza de Educaci\u00f3n Secundaria Obligatoria biling\u00fce y no biling\u00fce.Actualmente, el centro ofrece Bachillerato en las siguientes modalidades: Humanidades y Ciencias Sociales Ciencias Actualmente el centro ofrece el t\u00edtulo Profesional B\u00e1sico en Actividades de Panader\u00eda y Pasteler\u00eda.Actualmente, el centro ofrece el t\u00edtulo de: T\u00e9cnico en Elaboraci\u00f3n de Productos Alimenticios T\u00e9cnico [&hellip;]<\/p>\n","protected":false},"author":19165,"featured_media":0,"parent":0,"menu_order":0,"comment_status":"closed","ping_status":"closed","template":"","meta":{"_et_pb_use_builder":"on","_et_pb_old_content":"","_et_gb_content_width":"","ngg_post_thumbnail":0,"footnotes":""},"aioseo_notices":[],"_links":{"self":[{"href":"https:\/\/blogsaverroes.juntadeandalucia.es\/iesastaregia\/wp-json\/wp\/v2\/pages\/616"}],"collection":[{"href":"https:\/\/blogsaverroes.juntadeandalucia.es\/iesastaregia\/wp-json\/wp\/v2\/pages"}],"about":[{"href":"https:\/\/blogsaverroes.juntadeandalucia.es\/iesastaregia\/wp-json\/wp\/v2\/types\/page"}],"author":[{"embeddable":true,"href":"https:\/\/blogsaverroes.juntadeandalucia.es\/iesastaregia\/wp-json\/wp\/v2\/users\/19165"}],"replies":[{"embeddable":true,"href":"https:\/\/blogsaverroes.juntadeandalucia.es\/iesastaregia\/wp-json\/wp\/v2\/comments?post=616"}],"version-history":[{"count":9,"href":"https:\/\/blogsaverroes.juntadeandalucia.es\/iesastaregia\/wp-json\/wp\/v2\/pages\/616\/revisions"}],"predecessor-version":[{"id":1931,"href":"https:\/\/blogsaverroes.juntadeandalucia.es\/iesastaregia\/wp-json\/wp\/v2\/pages\/616\/revisions\/1931"}],"wp:attachment":[{"href":"https:\/\/blogsaverroes.juntadeandalucia.es\/iesastaregia\/wp-json\/wp\/v2\/media?parent=616"}],"curies":[{"name":"wp","href":"https:\/\/api.w.org\/{rel}","templated":true}]}}

<p>[et_pb_section fb_built=&#8221;1&#8243; _builder_version=&#8221;4.16&#8243; global_colors_info=&#8221;{}&#8221;][et_pb_row _builder_version=&#8221;4.16&#8243; custom_margin=&#8221;-20px|auto|-60px|auto||&#8221; custom_padding=&#8221;||0px|||&#8221; z_index_tablet=&#8221;500&#8243; box_shadow_horizontal_tablet=&#8221;0px&#8221; box_shadow_vertical_tablet=&#8221;0px&#8221; box_shadow_blur_tablet=&#8221;40px&#8221; box_shadow_spread_tablet=&#8221;0px&#8221; global_colors_info=&#8221;{}&#8221;][et_pb_column type=&#8221;4_4&#8243; _builder_version=&#8221;4.16&#8243; custom_padding=&#8221;|||&#8221; global_colors_info=&#8221;{}&#8221; custom_padding__hover=&#8221;|||&#8221;][et_pb_text admin_label=&#8221;Texto descriptivo&#8221; _builder_version=&#8221;4.16&#8243; z_index_tablet=&#8221;500&#8243; text_text_shadow_horizontal_length_tablet=&#8221;0px&#8221; text_text_shadow_vertical_length_tablet=&#8221;0px&#8221; text_text_shadow_blur_strength_tablet=&#8221;1px&#8221; link_text_shadow_horizontal_length_tablet=&#8221;0px&#8221; link_text_shadow_vertical_length_tablet=&#8221;0px&#8221; link_text_shadow_blur_strength_tablet=&#8221;1px&#8221; ul_text_shadow_horizontal_length_tablet=&#8221;0px&#8221; ul_text_shadow_vertical_length_tablet=&#8221;0px&#8221; ul_text_shadow_blur_strength_tablet=&#8221;1px&#8221; ol_text_shadow_horizontal_length_tablet=&#8221;0px&#8221; ol_text_shadow_vertical_length_tablet=&#8221;0px&#8221; ol_text_shadow_blur_strength_tablet=&#8221;1px&#8221; quote_text_shadow_horizontal_length_tablet=&#8221;0px&#8221; quote_text_shadow_vertical_length_tablet=&#8221;0px&#8221; quote_text_shadow_blur_strength_tablet=&#8221;1px&#8221; header_text_shadow_horizontal_length_tablet=&#8221;0px&#8221; header_text_shadow_vertical_length_tablet=&#8221;0px&#8221; header_text_shadow_blur_strength_tablet=&#8221;1px&#8221; header_2_text_shadow_horizontal_length_tablet=&#8221;0px&#8221; header_2_text_shadow_vertical_length_tablet=&#8221;0px&#8221; header_2_text_shadow_blur_strength_tablet=&#8221;1px&#8221; header_3_text_shadow_horizontal_length_tablet=&#8221;0px&#8221; header_3_text_shadow_vertical_length_tablet=&#8221;0px&#8221; header_3_text_shadow_blur_strength_tablet=&#8221;1px&#8221; header_4_text_shadow_horizontal_length_tablet=&#8221;0px&#8221; header_4_text_shadow_vertical_length_tablet=&#8221;0px&#8221; header_4_text_shadow_blur_strength_tablet=&#8221;1px&#8221; header_5_text_shadow_horizontal_length_tablet=&#8221;0px&#8221; header_5_text_shadow_vertical_length_tablet=&#8221;0px&#8221; header_5_text_shadow_blur_strength_tablet=&#8221;1px&#8221; header_6_text_shadow_horizontal_length_tablet=&#8221;0px&#8221; header_6_text_shadow_vertical_length_tablet=&#8221;0px&#8221; header_6_text_shadow_blur_strength_tablet=&#8221;1px&#8221; box_shadow_horizontal_tablet=&#8221;0px&#8221; box_shadow_vertical_tablet=&#8221;0px&#8221; box_shadow_blur_tablet=&#8221;40px&#8221; box_shadow_spread_tablet=&#8221;0px&#8221; global_colors_info=&#8221;{}&#8221;]</p>
<h2>Oferta Formativa</h2>
<p>&nbsp;</p>
<p>[/et_pb_text][/et_pb_column][/et_pb_row][et_pb_row _builder_version=&#8221;4.16&#8243; _module_preset=&#8221;default&#8221; global_colors_info=&#8221;{}&#8221;][et_pb_column type=&#8221;4_4&#8243; _builder_version=&#8221;4.16&#8243; _module_preset=&#8221;default&#8221; global_colors_info=&#8221;{}&#8221;][et_pb_toggle title=&#8221;Educación Secundaria Obligatoria&#8221; _builder_version=&#8221;4.24.2&#8243; _module_preset=&#8221;default&#8221; global_colors_info=&#8221;{}&#8221;]</p>
<p>Actualmente, el centro ofrece enseñanza de <strong>Educación Secundaria Obligatoria</strong> bilingüe y no bilingüe.</p>
<p>[/et_pb_toggle][et_pb_toggle title=&#8221;Bachillerato &#8221; _builder_version=&#8221;4.24.2&#8243; _module_preset=&#8221;default&#8221; global_colors_info=&#8221;{}&#8221;]</p>
<p>Actualmente, el centro ofrece <strong>Bachillerato</strong> en las siguientes modalidades:</p>
<ul>
<li><strong>Humanidades y Ciencias Sociales</strong></li>
<li><strong>Ciencias</strong></li>
</ul>
<p>[/et_pb_toggle][et_pb_toggle title=&#8221;FP Grado Básico&#8221; _builder_version=&#8221;4.24.2&#8243; _module_preset=&#8221;default&#8221; global_colors_info=&#8221;{}&#8221;]</p>
<p>Actualmente el centro ofrece el título <strong>Profesional Básico</strong> en<strong> Actividades de Panadería y Pastelería</strong>.</p>
<p>[/et_pb_toggle][et_pb_toggle title=&#8221;FP Grado Medio&#8221; _builder_version=&#8221;4.24.2&#8243; _module_preset=&#8221;default&#8221; global_colors_info=&#8221;{}&#8221;]</p>
<p>Actualmente, el centro ofrece el título de:</p>
<ul>
<li><strong>Técnico en Elaboración de Productos Alimenticios</strong></li>
<li><strong>Técnico en Panadería, Repostería y Confitería.</strong></li>
<li><strong>Técnico en Atención a personas en situación de dependencia.</strong></li>
</ul>
<p>[/et_pb_toggle][et_pb_toggle title=&#8221;FP Grado Superior&#8221; _builder_version=&#8221;4.24.2&#8243; _module_preset=&#8221;default&#8221; global_colors_info=&#8221;{}&#8221;]</p>
<p>Actualmente, el centro ofrece el título de:</p>
<ul>
<li><strong>Técnico Superior en Animación Sociocultural y Turística. </strong>Para obtener más información del ciclo, pulsa<a title="CALENDARIO DE EXÁMENES Y PRUEBAS DE EVALUACIÓN DEL DEP. IIAA. (JUNIO 24/25)" href="https://sites.google.com/astaregiaonline.com/cfgsanimacinsocioculturalyturs/inicio" target="_blank" rel="noopener"><strong> aquí.&nbsp;</strong></a></li>
<li><strong>Técnico Superior en Educación Infantil</strong></li>
</ul>
<p>[/et_pb_toggle][/et_pb_column][/et_pb_row][/et_pb_section]</p>

<p>Oferta Formativa &nbsp;Actualmente, el centro ofrece enseñanza de Educación Secundaria Obligatoria bilingüe y no bilingüe.Actualmente, el centro ofrece Bachillerato en las siguientes modalidades: Humanidades y Ciencias Sociales Ciencias Actualmente el centro ofrece el título Profesional Básico en Actividades de Panadería y Pastelería.Actualmente, el centro ofrece el título de: Técnico en Elaboración de Productos Alimenticios Técnico [&hellip;]</p>
