{"id":848,"date":"2024-03-10T12:23:31","date_gmt":"2024-03-10T11:23:31","guid":{"rendered":"https:\/\/blogsaverroes.juntadeandalucia.es\/iesastaregia\/?page_id=848"},"modified":"2026-03-04T13:23:42","modified_gmt":"2026-03-04T12:23:42","slug":"secretaria","status":"publish","type":"page","link":"https:\/\/blogsaverroes.juntadeandalucia.es\/iesastaregia\/secretaria\/","title":{"rendered":"Secretar\u00eda"},"content":{"rendered":"<p>[et_pb_section fb_built=&#8221;1&#8243; _builder_version=&#8221;4.24.2&#8243; global_colors_info=&#8221;{}&#8221;][et_pb_row _builder_version=&#8221;4.24.2&#8243; custom_margin=&#8221;-20px|141px|-108px|auto||&#8221; z_index_tablet=&#8221;500&#8243; box_shadow_horizontal_tablet=&#8221;0px&#8221; box_shadow_vertical_tablet=&#8221;0px&#8221; box_shadow_blur_tablet=&#8221;40px&#8221; box_shadow_spread_tablet=&#8221;0px&#8221; global_colors_info=&#8221;{}&#8221;][et_pb_column type=&#8221;4_4&#8243; _builder_version=&#8221;4.16&#8243; custom_padding=&#8221;|||&#8221; global_colors_info=&#8221;{}&#8221; custom_padding__hover=&#8221;|||&#8221;][et_pb_text _builder_version=&#8221;4.24.2&#8243; _module_preset=&#8221;default&#8221; global_colors_info=&#8221;{}&#8221;]<\/p>\n<h2>Secretar\u00eda<\/h2>\n<p>[\/et_pb_text][et_pb_text admin_label=&#8221;Texto&#8221; _builder_version=&#8221;4.24.2&#8243; _module_preset=&#8221;default&#8221; hover_enabled=&#8221;0&#8243; global_colors_info=&#8221;{}&#8221; sticky_enabled=&#8221;0&#8243;]<\/p>\n<p>Debido a la falta de personal administrativo, para cuestiones generales de secretar\u00eda, t\u00edtulos y otras gestiones, SOLO se atiende mediante <strong>cita previa (mediante correo electr\u00f3nico)<\/strong>.<\/p>\n<p><strong>HORARIO VENTANILLA MARZO 2026 <span style=\"text-decoration: underline\">EXCLUSIVO PARA ESCOLARIZACI\u00d3N<\/span>&nbsp; (ESO-BACHILLERATO CURSO 26-27)<\/strong><\/p>\n<ul>\n<li><span data-removefontsize=\"true\" data-originalcomputedfontsize=\"16\">LUNES de 17 a 18 h.<\/span><\/li>\n<li><span data-removefontsize=\"true\" data-originalcomputedfontsize=\"16\">MI\u00c9RCOLES de 12 a 13 h.<\/span><\/li>\n<li><span data-removefontsize=\"true\" data-originalcomputedfontsize=\"16\">VIERNES de 12 a 13 h.<\/span><\/li>\n<\/ul>\n<p><span data-removefontsize=\"true\" data-originalcomputedfontsize=\"16\">.<\/span><strong>Para contactar con Secretar\u00eda v\u00eda correo electr\u00f3nico, podr\u00e1 utilizar los siguientes correos:<\/strong><\/p>\n<ul>\n<li><a href=\"mailto:11007387.secretaria@g.educaand.es\" target=\"_blank\" rel=\"noopener\" data-removefontsize=\"true\" data-originalcomputedfontsize=\"16\">11007387.secretaria@g.educaand.es<\/a><\/li>\n<li><span data-removefontsize=\"true\" data-originalcomputedfontsize=\"16\"><a href=\"mailto:11007387.titulos@g.educaand.es\" target=\"_blank\" rel=\"noopener\" data-removefontsize=\"true\" data-originalcomputedfontsize=\"16\">11007387.titulos@g.educaand.es<\/a> (solo para gesti\u00f3n de t\u00edtulos)<\/span><\/li>\n<\/ul>\n<p>[\/et_pb_text][et_pb_divider _builder_version=&#8221;4.16&#8243; _module_preset=&#8221;default&#8221; global_colors_info=&#8221;{}&#8221;][\/et_pb_divider][et_pb_blog fullwidth=&#8221;off&#8221; include_categories=&#8221;13&#8243; excerpt_length=&#8221;100&#8243; show_more=&#8221;on&#8221; show_author=&#8221;off&#8221; _builder_version=&#8221;4.24.2&#8243; _module_preset=&#8221;default&#8221; global_colors_info=&#8221;{}&#8221;][\/et_pb_blog][\/et_pb_column][\/et_pb_row][\/et_pb_section]<\/p>\n","protected":false},"excerpt":{"rendered":"<p>Secretar\u00edaDebido a la falta de personal administrativo, para cuestiones generales de secretar\u00eda, t\u00edtulos y otras gestiones, SOLO se atiende mediante cita previa (mediante correo electr\u00f3nico). HORARIO VENTANILLA MARZO 2026 EXCLUSIVO PARA ESCOLARIZACI\u00d3N&nbsp; (ESO-BACHILLERATO CURSO 26-27) LUNES de 17 a 18 h. MI\u00c9RCOLES de 12 a 13 h. VIERNES de 12 a 13 h. .Para contactar [&hellip;]<\/p>\n","protected":false},"author":19165,"featured_media":0,"parent":0,"menu_order":0,"comment_status":"closed","ping_status":"closed","template":"","meta":{"_et_pb_use_builder":"on","_et_pb_old_content":"","_et_gb_content_width":"","ngg_post_thumbnail":0,"footnotes":""},"aioseo_notices":[],"_links":{"self":[{"href":"https:\/\/blogsaverroes.juntadeandalucia.es\/iesastaregia\/wp-json\/wp\/v2\/pages\/848"}],"collection":[{"href":"https:\/\/blogsaverroes.juntadeandalucia.es\/iesastaregia\/wp-json\/wp\/v2\/pages"}],"about":[{"href":"https:\/\/blogsaverroes.juntadeandalucia.es\/iesastaregia\/wp-json\/wp\/v2\/types\/page"}],"author":[{"embeddable":true,"href":"https:\/\/blogsaverroes.juntadeandalucia.es\/iesastaregia\/wp-json\/wp\/v2\/users\/19165"}],"replies":[{"embeddable":true,"href":"https:\/\/blogsaverroes.juntadeandalucia.es\/iesastaregia\/wp-json\/wp\/v2\/comments?post=848"}],"version-history":[{"count":34,"href":"https:\/\/blogsaverroes.juntadeandalucia.es\/iesastaregia\/wp-json\/wp\/v2\/pages\/848\/revisions"}],"predecessor-version":[{"id":2127,"href":"https:\/\/blogsaverroes.juntadeandalucia.es\/iesastaregia\/wp-json\/wp\/v2\/pages\/848\/revisions\/2127"}],"wp:attachment":[{"href":"https:\/\/blogsaverroes.juntadeandalucia.es\/iesastaregia\/wp-json\/wp\/v2\/media?parent=848"}],"curies":[{"name":"wp","href":"https:\/\/api.w.org\/{rel}","templated":true}]}}

Secretaría

<p>[et_pb_section fb_built=&#8221;1&#8243; _builder_version=&#8221;4.24.2&#8243; global_colors_info=&#8221;{}&#8221;][et_pb_row _builder_version=&#8221;4.24.2&#8243; custom_margin=&#8221;-20px|141px|-108px|auto||&#8221; z_index_tablet=&#8221;500&#8243; box_shadow_horizontal_tablet=&#8221;0px&#8221; box_shadow_vertical_tablet=&#8221;0px&#8221; box_shadow_blur_tablet=&#8221;40px&#8221; box_shadow_spread_tablet=&#8221;0px&#8221; global_colors_info=&#8221;{}&#8221;][et_pb_column type=&#8221;4_4&#8243; _builder_version=&#8221;4.16&#8243; custom_padding=&#8221;|||&#8221; global_colors_info=&#8221;{}&#8221; custom_padding__hover=&#8221;|||&#8221;][et_pb_text _builder_version=&#8221;4.24.2&#8243; _module_preset=&#8221;default&#8221; global_colors_info=&#8221;{}&#8221;]</p>
<h2>Secretaría</h2>
<p>[/et_pb_text][et_pb_text admin_label=&#8221;Texto&#8221; _builder_version=&#8221;4.24.2&#8243; _module_preset=&#8221;default&#8221; hover_enabled=&#8221;0&#8243; global_colors_info=&#8221;{}&#8221; sticky_enabled=&#8221;0&#8243;]</p>
<p>Debido a la falta de personal administrativo, para cuestiones generales de secretaría, títulos y otras gestiones, SOLO se atiende mediante <strong>cita previa (mediante correo electrónico)</strong>.</p>
<p><strong>HORARIO VENTANILLA MARZO 2026 <span style="text-decoration: underline">EXCLUSIVO PARA ESCOLARIZACIÓN</span>&nbsp; (ESO-BACHILLERATO CURSO 26-27)</strong></p>
<ul>
<li><span data-removefontsize="true" data-originalcomputedfontsize="16">LUNES de 17 a 18 h.</span></li>
<li><span data-removefontsize="true" data-originalcomputedfontsize="16">MIÉRCOLES de 12 a 13 h.</span></li>
<li><span data-removefontsize="true" data-originalcomputedfontsize="16">VIERNES de 12 a 13 h.</span></li>
</ul>
<p><span data-removefontsize="true" data-originalcomputedfontsize="16">.</span><strong>Para contactar con Secretaría vía correo electrónico, podrá utilizar los siguientes correos:</strong></p>
<ul>
<li><a href="mailto:11007387.secretaria@g.educaand.es" target="_blank" rel="noopener" data-removefontsize="true" data-originalcomputedfontsize="16">11007387.secretaria@g.educaand.es</a></li>
<li><span data-removefontsize="true" data-originalcomputedfontsize="16"><a href="mailto:11007387.titulos@g.educaand.es" target="_blank" rel="noopener" data-removefontsize="true" data-originalcomputedfontsize="16">11007387.titulos@g.educaand.es</a> (solo para gestión de títulos)</span></li>
</ul>
<p>[/et_pb_text][et_pb_divider _builder_version=&#8221;4.16&#8243; _module_preset=&#8221;default&#8221; global_colors_info=&#8221;{}&#8221;][/et_pb_divider][et_pb_blog fullwidth=&#8221;off&#8221; include_categories=&#8221;13&#8243; excerpt_length=&#8221;100&#8243; show_more=&#8221;on&#8221; show_author=&#8221;off&#8221; _builder_version=&#8221;4.24.2&#8243; _module_preset=&#8221;default&#8221; global_colors_info=&#8221;{}&#8221;][/et_pb_blog][/et_pb_column][/et_pb_row][/et_pb_section]</p>

<p>SecretaríaDebido a la falta de personal administrativo, para cuestiones generales de secretaría, títulos y otras gestiones, SOLO se atiende mediante cita previa (mediante correo electrónico). HORARIO VENTANILLA MARZO 2026 EXCLUSIVO PARA ESCOLARIZACIÓN&nbsp; (ESO-BACHILLERATO CURSO 26-27) LUNES de 17 a 18 h. MIÉRCOLES de 12 a 13 h. VIERNES de 12 a 13 h. .Para contactar [&hellip;]</p>
