{"id":6339,"date":"2021-12-17T10:50:33","date_gmt":"2021-12-17T10:50:33","guid":{"rendered":"https:\/\/blogsaverroes.juntadeandalucia.es\/iesateguacastrodelrio\/?page_id=6339"},"modified":"2023-05-10T09:07:27","modified_gmt":"2023-05-10T07:07:27","slug":"oferta-educativa","status":"publish","type":"page","link":"https:\/\/blogsaverroes.juntadeandalucia.es\/iesategua\/oferta-educativa\/","title":{"rendered":"Oferta Educativa"},"content":{"rendered":"\t\t<div data-elementor-type=\"wp-page\" data-elementor-id=\"6339\" class=\"elementor elementor-6339\">\n\t\t\t\t\t\t<section class=\"elementor-section elementor-top-section elementor-element elementor-element-41a22334 elementor-section-full_width elementor-section-stretched elementor-section-height-default elementor-section-height-default\" data-id=\"41a22334\" data-element_type=\"section\" data-settings=\"{&quot;background_background&quot;:&quot;classic&quot;,&quot;stretch_section&quot;:&quot;section-stretched&quot;}\">\n\t\t\t\t\t\t<div class=\"elementor-container elementor-column-gap-default\">\n\t\t\t\t\t<div class=\"elementor-column elementor-col-100 elementor-top-column elementor-element elementor-element-667ee5bd\" data-id=\"667ee5bd\" data-element_type=\"column\">\n\t\t\t<div class=\"elementor-widget-wrap\">\n\t\t\t\t\t\t\t<\/div>\n\t\t<\/div>\n\t\t\t\t\t<\/div>\n\t\t<\/section>\n\t\t\t\t<section class=\"elementor-section elementor-top-section elementor-element elementor-element-3715d745 elementor-section-boxed elementor-section-height-default elementor-section-height-default\" data-id=\"3715d745\" data-element_type=\"section\">\n\t\t\t\t\t\t<div class=\"elementor-container elementor-column-gap-default\">\n\t\t\t\t\t<div class=\"elementor-column elementor-col-100 elementor-top-column elementor-element elementor-element-146bb87f\" data-id=\"146bb87f\" data-element_type=\"column\">\n\t\t\t<div class=\"elementor-widget-wrap elementor-element-populated\">\n\t\t\t\t\t\t<div class=\"elementor-element elementor-element-ebb8a17 elementor-widget elementor-widget-text-editor\" data-id=\"ebb8a17\" data-element_type=\"widget\" data-widget_type=\"text-editor.default\">\n\t\t\t\t<div class=\"elementor-widget-container\">\n\t\t\t\t\t\t\t\t\t<h3 style=\"text-align: center\">OFERTA EDUCATIVA DEL I.E.S. ATEGUA<br><\/h3>\n<h2 style=\"text-align: center\"><\/h2>\n<div>&nbsp;<\/div>\n<h3 style=\"text-align: center\">EDUCACI\u00d3N SECUNDAR\u00cdA OBLIGATORIA (ESO) Biling\u00fce Ingl\u00e9s.<\/h3>\n<p>1\u00ba E.S.O.<br>2\u00ba E.S.O.<br>3\u00ba E.S.O. y (3\u00ba Diversificaci\u00f3n)<\/p>\n<p>4\u00ba ESO y (4\u00ba Diversificaci\u00f3n)<\/p>\n<p>4\u00ba E.S.O. (Ense\u00f1anzas Acad\u00e9micas para Bachillerato)<br>4\u00ba E.S.O. (Ense\u00f1anzas Aplicadas para Ciclos Formativos)<\/p>\n<p><br><\/p>\n<p style=\"text-align: center\"><b>Evaluaci\u00f3n Ordinaria y Extraordinaria en Junio.<\/b> <br><\/p>\n<p style=\"text-align: center\"><b>SUPERANDO TODAS LAS MATERIAS SE OBTIENE EL GRADUADO EN E.S.O<\/b>.<\/p>\n<h3 style=\"text-align: center\">FORMACI\u00d3N PROFESIONAL B\u00c1SICA (Auxiliar de Oficina)<br>Familia de Administraci\u00f3n y Gesti\u00f3n.<\/h3>\n<p>1\u00ba Ciclo Formativo B\u00e1sico<br>2\u00ba Ciclo Formativo B\u00e1sico &#8211; Superados todos los m\u00f3dulos en el tercer trimestre cursar\u00e1n F.C.T.<\/p>\n<p style=\"text-align: center\"><b>Evaluaci\u00f3n ordinaria finales de mayo. Evaluaci\u00f3n extraordinaria finales de junio.<\/b><\/p>\n<p style=\"text-align: center\">SUPERANDO TODOS LOS M\u00d3DULOS SE OBTIENE T\u00cdTULO DE C.F.B. QUE PERMITE ACCEDER A CICLOS FORMATIVOS, Y A CRITERIO DEL EQUIPO EDUCATIVO <b>PUEDE OBTENERSE TAMBI\u00c9N EL GRADUADO EN E.S.O.<\/b><\/p>\n<h3 style=\"text-align: center\">EDUCACI\u00d3N PARA ADULTOS (NOCTURNO)<\/h3>\n<p>Nivel II de Educaci\u00f3n Secundaria Para Adultos SEMIPRESENCIAL. (Martes-Jueves)<br>Requisito de acceso: 18 A\u00d1OS, o 16 a\u00f1os y contrato laboral.<\/p>\n<p style=\"text-align: center\"><b>SUPERANDO LOS TRES \u00c1MBITOS SE OBTIENE T\u00cdTULO GRADUADO EN E.S.O.<\/b><\/p>\n<h3 style=\"text-align: center\">CICLO FORMATIVO GRADO MEDIO (Gesti\u00f3n Administrativa)<br>Familia de Administraci\u00f3n y Gesti\u00f3n.<\/h3>\n<p>1\u00ba C.F.G.M<br>2\u00ba C.F.G.M Superados todos los m\u00f3dulos en el tercer trimestre cursar\u00e1n F.C.T (pr\u00e1cticas)<\/p>\n<p style=\"text-align: center\"><b>SUPERANDO TODOS LOS M\u00d3DULOS SE OBTIENE T\u00cdTULO DE T\u00c9CNICO.<\/b><\/p>\n<h3 style=\"text-align: center\">BACHILLERATO<\/h3>\n<p>1\u00ba y 2\u00ba Bachillerato de Ciencias y Tecnolog\u00eda<br>1\u00ba y 2\u00ba Bachillerato de Humanidades y Ciencias Sociales<\/p>\n<p style=\"text-align: center\"><span>Una l\u00ednea es Biling\u00fce en ingl\u00e9s.<\/span><\/p>\n<p style=\"text-align: center\"><b>SUPERANDO TODAS LAS MATERIAS SE OBTIENE T\u00cdTULO DE BACHILLERATO.<\/b><\/p>\n<h3 style=\"text-align: center\">AULA DE EDUCACI\u00d3N ESPECIAL<br>F.B.O. (Formaci\u00f3n B\u00e1sica Obligatoria)<\/h3>\n<p style=\"text-align: left\">Para alumnado modalidad C con Necesidades Educativas Especiales.<\/p>\t\t\t\t\t\t\t\t<\/div>\n\t\t\t\t<\/div>\n\t\t\t\t\t<\/div>\n\t\t<\/div>\n\t\t\t\t\t<\/div>\n\t\t<\/section>\n\t\t\t\t<\/div>\n\t\t","protected":false},"excerpt":{"rendered":"<p>OFERTA EDUCATIVA DEL I.E.S. ATEGUA &nbsp; EDUCACI\u00d3N SECUNDAR\u00cdA OBLIGATORIA (ESO) Biling\u00fce Ingl\u00e9s. 1\u00ba E.S.O.2\u00ba E.S.O.3\u00ba E.S.O. y (3\u00ba Diversificaci\u00f3n) 4\u00ba ESO y (4\u00ba Diversificaci\u00f3n) 4\u00ba&hellip;<\/p>\n","protected":false},"author":1805,"featured_media":0,"parent":0,"menu_order":0,"comment_status":"closed","ping_status":"closed","template":"","meta":{"ngg_post_thumbnail":0,"footnotes":""},"aioseo_notices":[],"_links":{"self":[{"href":"https:\/\/blogsaverroes.juntadeandalucia.es\/iesategua\/wp-json\/wp\/v2\/pages\/6339"}],"collection":[{"href":"https:\/\/blogsaverroes.juntadeandalucia.es\/iesategua\/wp-json\/wp\/v2\/pages"}],"about":[{"href":"https:\/\/blogsaverroes.juntadeandalucia.es\/iesategua\/wp-json\/wp\/v2\/types\/page"}],"author":[{"embeddable":true,"href":"https:\/\/blogsaverroes.juntadeandalucia.es\/iesategua\/wp-json\/wp\/v2\/users\/1805"}],"replies":[{"embeddable":true,"href":"https:\/\/blogsaverroes.juntadeandalucia.es\/iesategua\/wp-json\/wp\/v2\/comments?post=6339"}],"version-history":[{"count":9,"href":"https:\/\/blogsaverroes.juntadeandalucia.es\/iesategua\/wp-json\/wp\/v2\/pages\/6339\/revisions"}],"predecessor-version":[{"id":8188,"href":"https:\/\/blogsaverroes.juntadeandalucia.es\/iesategua\/wp-json\/wp\/v2\/pages\/6339\/revisions\/8188"}],"wp:attachment":[{"href":"https:\/\/blogsaverroes.juntadeandalucia.es\/iesategua\/wp-json\/wp\/v2\/media?parent=6339"}],"curies":[{"name":"wp","href":"https:\/\/api.w.org\/{rel}","templated":true}]}}