{"id":6356,"date":"2021-12-17T12:10:26","date_gmt":"2021-12-17T12:10:26","guid":{"rendered":"https:\/\/blogsaverroes.juntadeandalucia.es\/iesateguacastrodelrio\/?page_id=6356"},"modified":"2025-12-04T10:18:36","modified_gmt":"2025-12-04T09:18:36","slug":"departamentos","status":"publish","type":"page","link":"https:\/\/blogsaverroes.juntadeandalucia.es\/iesategua\/departamentos\/","title":{"rendered":"Departamentos"},"content":{"rendered":"\t\t<div data-elementor-type=\"wp-page\" data-elementor-id=\"6356\" class=\"elementor elementor-6356\">\n\t\t\t\t\t\t<section class=\"elementor-section elementor-top-section elementor-element elementor-element-5a721535 elementor-section-full_width elementor-section-stretched elementor-section-height-default elementor-section-height-default\" data-id=\"5a721535\" data-element_type=\"section\" data-settings=\"{&quot;background_background&quot;:&quot;classic&quot;,&quot;stretch_section&quot;:&quot;section-stretched&quot;}\">\n\t\t\t\t\t\t<div class=\"elementor-container elementor-column-gap-default\">\n\t\t\t\t\t<div class=\"elementor-column elementor-col-100 elementor-top-column elementor-element elementor-element-24c4b161\" data-id=\"24c4b161\" data-element_type=\"column\">\n\t\t\t<div class=\"elementor-widget-wrap\">\n\t\t\t\t\t\t\t<\/div>\n\t\t<\/div>\n\t\t\t\t\t<\/div>\n\t\t<\/section>\n\t\t\t\t<section class=\"elementor-section elementor-top-section elementor-element elementor-element-642afcdf elementor-section-boxed elementor-section-height-default elementor-section-height-default\" data-id=\"642afcdf\" data-element_type=\"section\">\n\t\t\t\t\t\t<div class=\"elementor-container elementor-column-gap-default\">\n\t\t\t\t\t<div class=\"elementor-column elementor-col-100 elementor-top-column elementor-element elementor-element-16a09f5f\" data-id=\"16a09f5f\" data-element_type=\"column\">\n\t\t\t<div class=\"elementor-widget-wrap elementor-element-populated\">\n\t\t\t\t\t\t<div class=\"elementor-element elementor-element-9e0c164 elementor-widget elementor-widget-image\" data-id=\"9e0c164\" data-element_type=\"widget\" data-widget_type=\"image.default\">\n\t\t\t\t<div class=\"elementor-widget-container\">\n\t\t\t\t\t\t\t\t\t\t\t\t\t\t\t<img fetchpriority=\"high\" decoding=\"async\" width=\"728\" height=\"90\" src=\"https:\/\/blogsaverroes.juntadeandalucia.es\/iesategua\/files\/2024\/05\/DEPARTAMENTOS_PROGRAMCIONES.jpg\" class=\"attachment-slider-1920-400 size-slider-1920-400 wp-image-9257\" alt=\"\" srcset=\"https:\/\/blogsaverroes.juntadeandalucia.es\/iesategua\/files\/2024\/05\/DEPARTAMENTOS_PROGRAMCIONES.jpg 728w, https:\/\/blogsaverroes.juntadeandalucia.es\/iesategua\/files\/2024\/05\/DEPARTAMENTOS_PROGRAMCIONES-300x37.jpg 300w\" sizes=\"(max-width: 728px) 100vw, 728px\" \/>\t\t\t\t\t\t\t\t\t\t\t\t\t\t\t<\/div>\n\t\t\t\t<\/div>\n\t\t\t\t\t<\/div>\n\t\t<\/div>\n\t\t\t\t\t<\/div>\n\t\t<\/section>\n\t\t\t\t<section class=\"elementor-section elementor-top-section elementor-element elementor-element-31d2ee0 elementor-section-boxed elementor-section-height-default elementor-section-height-default\" data-id=\"31d2ee0\" data-element_type=\"section\">\n\t\t\t\t\t\t<div class=\"elementor-container elementor-column-gap-default\">\n\t\t\t\t\t<div class=\"elementor-column elementor-col-33 elementor-top-column elementor-element elementor-element-0b84258\" data-id=\"0b84258\" data-element_type=\"column\">\n\t\t\t<div class=\"elementor-widget-wrap elementor-element-populated\">\n\t\t\t\t\t\t<div class=\"elementor-element elementor-element-65529ab elementor-widget elementor-widget-text-editor\" data-id=\"65529ab\" data-element_type=\"widget\" data-widget_type=\"text-editor.default\">\n\t\t\t\t<div class=\"elementor-widget-container\">\n\t\t\t\t\t\t\t\t\t<p><a href=\"https:\/\/drive.google.com\/drive\/folders\/13Pb67WzjJv407frRA5H_50AwVSxNnWv4?usp=drive_link\" target=\"_blank\" rel=\"noopener\">Dpto. Administrativo<\/a> <i class=\"fa fa-external-link\">\u00a0\u00a0<\/i><\/p><p><a href=\"https:\/\/drive.google.com\/drive\/folders\/1IGIHDhwrRGQUVorxVjLEX1Imllnhm9vx?usp=drive_link\" target=\"_blank\" rel=\"noopener\">Dpto. Biolog\u00eda y Geolog\u00eda<\/a><\/p><p><a href=\"https:\/\/drive.google.com\/drive\/folders\/1rpBk3cLe0dWDekgrH9nFhEMiyW8fcgmJ?usp=drive_link\" target=\"_blank\" rel=\"noopener\">Dpto. Lenguas Cl\u00e1sicas <i class=\"fa fa-external-link\">\u00a0\u00a0<\/i><\/a><\/p><p><a href=\"https:\/\/drive.google.com\/drive\/folders\/18O2M0IgTplgIbU6S15sYlPra-0lyCgqh?usp=drive_link\" target=\"_blank\" rel=\"noopener\">Dpto. Dependencia<\/a> <i class=\"fa fa-external-link\">\u00a0\u00a0<\/i><\/p><p><a href=\"https:\/\/drive.google.com\/drive\/folders\/1RFaGlY7gw76hr8-Gl3PJg7xEJAIC0Nsw?usp=drive_link\" target=\"_blank\" rel=\"noopener\">Dpto. Econom\u00eda<\/a> <i class=\"fa fa-external-link\"> <\/i><\/p><p><a href=\"https:\/\/drive.google.com\/drive\/folders\/1k1xY8FtngzUIFj2QPrcBfgl3G4JjUgMJ?usp=drive_link\" target=\"_blank\" rel=\"noopener\">Dpto. Educaci\u00f3n F\u00edsica<\/a> <i class=\"fa fa-external-link\"> <\/i><\/p><p>Dpto. Educaci\u00f3n Pl\u00e1stica y Visual <i class=\"fa fa-external-link\"> <\/i><\/p>\t\t\t\t\t\t\t\t<\/div>\n\t\t\t\t<\/div>\n\t\t\t\t\t<\/div>\n\t\t<\/div>\n\t\t\t\t<div class=\"elementor-column elementor-col-33 elementor-top-column elementor-element elementor-element-c6a3e35\" data-id=\"c6a3e35\" data-element_type=\"column\">\n\t\t\t<div class=\"elementor-widget-wrap elementor-element-populated\">\n\t\t\t\t\t\t<div class=\"elementor-element elementor-element-e2f37db elementor-widget elementor-widget-text-editor\" data-id=\"e2f37db\" data-element_type=\"widget\" data-widget_type=\"text-editor.default\">\n\t\t\t\t<div class=\"elementor-widget-container\">\n\t\t\t\t\t\t\t\t\t<p><a href=\"https:\/\/drive.google.com\/file\/d\/1iWsD28xV0NybSthOG_fFbUuSya1qWEZ8\/view?usp=drive_link\" target=\"_blank\" rel=\"noopener\">Dpto. Actividades Extraescolares<\/a><\/p><p>Dpto. Filosof\u00eda <i class=\"fa fa-external-link\">\u00a0\u00a0<\/i><\/p><p><a href=\"https:\/\/drive.google.com\/drive\/folders\/1DHqxV6HnrSymRqL-vcvnXiQFHnQ_xBPH?usp=drive_link\" target=\"_blank\" rel=\"noopener\">Dpto. F\u00edsica y Qu\u00edmica<\/a> <i class=\"fa fa-external-link\"> <\/i><\/p><p><a href=\"https:\/\/drive.google.com\/drive\/folders\/1TpdclK8cQ41wuIaTM2K4ddygcm3Tr7Qe?usp=drive_link\" target=\"_blank\" rel=\"noopener\">Dpto. Franc\u00e9s<\/a> <i class=\"fa fa-external-link\"> <\/i><\/p><p><a href=\"https:\/\/drive.google.com\/drive\/folders\/1Oh7GJvjpgX7C0n1I365JL-9bxw9DVh_A?usp=drive_link\" target=\"_blank\" rel=\"noopener\">Dpto. Geograf\u00eda e Historia<\/a> <i class=\"fa fa-external-link\">\u00a0\u00a0<\/i><\/p><p><a href=\"https:\/\/drive.google.com\/drive\/folders\/1rzJ26BKOpLY4Q7Q-n2i4O01cG9oVVIM6?usp=drive_link\" target=\"_blank\" rel=\"noopener\">Dpto. Ingl\u00e9s<\/a> <i class=\"fa fa-external-link\"> <\/i><\/p>\t\t\t\t\t\t\t\t<\/div>\n\t\t\t\t<\/div>\n\t\t\t\t\t<\/div>\n\t\t<\/div>\n\t\t\t\t<div class=\"elementor-column elementor-col-33 elementor-top-column elementor-element elementor-element-fd3c3ab\" data-id=\"fd3c3ab\" data-element_type=\"column\">\n\t\t\t<div class=\"elementor-widget-wrap elementor-element-populated\">\n\t\t\t\t\t\t<div class=\"elementor-element elementor-element-c4db463 elementor-widget elementor-widget-text-editor\" data-id=\"c4db463\" data-element_type=\"widget\" data-widget_type=\"text-editor.default\">\n\t\t\t\t<div class=\"elementor-widget-container\">\n\t\t\t\t\t\t\t\t\t<p><a href=\"https:\/\/drive.google.com\/drive\/folders\/1UA3wvPrORgc0P1-VTmrVO3TDG6VCf5rL?usp=drive_link\" target=\"_blank\" rel=\"noopener\">Dpto. Lengua y Literatura<\/a> <i class=\"fa fa-external-link\"><\/i><\/p><p><a href=\"https:\/\/drive.google.com\/drive\/folders\/1De-gQFPTHtIDm7LNzFmO7O_R0c7OLwZZ?usp=drive_link\" target=\"_blank\" rel=\"noopener\">Dpto. Matem\u00e1ticas<\/a> <i class=\"fa fa-external-link\"><\/i><\/p><p><a href=\"https:\/\/drive.google.com\/drive\/folders\/1PcGUp378eX0zGopVuk-AoCQmA7brqTxl?usp=drive_link\" target=\"_blank\" rel=\"noopener\">Dpto. M\u00fasica<\/a> <i class=\"fa fa-external-link\"><\/i><\/p><p><a href=\"https:\/\/drive.google.com\/file\/d\/14US4bNBYZZaomZlWv_K-wAjjzwnL0j_i\/view?usp=drive_link\" target=\"_blank\" rel=\"noopener\">Dpto. Orientaci\u00f3n<\/a><\/p><p><a href=\"https:\/\/drive.google.com\/drive\/folders\/1UxEdYAbAE26ikhO1Fy-Xq2apTQOsPSIR?usp=drive_link\" target=\"_blank\" rel=\"noopener\">Religi\u00f3n<\/a><\/p><p><a href=\"https:\/\/drive.google.com\/drive\/folders\/1eopvUeIZWeyOAahDINuxWZfpXB8jExv4?usp=drive_link\" target=\"_blank\" rel=\"noopener\">Dpto. Tecnolog\u00eda e Inform\u00e1tica <\/a><i class=\"fa fa-external-link\"><\/i><\/p><p>\u00a0<\/p>\t\t\t\t\t\t\t\t<\/div>\n\t\t\t\t<\/div>\n\t\t\t\t\t<\/div>\n\t\t<\/div>\n\t\t\t\t\t<\/div>\n\t\t<\/section>\n\t\t\t\t<\/div>\n\t\t","protected":false},"excerpt":{"rendered":"<p>Dpto. Administrativo \u00a0\u00a0 Dpto. Biolog\u00eda y Geolog\u00eda Dpto. Lenguas Cl\u00e1sicas \u00a0\u00a0 Dpto. Dependencia \u00a0\u00a0 Dpto. Econom\u00eda Dpto. Educaci\u00f3n F\u00edsica Dpto. Educaci\u00f3n Pl\u00e1stica y Visual Dpto.&hellip;<\/p>\n","protected":false},"author":1805,"featured_media":0,"parent":0,"menu_order":0,"comment_status":"closed","ping_status":"closed","template":"","meta":{"ngg_post_thumbnail":0,"footnotes":""},"aioseo_notices":[],"_links":{"self":[{"href":"https:\/\/blogsaverroes.juntadeandalucia.es\/iesategua\/wp-json\/wp\/v2\/pages\/6356"}],"collection":[{"href":"https:\/\/blogsaverroes.juntadeandalucia.es\/iesategua\/wp-json\/wp\/v2\/pages"}],"about":[{"href":"https:\/\/blogsaverroes.juntadeandalucia.es\/iesategua\/wp-json\/wp\/v2\/types\/page"}],"author":[{"embeddable":true,"href":"https:\/\/blogsaverroes.juntadeandalucia.es\/iesategua\/wp-json\/wp\/v2\/users\/1805"}],"replies":[{"embeddable":true,"href":"https:\/\/blogsaverroes.juntadeandalucia.es\/iesategua\/wp-json\/wp\/v2\/comments?post=6356"}],"version-history":[{"count":91,"href":"https:\/\/blogsaverroes.juntadeandalucia.es\/iesategua\/wp-json\/wp\/v2\/pages\/6356\/revisions"}],"predecessor-version":[{"id":10317,"href":"https:\/\/blogsaverroes.juntadeandalucia.es\/iesategua\/wp-json\/wp\/v2\/pages\/6356\/revisions\/10317"}],"wp:attachment":[{"href":"https:\/\/blogsaverroes.juntadeandalucia.es\/iesategua\/wp-json\/wp\/v2\/media?parent=6356"}],"curies":[{"name":"wp","href":"https:\/\/api.w.org\/{rel}","templated":true}]}}