{"id":8157,"date":"2023-05-08T12:51:18","date_gmt":"2023-05-08T10:51:18","guid":{"rendered":"https:\/\/blogsaverroes.juntadeandalucia.es\/iesategua\/?page_id=8157"},"modified":"2026-01-20T14:54:14","modified_gmt":"2026-01-20T13:54:14","slug":"plan-de-actuacion-bilingue","status":"publish","type":"page","link":"https:\/\/blogsaverroes.juntadeandalucia.es\/iesategua\/plan-de-actuacion-bilingue\/","title":{"rendered":"Plan de actuaci\u00f3n biling\u00fce"},"content":{"rendered":"\t\t<div data-elementor-type=\"wp-page\" data-elementor-id=\"8157\" class=\"elementor elementor-8157\">\n\t\t\t\t\t\t<section class=\"elementor-section elementor-top-section elementor-element elementor-element-2ba8a5a5 elementor-section-boxed elementor-section-height-default elementor-section-height-default\" data-id=\"2ba8a5a5\" data-element_type=\"section\">\n\t\t\t\t\t\t<div class=\"elementor-container elementor-column-gap-default\">\n\t\t\t\t\t<div class=\"elementor-column elementor-col-100 elementor-top-column elementor-element elementor-element-7b75a562\" data-id=\"7b75a562\" data-element_type=\"column\">\n\t\t\t<div class=\"elementor-widget-wrap elementor-element-populated\">\n\t\t\t\t\t\t<div class=\"elementor-element elementor-element-2ff559a elementor-widget elementor-widget-image\" data-id=\"2ff559a\" data-element_type=\"widget\" data-widget_type=\"image.default\">\n\t\t\t\t<div class=\"elementor-widget-container\">\n\t\t\t\t\t\t\t\t\t\t\t\t\t\t\t<img fetchpriority=\"high\" decoding=\"async\" width=\"843\" height=\"192\" src=\"https:\/\/blogsaverroes.juntadeandalucia.es\/iesategua\/files\/2023\/05\/Screenshot-from-2023-05-09-10-58-19-1024x233.png\" class=\"attachment-large size-large wp-image-8168\" alt=\"\" srcset=\"https:\/\/blogsaverroes.juntadeandalucia.es\/iesategua\/files\/2023\/05\/Screenshot-from-2023-05-09-10-58-19-1024x233.png 1024w, https:\/\/blogsaverroes.juntadeandalucia.es\/iesategua\/files\/2023\/05\/Screenshot-from-2023-05-09-10-58-19-300x68.png 300w, https:\/\/blogsaverroes.juntadeandalucia.es\/iesategua\/files\/2023\/05\/Screenshot-from-2023-05-09-10-58-19-768x174.png 768w, https:\/\/blogsaverroes.juntadeandalucia.es\/iesategua\/files\/2023\/05\/Screenshot-from-2023-05-09-10-58-19.png 1158w\" sizes=\"(max-width: 843px) 100vw, 843px\" \/>\t\t\t\t\t\t\t\t\t\t\t\t\t\t\t<\/div>\n\t\t\t\t<\/div>\n\t\t\t\t<div class=\"elementor-element elementor-element-511e8413 elementor-widget elementor-widget-text-editor\" data-id=\"511e8413\" data-element_type=\"widget\" data-widget_type=\"text-editor.default\">\n\t\t\t\t<div class=\"elementor-widget-container\">\n\t\t\t\t\t\t\t\t\t<div class=\"entry-content entry--item\"><p style=\"text-align: justify\">Tras presentar Proyecto de trabajo, se nos aprob\u00f3 la Secci\u00f3n biling\u00fce de ingl\u00e9s en febrero de 2007. El Proyecto presentado est\u00e1 enmarcado dentro del Plan de Fomento del Pluriling\u00fcismo de la Junta de Andaluc\u00eda, que potencia el aprendizaje de idiomas extranjeros as\u00ed como de nuestra propia lengua espa\u00f1ola. La Orden de 1 de Agosto de 2016, que modifica a la de 28 de Junio, incluye los \u00e1mbitos no<br \/>ling\u00fc\u00edsticos en esta consideraci\u00f3n. Seg\u00fan la Orden de 28 de Junio, \u201cla finalidad general de la educaci\u00f3n biling\u00fce pasa a ser el fomento del pluriling\u00fcismo y de la diversidad ling\u00fc\u00edstica, utilizando para ello el<br \/>m\u00e9todo natural de inmersi\u00f3n ling\u00fc\u00edstica basado en la comunicaci\u00f3n, la interacci\u00f3n y la priorizaci\u00f3n del c\u00f3digo oral\u201d<\/p><p>En el contexto europeo se unifican las directrices de aprendizaje y ense\u00f1anza de idiomas como instrumento fundamental para el \u00e9xito de nuestros alumnos en el futuro. En nuestro modelo \u201cbiling\u00fce\u201d<br \/>el ingl\u00e9s se utiliza como lengua vehicular en varias asignaturas, integrando como tercera lengua el franc\u00e9s, siempre que es posible .Todos nuestros grupos de ESO reciben ense\u00f1anza \u201cbiling\u00fce\u201d y s\u00f3lo<br \/>aquellos alumnos de Bachillerato que as\u00ed lo eligen, la reciben tambi\u00e9n. Recibimos a alumnos biling\u00fces del CEIP Virgen de la Salud y el no biling\u00fce Doctor Caravaca, ambos de la localidad, as\u00ed como alumnos para Bachillerato de los IES Pay Arias y Cumbres Altas de Espejo y Nueva Carteya, respectivamente; todos ellos de zona rural a varios kmts de la ciudad m\u00e1s cercana, C\u00f3rdoba.<\/p><p>Os dejamos en este <a href=\"https:\/\/blogsaverroes.juntadeandalucia.es\/iesategua\/files\/2026\/01\/Proyecto-Bilingue-2025-2026.pdf\" target=\"_blank\" rel=\"noopener\">documento la informaci\u00f3n completa sobre el Plan de Actuaci\u00f3n de biling\u00fcismo de nuestro Centro.<\/a><\/p><\/div>\t\t\t\t\t\t\t\t<\/div>\n\t\t\t\t<\/div>\n\t\t\t\t\t<\/div>\n\t\t<\/div>\n\t\t\t\t\t<\/div>\n\t\t<\/section>\n\t\t\t\t<section class=\"elementor-section elementor-top-section elementor-element elementor-element-d0eeadb elementor-section-boxed elementor-section-height-default elementor-section-height-default\" data-id=\"d0eeadb\" data-element_type=\"section\">\n\t\t\t\t\t\t<div class=\"elementor-container elementor-column-gap-default\">\n\t\t\t\t\t<div class=\"elementor-column elementor-col-100 elementor-top-column elementor-element elementor-element-a1fdcc9\" data-id=\"a1fdcc9\" data-element_type=\"column\">\n\t\t\t<div class=\"elementor-widget-wrap elementor-element-populated\">\n\t\t\t\t\t\t<div class=\"elementor-element elementor-element-ea92771 elementor-widget elementor-widget-text-editor\" data-id=\"ea92771\" data-element_type=\"widget\" data-widget_type=\"text-editor.default\">\n\t\t\t\t<div class=\"elementor-widget-container\">\n\t\t\t\t\t\t\t\t\t<h1><a title=\"Accede a nuestra ficha de registro RICE\" href=\"https:\/\/blogsaverroes.juntadeandalucia.es\/iesategua\/files\/2025\/12\/Ficha-registro-RICE-Francisco-Javier-Bravo-Carretero.pdf\" target=\"_blank\" rel=\"noopener\">\u00a0 \u00a0 \u00a0 \u00a0 \u00a0 \u00a0 \u00a0 \u00a0 \u00a0 \u00a0 \u00a0 Accede a nuestra ficha de registro RICE<\/a><\/h1>\t\t\t\t\t\t\t\t<\/div>\n\t\t\t\t<\/div>\n\t\t\t\t<div class=\"elementor-element elementor-element-6f642d9 elementor-widget elementor-widget-image\" data-id=\"6f642d9\" data-element_type=\"widget\" data-widget_type=\"image.default\">\n\t\t\t\t<div class=\"elementor-widget-container\">\n\t\t\t\t\t\t\t\t\t\t\t\t\t\t\t<img decoding=\"async\" width=\"300\" height=\"300\" src=\"https:\/\/blogsaverroes.juntadeandalucia.es\/iesategua\/files\/2025\/12\/Logo-Francisco-Javier-Bravo-Carretero-300x300.png\" class=\"attachment-medium size-medium wp-image-10287\" alt=\"\" srcset=\"https:\/\/blogsaverroes.juntadeandalucia.es\/iesategua\/files\/2025\/12\/Logo-Francisco-Javier-Bravo-Carretero-300x300.png 300w, https:\/\/blogsaverroes.juntadeandalucia.es\/iesategua\/files\/2025\/12\/Logo-Francisco-Javier-Bravo-Carretero-1024x1024.png 1024w, https:\/\/blogsaverroes.juntadeandalucia.es\/iesategua\/files\/2025\/12\/Logo-Francisco-Javier-Bravo-Carretero-150x150.png 150w, https:\/\/blogsaverroes.juntadeandalucia.es\/iesategua\/files\/2025\/12\/Logo-Francisco-Javier-Bravo-Carretero-768x768.png 768w, https:\/\/blogsaverroes.juntadeandalucia.es\/iesategua\/files\/2025\/12\/Logo-Francisco-Javier-Bravo-Carretero-700x700.png 700w, https:\/\/blogsaverroes.juntadeandalucia.es\/iesategua\/files\/2025\/12\/Logo-Francisco-Javier-Bravo-Carretero.png 1080w\" sizes=\"(max-width: 300px) 100vw, 300px\" \/>\t\t\t\t\t\t\t\t\t\t\t\t\t\t\t<\/div>\n\t\t\t\t<\/div>\n\t\t\t\t\t<\/div>\n\t\t<\/div>\n\t\t\t\t\t<\/div>\n\t\t<\/section>\n\t\t\t\t<\/div>\n\t\t","protected":false},"excerpt":{"rendered":"<p>Tras presentar Proyecto de trabajo, se nos aprob\u00f3 la Secci\u00f3n biling\u00fce de ingl\u00e9s en febrero de 2007. El Proyecto presentado est\u00e1 enmarcado dentro del Plan&hellip;<\/p>\n","protected":false},"author":1805,"featured_media":0,"parent":0,"menu_order":0,"comment_status":"closed","ping_status":"closed","template":"","meta":{"ngg_post_thumbnail":0,"footnotes":""},"aioseo_notices":[],"_links":{"self":[{"href":"https:\/\/blogsaverroes.juntadeandalucia.es\/iesategua\/wp-json\/wp\/v2\/pages\/8157"}],"collection":[{"href":"https:\/\/blogsaverroes.juntadeandalucia.es\/iesategua\/wp-json\/wp\/v2\/pages"}],"about":[{"href":"https:\/\/blogsaverroes.juntadeandalucia.es\/iesategua\/wp-json\/wp\/v2\/types\/page"}],"author":[{"embeddable":true,"href":"https:\/\/blogsaverroes.juntadeandalucia.es\/iesategua\/wp-json\/wp\/v2\/users\/1805"}],"replies":[{"embeddable":true,"href":"https:\/\/blogsaverroes.juntadeandalucia.es\/iesategua\/wp-json\/wp\/v2\/comments?post=8157"}],"version-history":[{"count":29,"href":"https:\/\/blogsaverroes.juntadeandalucia.es\/iesategua\/wp-json\/wp\/v2\/pages\/8157\/revisions"}],"predecessor-version":[{"id":10381,"href":"https:\/\/blogsaverroes.juntadeandalucia.es\/iesategua\/wp-json\/wp\/v2\/pages\/8157\/revisions\/10381"}],"wp:attachment":[{"href":"https:\/\/blogsaverroes.juntadeandalucia.es\/iesategua\/wp-json\/wp\/v2\/media?parent=8157"}],"curies":[{"name":"wp","href":"https:\/\/api.w.org\/{rel}","templated":true}]}}