{"id":8159,"date":"2023-05-08T12:51:53","date_gmt":"2023-05-08T10:51:53","guid":{"rendered":"https:\/\/blogsaverroes.juntadeandalucia.es\/iesategua\/?page_id=8159"},"modified":"2025-02-21T14:39:58","modified_gmt":"2025-02-21T13:39:58","slug":"auxiliares-de-conversacion","status":"publish","type":"page","link":"https:\/\/blogsaverroes.juntadeandalucia.es\/iesategua\/auxiliares-de-conversacion\/","title":{"rendered":"Auxiliares de conversaci\u00f3n"},"content":{"rendered":"\t\t<div data-elementor-type=\"wp-page\" data-elementor-id=\"8159\" class=\"elementor elementor-8159\">\n\t\t\t\t\t\t<section class=\"elementor-section elementor-top-section elementor-element elementor-element-277756ad elementor-section-boxed elementor-section-height-default elementor-section-height-default\" data-id=\"277756ad\" data-element_type=\"section\">\n\t\t\t\t\t\t<div class=\"elementor-container elementor-column-gap-default\">\n\t\t\t\t\t<div class=\"elementor-column elementor-col-100 elementor-top-column elementor-element elementor-element-2aceaa3d\" data-id=\"2aceaa3d\" data-element_type=\"column\">\n\t\t\t<div class=\"elementor-widget-wrap elementor-element-populated\">\n\t\t\t\t\t\t<div class=\"elementor-element elementor-element-3682aca elementor-widget elementor-widget-text-editor\" data-id=\"3682aca\" data-element_type=\"widget\" data-widget_type=\"text-editor.default\">\n\t\t\t\t<div class=\"elementor-widget-container\">\n\t\t\t\t\t\t\t\t\t<p><strong>CURSO 2024\/2025<\/strong><\/p><p><span style=\"color: #333399\"><a style=\"color: #333399\" href=\"https:\/\/blogsaverroes.juntadeandalucia.es\/iesategua\/files\/2024\/11\/Lolas-personal-information-for-Ategua-students-Claudia-Caravaca-Carpio.pdf\" target=\"_blank\" rel=\"noopener\"><strong>Conocemos m\u00e1s de nuestra auxiliar de conversaci\u00f3n \ud83d\udca1 <\/strong><\/a><br \/><\/span><\/p><p><a href=\"https:\/\/blogsaverroes.juntadeandalucia.es\/iesategua\/files\/2025\/02\/Entrevista_a_Lola-con-subtitulos-Claudia-Caravaca-Carpio.mp4\" target=\"_blank\" rel=\"noopener\"><span style=\"color: #333399\"><strong>V\u00eddeo-entrevista de nuestra auxiliar de conversaci\u00f3n <\/strong><\/span><\/a><a href=\"https:\/\/blogsaverroes.juntadeandalucia.es\/iesategua\/files\/2023\/01\/James-Oldfield.mp4\" target=\"_blank\" rel=\"noopener noreferrer\"><strong>\ud83d\ude42<\/strong><\/a><\/p><p><strong>CURSO 2023\/2024<\/strong><\/p><p><span style=\"color: #333399\"><a style=\"color: #333399\" href=\"https:\/\/blogsaverroes.juntadeandalucia.es\/iesategua\/files\/2023\/11\/Presentaci\u00f3n-de-Matt-OMalley-.-Auxiliar-23-24.-pdf.pdf\" target=\"_blank\" rel=\"noopener noreferrer\"><strong>Conocemos m\u00e1s de nuestro auxiliar de conversaci\u00f3n \ud83d\udca1 <\/strong><\/a><br \/><\/span><\/p><p><span style=\"color: #333399\"><strong><a href=\"https:\/\/drive.google.com\/file\/d\/1HnsVU6nVWgA0YSYt3Xxq8pTuQwIQRin8\/view?usp=sharing\" target=\"_blank\" rel=\"noopener\">V\u00eddeo-entrevista de nuestro auxiliar de conversaci\u00f3n<\/a> <\/strong><\/span><a href=\"https:\/\/blogsaverroes.juntadeandalucia.es\/iesategua\/files\/2023\/01\/James-Oldfield.mp4\" target=\"_blank\" rel=\"noopener noreferrer\"><strong>\ud83d\ude42<\/strong><\/a><\/p><p><strong>CURSO 2022\/2023<\/strong><\/p><p><a href=\"https:\/\/blogsaverroes.juntadeandalucia.es\/iesategua\/files\/2023\/01\/James-Oldfield.mp4\" target=\"_blank\" rel=\"noopener noreferrer\"><strong>Video presentaci\u00f3n de nuestro auxiliar de conversaci\u00f3n \ud83d\ude42<\/strong><\/a><\/p><p><span style=\"color: #333399\"><a style=\"color: #333399\" href=\"https:\/\/blogsaverroes.juntadeandalucia.es\/iesategua\/files\/2023\/03\/James_Oldfield_Curso22-23.pdf\" target=\"_blank\" rel=\"noopener noreferrer\"><strong>Conocemos m\u00e1s de nuestro auxiliar de conversaci\u00f3n \ud83d\udca1 <\/strong><\/a><\/span><\/p><p><span style=\"color: #000080\"><strong><a style=\"color: #000080\" href=\"https:\/\/blogsaverroes.juntadeandalucia.es\/iesategua\/files\/2023\/06\/JAMES-TERMINA-SU-TRABAJO-EN-EL-IES-ATEGUA.mp4\" target=\"_blank\" rel=\"noopener noreferrer\"><span style=\"color: #333399\">Despedida de nuestro auxiliar de conversaci\u00f3n<\/span>\u00a0\ud83d\ude41 <\/a><\/strong><\/span><\/p>\t\t\t\t\t\t\t\t<\/div>\n\t\t\t\t<\/div>\n\t\t\t\t<div class=\"elementor-element elementor-element-6691cfd elementor-widget elementor-widget-image-gallery\" data-id=\"6691cfd\" data-element_type=\"widget\" data-widget_type=\"image-gallery.default\">\n\t\t\t\t<div class=\"elementor-widget-container\">\n\t\t\t\t\t\t\t<div class=\"elementor-image-gallery\">\n\t\t\t<div id='gallery-1' class='gallery galleryid-8159 gallery-columns-4 gallery-size-thumbnail'><figure class='gallery-item'>\n\t\t\t<div class='gallery-icon portrait'>\n\t\t\t\t<a data-elementor-open-lightbox=\"yes\" data-elementor-lightbox-slideshow=\"6691cfd\" data-elementor-lightbox-title=\"WhatsApp Image 2023-06-19 at 09.55.22\" data-e-action-hash=\"#elementor-action%3Aaction%3Dlightbox%26settings%3DeyJpZCI6ODU3OSwidXJsIjoiaHR0cHM6XC9cL2Jsb2dzYXZlcnJvZXMuanVudGFkZWFuZGFsdWNpYS5lc1wvaWVzYXRlZ3VhXC9maWxlc1wvMjAyM1wvMDZcL1doYXRzQXBwLUltYWdlLTIwMjMtMDYtMTktYXQtMDkuNTUuMjIuanBlZyIsInNsaWRlc2hvdyI6IjY2OTFjZmQifQ%3D%3D\" href='https:\/\/blogsaverroes.juntadeandalucia.es\/iesategua\/files\/2023\/06\/WhatsApp-Image-2023-06-19-at-09.55.22.jpeg'><img decoding=\"async\" width=\"150\" height=\"150\" src=\"https:\/\/blogsaverroes.juntadeandalucia.es\/iesategua\/files\/2023\/06\/WhatsApp-Image-2023-06-19-at-09.55.22-150x150.jpeg\" class=\"attachment-thumbnail size-thumbnail\" alt=\"\" srcset=\"https:\/\/blogsaverroes.juntadeandalucia.es\/iesategua\/files\/2023\/06\/WhatsApp-Image-2023-06-19-at-09.55.22-150x150.jpeg 150w, https:\/\/blogsaverroes.juntadeandalucia.es\/iesategua\/files\/2023\/06\/WhatsApp-Image-2023-06-19-at-09.55.22-700x700.jpeg 700w\" sizes=\"(max-width: 150px) 100vw, 150px\" \/><\/a>\n\t\t\t<\/div><\/figure><figure class='gallery-item'>\n\t\t\t<div class='gallery-icon portrait'>\n\t\t\t\t<a data-elementor-open-lightbox=\"yes\" data-elementor-lightbox-slideshow=\"6691cfd\" data-elementor-lightbox-title=\"WhatsApp Image 2023-06-19 at 09.55.22(1)\" data-e-action-hash=\"#elementor-action%3Aaction%3Dlightbox%26settings%3DeyJpZCI6ODU4MCwidXJsIjoiaHR0cHM6XC9cL2Jsb2dzYXZlcnJvZXMuanVudGFkZWFuZGFsdWNpYS5lc1wvaWVzYXRlZ3VhXC9maWxlc1wvMjAyM1wvMDZcL1doYXRzQXBwLUltYWdlLTIwMjMtMDYtMTktYXQtMDkuNTUuMjIxLmpwZWciLCJzbGlkZXNob3ciOiI2NjkxY2ZkIn0%3D\" href='https:\/\/blogsaverroes.juntadeandalucia.es\/iesategua\/files\/2023\/06\/WhatsApp-Image-2023-06-19-at-09.55.221.jpeg'><img decoding=\"async\" width=\"150\" height=\"150\" src=\"https:\/\/blogsaverroes.juntadeandalucia.es\/iesategua\/files\/2023\/06\/WhatsApp-Image-2023-06-19-at-09.55.221-150x150.jpeg\" class=\"attachment-thumbnail size-thumbnail\" alt=\"\" srcset=\"https:\/\/blogsaverroes.juntadeandalucia.es\/iesategua\/files\/2023\/06\/WhatsApp-Image-2023-06-19-at-09.55.221-150x150.jpeg 150w, https:\/\/blogsaverroes.juntadeandalucia.es\/iesategua\/files\/2023\/06\/WhatsApp-Image-2023-06-19-at-09.55.221-700x700.jpeg 700w\" sizes=\"(max-width: 150px) 100vw, 150px\" \/><\/a>\n\t\t\t<\/div><\/figure><figure class='gallery-item'>\n\t\t\t<div class='gallery-icon portrait'>\n\t\t\t\t<a data-elementor-open-lightbox=\"yes\" data-elementor-lightbox-slideshow=\"6691cfd\" data-elementor-lightbox-title=\"WhatsApp Image 2023-06-19 at 09.55.22(2)\" data-e-action-hash=\"#elementor-action%3Aaction%3Dlightbox%26settings%3DeyJpZCI6ODU4MSwidXJsIjoiaHR0cHM6XC9cL2Jsb2dzYXZlcnJvZXMuanVudGFkZWFuZGFsdWNpYS5lc1wvaWVzYXRlZ3VhXC9maWxlc1wvMjAyM1wvMDZcL1doYXRzQXBwLUltYWdlLTIwMjMtMDYtMTktYXQtMDkuNTUuMjIyLmpwZWciLCJzbGlkZXNob3ciOiI2NjkxY2ZkIn0%3D\" href='https:\/\/blogsaverroes.juntadeandalucia.es\/iesategua\/files\/2023\/06\/WhatsApp-Image-2023-06-19-at-09.55.222.jpeg'><img decoding=\"async\" width=\"150\" height=\"150\" src=\"https:\/\/blogsaverroes.juntadeandalucia.es\/iesategua\/files\/2023\/06\/WhatsApp-Image-2023-06-19-at-09.55.222-150x150.jpeg\" class=\"attachment-thumbnail size-thumbnail\" alt=\"\" srcset=\"https:\/\/blogsaverroes.juntadeandalucia.es\/iesategua\/files\/2023\/06\/WhatsApp-Image-2023-06-19-at-09.55.222-150x150.jpeg 150w, https:\/\/blogsaverroes.juntadeandalucia.es\/iesategua\/files\/2023\/06\/WhatsApp-Image-2023-06-19-at-09.55.222-700x700.jpeg 700w\" sizes=\"(max-width: 150px) 100vw, 150px\" \/><\/a>\n\t\t\t<\/div><\/figure><figure class='gallery-item'>\n\t\t\t<div class='gallery-icon landscape'>\n\t\t\t\t<a data-elementor-open-lightbox=\"yes\" data-elementor-lightbox-slideshow=\"6691cfd\" data-elementor-lightbox-title=\"WhatsApp Image 2023-06-19 at 09.55.23\" data-e-action-hash=\"#elementor-action%3Aaction%3Dlightbox%26settings%3DeyJpZCI6ODU4MiwidXJsIjoiaHR0cHM6XC9cL2Jsb2dzYXZlcnJvZXMuanVudGFkZWFuZGFsdWNpYS5lc1wvaWVzYXRlZ3VhXC9maWxlc1wvMjAyM1wvMDZcL1doYXRzQXBwLUltYWdlLTIwMjMtMDYtMTktYXQtMDkuNTUuMjMuanBlZyIsInNsaWRlc2hvdyI6IjY2OTFjZmQifQ%3D%3D\" href='https:\/\/blogsaverroes.juntadeandalucia.es\/iesategua\/files\/2023\/06\/WhatsApp-Image-2023-06-19-at-09.55.23.jpeg'><img loading=\"lazy\" decoding=\"async\" width=\"150\" height=\"150\" src=\"https:\/\/blogsaverroes.juntadeandalucia.es\/iesategua\/files\/2023\/06\/WhatsApp-Image-2023-06-19-at-09.55.23-150x150.jpeg\" class=\"attachment-thumbnail size-thumbnail\" alt=\"\" srcset=\"https:\/\/blogsaverroes.juntadeandalucia.es\/iesategua\/files\/2023\/06\/WhatsApp-Image-2023-06-19-at-09.55.23-150x150.jpeg 150w, https:\/\/blogsaverroes.juntadeandalucia.es\/iesategua\/files\/2023\/06\/WhatsApp-Image-2023-06-19-at-09.55.23-700x700.jpeg 700w\" sizes=\"(max-width: 150px) 100vw, 150px\" \/><\/a>\n\t\t\t<\/div><\/figure><figure class='gallery-item'>\n\t\t\t<div class='gallery-icon portrait'>\n\t\t\t\t<a data-elementor-open-lightbox=\"yes\" data-elementor-lightbox-slideshow=\"6691cfd\" data-elementor-lightbox-title=\"WhatsApp Image 2023-06-19 at 09.55.23(1)\" data-e-action-hash=\"#elementor-action%3Aaction%3Dlightbox%26settings%3DeyJpZCI6ODU4MywidXJsIjoiaHR0cHM6XC9cL2Jsb2dzYXZlcnJvZXMuanVudGFkZWFuZGFsdWNpYS5lc1wvaWVzYXRlZ3VhXC9maWxlc1wvMjAyM1wvMDZcL1doYXRzQXBwLUltYWdlLTIwMjMtMDYtMTktYXQtMDkuNTUuMjMxLmpwZWciLCJzbGlkZXNob3ciOiI2NjkxY2ZkIn0%3D\" href='https:\/\/blogsaverroes.juntadeandalucia.es\/iesategua\/files\/2023\/06\/WhatsApp-Image-2023-06-19-at-09.55.231.jpeg'><img loading=\"lazy\" decoding=\"async\" width=\"150\" height=\"150\" src=\"https:\/\/blogsaverroes.juntadeandalucia.es\/iesategua\/files\/2023\/06\/WhatsApp-Image-2023-06-19-at-09.55.231-150x150.jpeg\" class=\"attachment-thumbnail size-thumbnail\" alt=\"\" srcset=\"https:\/\/blogsaverroes.juntadeandalucia.es\/iesategua\/files\/2023\/06\/WhatsApp-Image-2023-06-19-at-09.55.231-150x150.jpeg 150w, https:\/\/blogsaverroes.juntadeandalucia.es\/iesategua\/files\/2023\/06\/WhatsApp-Image-2023-06-19-at-09.55.231-700x700.jpeg 700w\" sizes=\"(max-width: 150px) 100vw, 150px\" \/><\/a>\n\t\t\t<\/div><\/figure>\n\t\t<\/div>\n\t\t<\/div>\n\t\t\t\t\t\t<\/div>\n\t\t\t\t<\/div>\n\t\t\t\t<div class=\"elementor-element elementor-element-4399f534 elementor-widget elementor-widget-text-editor\" data-id=\"4399f534\" data-element_type=\"widget\" data-widget_type=\"text-editor.default\">\n\t\t\t\t<div class=\"elementor-widget-container\">\n\t\t\t\t\t\t\t\t\t<table><tbody><tr><td>\u00a0<\/td><td>\u00a0<\/td><\/tr><tr><td>\u00a0<\/td><td>\u00a0<\/td><\/tr><tr><td><p><strong>INFORMACI\u00d3N DE NUESTRO CENTRO<\/strong><\/p><div class=\"table-wrapper\"><table width=\"100%\"><tbody><tr><td width=\"30%\"><strong>DATOS DEL CENTRO<\/strong><\/td><td width=\"69%\"><p>\u2013 Denominaci\u00f3n del centro : IES ATEGUA\u2013 Direcci\u00f3n completa: CALLE ISABEL GARC\u00cdA RECIO S\/N<\/p><p>\u2013 N\u00famero de tel\u00e9fono. 957 370366<\/p><p>\u2013 Correo electr\u00f3nico. iesategua@gmail.com<\/p><p>\u2013 <a href=\"https:\/\/www.google.com\/maps\/place\/Instituto+de+Educaci\u00f3n+Secundaria+Ategua\/@37.6930206,-4.4735029,17z\/data=!3m1!4b1!4m5!3m4!1s0xd6d08cfc3f3fb59:0x8642391864d0d6aa!8m2!3d37.6930206!4d-4.4713142\">Enlace de la localizaci\u00f3n en Google Maps. <\/a><\/p><\/td><\/tr><tr><td width=\"30%\"><strong>Contacto de la\/las persona\/s de referencia<\/strong><\/td><td width=\"69%\"><p>\u2013 Correo de alg\u00fan miembro del equipo directivo:\u00a0\u00a0\u00a0\u00a0 javiercarlos.villar@iesategua.com<\/p><p>\u2013 Correo de la persona coordinadora del programa:<\/p><p>\u00a0\u00a0\u00a0\u00a0 claudia.caravaca@iesategua.com<\/p><\/td><\/tr><tr><td width=\"30%\"><strong>Nivel educativo<\/strong><\/td><td width=\"69%\">-Ed. Secundaria y Bachillerato: DE 12 A 17 A\u00d1OS DE EDAD-Formaci\u00f3n Profesional : DE 16 A\u00d1OS EN ADELANTE<\/td><\/tr><tr><td width=\"30%\"><strong>Materias\/m\u00f3dulos de colaboraci\u00f3n del Auxiliar de Conversaci\u00f3n<\/strong><\/td><td width=\"69%\"><p>\u2013 GEOGRAF\u00cdA E HISTORIA\u00a0\u00a0\u00a0\u00a0\u00a0\u00a0\u00a0\u00a0\u00a0\u00a0\u00a0\u00a0\u00a0\u00a0\u00a0\u00a0\u00a0 \u2013 MATEM\u00c1TICAS\u2013 EDUCACI\u00d3N F\u00cdSICA\u00a0\u00a0\u00a0\u00a0\u00a0\u00a0\u00a0\u00a0\u00a0\u00a0\u00a0\u00a0\u00a0\u00a0\u00a0\u00a0\u00a0\u00a0 \u00a0\u00a0 \u00a0\u00a0\u00a0\u00a0 \u2013 F\u00cdSICA Y QU\u00cdMICA<\/p><p>\u2013 BIOLOG\u00cdA\u00a0\u00a0\u00a0\u00a0\u00a0\u00a0\u00a0\u00a0\u00a0\u00a0\u00a0\u00a0\u00a0\u00a0\u00a0\u00a0\u00a0\u00a0\u00a0\u00a0\u00a0\u00a0\u00a0\u00a0\u00a0\u00a0\u00a0\u00a0\u00a0 \u00a0 \u00a0 \u00a0 \u00a0 \u00a0\u00a0\u00a0\u00a0\u00a0\u00a0\u00a0\u00a0 \u2013 INGL\u00c9S<\/p><\/td><\/tr><tr><td width=\"30%\"><strong>Informaci\u00f3n sobre la localidad <\/strong><\/td><td width=\"69%\"><p>Municipio cordob\u00e9s de unos 8.000 habitantes.<a href=\"https:\/\/castrodelrio.es\/\" target=\"_blank\" rel=\"noopener noreferrer\">P\u00e1gina del ayuntamiento<\/a>\u00a0\u00a0\u00a0\u00a0\u00a0\u00a0\u00a0 <a href=\"https:\/\/www.facebook.com\/Ayuntamiento-de-Castro-del-R\u00edo-346293352108716\/\">Facebook del ayuntamiento<\/a><\/p><p><a href=\"https:\/\/www.andalucia.org\/es\/castro-del-rio\">Informaci\u00f3n tur\u00edstica de Castro del R\u00edo<\/a><\/p><\/td><\/tr><tr><td width=\"30%\"><strong>Desplazarse al centro educativo\/ localidad<\/strong><\/td><td width=\"69%\">\u2013 Horarios de transporte p\u00fablico (La empresa de <a href=\"http:\/\/www.autocarescarrera.es\/\">autobuses Carreras <\/a>ofrece viajes de C\u00f3rdoba a Castro del R\u00edo y viceversa)\u2013 Posibilidad de compartir coche con otros docentes: SUELE HABER UN TURNO DE COCHES CON COMPA\u00d1EROS\/AS DEL INSTITUTO; HAY QUE CONSULTAR DISPONIBILIDAD Y COSTE CADA COMIENZO DE CURSO.<\/td><\/tr><tr><td width=\"30%\"><p><strong>Alojamiento<\/strong>\u2013 \u00bfD\u00f3nde vivir en la localidad?<\/p><p>\u2013 \u00bfPosibilidad de alojarse con alguna familia? NO SE HA DADO EL CASO.- \u00bfPosibilidad de compartir piso con docentes?<\/p><\/td><td width=\"69%\">-LA COORDINADORA Y OTROS COMPA\u00d1EROS\/AS OFRECEN INFORMACI\u00d3N DE PRIMERA MANO SOBRE ALQUILERES EN LA LOCALIDAD, AUNQUE LOS AUXILIARES DECIDEN QUEDARSE A VIVIR EN C\u00d3RDOBA CIUDAD. Se puede consultar alguna <a href=\"http:\/\/perezescribano.net\/\">inmobiliaria <\/a>, <a href=\"http:\/\/www.icgrupoinmobiliario.es\/\">inmobiliaria 2, <\/a>pero muchos alojamientos se alquilan de forma personal.- Contacto de docentes interesados en compartir piso: HAY QUE CONSULTAR A PRINCIPIOS DE CURSO A LOS COMPA\u00d1EROS NUEVOS QUE LLEGAN AL CENTRO Y COMPARTEN PISO.<\/td><\/tr><tr><td width=\"30%\"><strong>Contacto con otros auxiliares<\/strong><\/td><td width=\"69%\"><a href=\"https:\/\/chat.whatsapp.com\/ByKBfWTr3wZ0wBdPJ0ADGz\">https:\/\/chat.whatsapp.com\/<\/a>Grupo de whatsap de auxiliares de conversaci\u00f3n.<\/td><\/tr><tr><td width=\"30%\"><strong>Experiencias previas con auxiliares de conversaci\u00f3n<\/strong><\/td><td width=\"69%\"><p>\u00a0Aqu\u00ed teneis un\u00a0 v\u00eddeo de Gregory Matyas, auxiliar 2021-22, explicando su experiencia en el IES Ategua.<a href=\"https:\/\/drive.google.com\/file\/d\/1KkdUJSNkeXUoxJR31HOJamo2URy11TZ6\/view?usp=sharing\" target=\"_blank\" rel=\"noopener noreferrer\">V\u00eddeo de Greg<\/a><\/p><\/td><\/tr><\/tbody><\/table><\/div><div class=\"table-wrapper\"><table width=\"100%\"><tbody><tr><td width=\"38%\"><strong>SCHOOL DATA<\/strong><\/td><td width=\"62%\"><div class=\"table-wrapper\"><table width=\"100%\"><tbody><tr><td width=\"100%\"><p>-Name : IES ATEGUA\u2013 Full address: CALLE ISABEL GARC\u00cdA RECIO S\/N<\/p><p>\u2013 Phone number: 957 370366<\/p><p>\u2013 emailaddress: iesategua@gmail.com<\/p><p>\u2013 <a href=\"https:\/\/www.google.com\/maps\/place\/Instituto+de+Educaci\u00f3n+Secundaria+Ategua\/@37.6930206,-4.4735029,17z\/data=!3m1!4b1!4m5!3m4!1s0xd6d08cfc3f3fb59:0x8642391864d0d6aa!8m2!3d37.6930206!4d-4.4713142\">Google Maps <\/a><a href=\"https:\/\/www.google.com\/maps\/place\/Instituto+de+Educaci\u00f3n+Secundaria+Ategua\/@37.6930206,-4.4735029,17z\/data=!3m1!4b1!4m5!3m4!1s0xd6d08cfc3f3fb59:0x8642391864d0d6aa!8m2!3d37.6930206!4d-4.4713142\">link<\/a><a href=\"https:\/\/www.google.com\/maps\/place\/Instituto+de+Educaci\u00f3n+Secundaria+Ategua\/@37.6930206,-4.4735029,17z\/data=!3m1!4b1!4m5!3m4!1s0xd6d08cfc3f3fb59:0x8642391864d0d6aa!8m2!3d37.6930206!4d-4.4713142\">. <\/a><\/p><\/td><\/tr><\/tbody><\/table><\/div><\/td><\/tr><tr><td width=\"38%\"><strong>Contact of the reference person(s)<\/strong><\/td><td width=\"62%\"><div class=\"table-wrapper\"><table width=\"100%\"><tbody><tr><td width=\"100%\">SECRETARY:\u00a0\u00a0 javiercarlos.villar@iesategua.com Bilingual program COORDINATOR: claudia.caravaca@iesategua.com<\/td><\/tr><\/tbody><\/table><\/div><\/td><\/tr><tr><td width=\"38%\"><strong>Education level<\/strong><\/td><td width=\"62%\">\u2013 Secondary education and Bachillerato: From 12 to17 years old.\u2013 Vocational training.<\/td><\/tr><tr><td width=\"38%\"><strong>Collaboration subjects\/modules of the Language Assistant<\/strong><\/td><td width=\"62%\"><p>\u2013 GEOGRAPHY AND HISTORY\u00a0\u00a0\u00a0\u00a0\u00a0\u00a0\u00a0\u00a0\u00a0\u00a0\u00a0\u00a0\u00a0\u00a0\u00a0\u00a0 \u2013 MATHEMATICS\u2013 PHYSICAL EDUCATION\u00a0\u00a0\u00a0\u00a0\u00a0\u00a0\u00a0 \u2013 PHYSICS AND CHEMISTRY<\/p><p>\u2013 BIOLOGY<\/p><\/td><\/tr><tr><td width=\"38%\"><strong>Information about the town and\/or neighborhood<\/strong><\/td><td width=\"62%\"><p>\u2013 Town COUNCIL WEBPAGE<a href=\"https:\/\/www.facebook.com\/Ayuntamiento-de-Castro-del-R\u00edo-346293352108716\/\">Facebook del ayuntamiento<\/a><\/p><p><a href=\"https:\/\/www.andalucia.org\/es\/castro-del-rio\">Informaci\u00f3n tur\u00edstica de Castro del R\u00edo<\/a><\/p><\/td><\/tr><tr><td width=\"38%\"><strong>Getting to school<\/strong><\/td><td width=\"62%\">\u2013 Public TRANSPORT ( <a href=\"http:\/\/www.autocarescarrera.es\/\">autobuses Carreras <\/a>from C\u00f3rdoba to Castro del R\u00edo and back)\u2013 Some teachers usually offer a carpool that the language assistant can join. Availability and cost should be asked at the beginning of the class.<\/td><\/tr><tr><td width=\"38%\"><p><strong>Accommodation<\/strong>\u00a0<\/p><p>\u2013 Where to live in town?<\/p><p>\u2013 Possibility of staying with a family?<\/p><p>\u2013 Possibility of sharing a flat with teachers?<\/p><\/td><td width=\"62%\"><p>-The coordinator and a few teachers offer information about renting, although assistants usually decide to stay in C\u00f3rdoba city. <a href=\"http:\/\/perezescribano.net\/\">Inmobiliaria <\/a><a href=\"http:\/\/perezescribano.net\/\">1<\/a> and <a href=\"http:\/\/www.icgrupoinmobiliario.es\/\">inmobiliaria 2 <\/a><a href=\"http:\/\/www.icgrupoinmobiliario.es\/\">o<\/a>ffer available flats or houses in Castro del R\u00edo but some owners usually prefer reningt on their own.\u2013 Not really.<\/p><p>\u2013 At the beginning of the school year new teachers may be interested in sharing in Castro del R\u00edo or in C\u00f3rdoba, but it is not for sure.<\/p><\/td><\/tr><tr><td width=\"38%\"><strong>Contact with other Language Assistants<\/strong><\/td><td width=\"62%\"><a href=\"https:\/\/chat.whatsapp.com\/ByKBfWTr3wZ0wBdPJ0ADGz\">https:\/\/chat.whatsapp.com\/<\/a>Language assistants\u2019 whatsap group<\/td><\/tr><tr><td width=\"38%\"><strong>Previous Experiences with Language Assistants<\/strong><\/td><td width=\"62%\"><p>\u00a0Gregory Matyas , talking about his experience at\u00a0 Ategua School (video , year 21-22)\u00a0<\/p><\/td><\/tr><\/tbody><\/table><\/div><div class=\"table-wrapper\"><table><tbody><tr><td width=\"580\"><strong>Ficha identificativa del centro de acogida\u00a0\u00a0 <\/strong>\u00a0<\/td><\/tr><tr><td width=\"580\"><strong>MEET YOUR HOST SCHOOL\u00a0\u00a0\u00a0 \u00a0\u00a0\u00a0\u00a0\u00a0\u00a0\u00a0\u00a0\u00a0\u00a0\u00a0\u00a0\u00a0\u00a0\u00a0\u00a0\u00a0<\/strong><\/td><\/tr><\/tbody><\/table><\/div><p>Once you got your host school name, it is hard to figure out what is behind that name. To know what kind of school you have been assigned to, here you are some basic information. Please, do not hesitate to ask us for more, if necessary.<\/p><p><strong>S<\/strong><strong>CHOOL NAME:\u00a0 <\/strong>IES Ategua<\/p><p><strong>TOWN \/ CITY:\u00a0 <\/strong>Castro del R\u00edo (C\u00f3rdoba)<\/p><p><strong>WEBSITE: <\/strong><a href=\"http:\/\/www.juntadeandalucia.es\/averroes\/iesategua\/\">http:\/\/www.juntadeandalucia.es\/averroes\/iesategua\/<\/a><\/p><p><strong>CONTACT PERSON: <\/strong>Claudia Caravaca, English teacher and bilingual coordinator.<\/p><p><strong>EMAIL: <\/strong><a href=\"mailto:claucaravaca@gmail.com\"><strong>claucaravaca@gmail.com<\/strong><\/a><\/p><p><strong>PHONE NUMBER: <\/strong>625555928<\/p><p><strong>DIFFERENT STUDIES \/ PROGRAMS AT OUR SCHOOL:<\/strong><\/p><p>Educaci\u00f3n Secundaria Obligatoria \u2013 <strong>ESO <\/strong>\u2013 (12-15 a\u00f1os), Bachillerato, post obligatorio(16-18 a\u00f1os). Ciclo formativo de grado medio en administraci\u00f3n y gesti\u00f3n de empresas, Programa de formaci\u00f3n profesional b\u00e1sica.<\/p><p><strong>SCHOOL STAFF: <\/strong>M\u00e1s de 50 profesores, 1 orientadora, 4 conserjes, limpiadoras\u2026.<\/p><p><strong>NUMBER OF STUDENTS AND AVERAGE AGES:<\/strong>Alrededor de 500 (de 12 a 17\/18 a\u00f1os)<\/p><p><strong>MAIN SCHOOL FACILITIES: <\/strong>Divididas en dos edificios (edificio principal para los alumnos mayores,\u00a0 para 3\u00bay 4\u00ba de ESO -primera planta- y 1\u00ba y 2\u00ba de Bachillerato -2\u00aa planta-. Edificio Caravaca anexo, para ciclo formativo-primera planta- y para\u00a0\u00a0 alumnos m\u00e1s peque\u00f1os 1\u00ba y 2\u00ba ESO- 2\u00aa planta-)<\/p><p>Una\u00a0 cafeter\u00eda en el edificio principal, un gimnasio, pistas de f\u00fatbol y baloncesto, 2 bibliotecas, una en cada edificio, dos salas de profesores, aulas de departamentos did\u00e1cticos, aulas de alumnos con pizarras digitales en su mayor\u00eda, laboratorios, aula de inform\u00e1tica, aula de convivencia y de apoyo educativo, despachos, dos conserjer\u00edas, tres salones de actos, oficina de secretar\u00eda en el edificio principal etc.<\/p><p><strong>LANGUAGES TAUGHT AT THE SCHOOL <\/strong><strong>(teachers, lessons a week, etc.):<\/strong><\/p><p>Ingl\u00e9s y franc\u00e9s (5 profesores de ingl\u00e9s y dos de franc\u00e9s). Entre 2 y 5 horas semanales de idioma cada grupo. 7 profesores de \u00e1reas no ling\u00fc\u00edsticas que utilizan el ingl\u00e9s como lengua vehicular en parte de su programaci\u00f3n.<\/p><p>Lat\u00edn y Griego cl\u00e1sico (1+1 profesores)<\/p><p><strong>IMPORTANT EVENTS AT OUR SCHOOL<\/strong>: (International and national trips, Erasmus projects, Science Fairs, students\u2019 activities, Semana Cultural , Jornadas informativas de formaci\u00f3n futura para los alumnos\/as (fecha variable), feria del libro, \u2026<\/p><p><strong>OTHER INTERESTING FACTS ABOUT OUR SCHOOL<\/strong>:<\/p><p>Biling\u00fcismo, Escuela espacio de paz, Erasmus , convivencia, lectura y biblioteca, igualdad y coeducaci\u00f3n, Patrimonio \u2026y muchos m\u00e1s (todos ellos planes y proyectos de la Junta de Andaluc\u00eda).<\/p><\/td><\/tr><\/tbody><\/table>\t\t\t\t\t\t\t\t<\/div>\n\t\t\t\t<\/div>\n\t\t\t\t\t<\/div>\n\t\t<\/div>\n\t\t\t\t\t<\/div>\n\t\t<\/section>\n\t\t\t\t<\/div>\n\t\t","protected":false},"excerpt":{"rendered":"<p>CURSO 2024\/2025 Conocemos m\u00e1s de nuestra auxiliar de conversaci\u00f3n \ud83d\udca1 V\u00eddeo-entrevista de nuestra auxiliar de conversaci\u00f3n \ud83d\ude42 CURSO 2023\/2024 Conocemos m\u00e1s de nuestro auxiliar de&hellip;<\/p>\n","protected":false},"author":1805,"featured_media":0,"parent":0,"menu_order":0,"comment_status":"closed","ping_status":"closed","template":"","meta":{"ngg_post_thumbnail":0,"footnotes":""},"aioseo_notices":[],"_links":{"self":[{"href":"https:\/\/blogsaverroes.juntadeandalucia.es\/iesategua\/wp-json\/wp\/v2\/pages\/8159"}],"collection":[{"href":"https:\/\/blogsaverroes.juntadeandalucia.es\/iesategua\/wp-json\/wp\/v2\/pages"}],"about":[{"href":"https:\/\/blogsaverroes.juntadeandalucia.es\/iesategua\/wp-json\/wp\/v2\/types\/page"}],"author":[{"embeddable":true,"href":"https:\/\/blogsaverroes.juntadeandalucia.es\/iesategua\/wp-json\/wp\/v2\/users\/1805"}],"replies":[{"embeddable":true,"href":"https:\/\/blogsaverroes.juntadeandalucia.es\/iesategua\/wp-json\/wp\/v2\/comments?post=8159"}],"version-history":[{"count":30,"href":"https:\/\/blogsaverroes.juntadeandalucia.es\/iesategua\/wp-json\/wp\/v2\/pages\/8159\/revisions"}],"predecessor-version":[{"id":9920,"href":"https:\/\/blogsaverroes.juntadeandalucia.es\/iesategua\/wp-json\/wp\/v2\/pages\/8159\/revisions\/9920"}],"wp:attachment":[{"href":"https:\/\/blogsaverroes.juntadeandalucia.es\/iesategua\/wp-json\/wp\/v2\/media?parent=8159"}],"curies":[{"name":"wp","href":"https:\/\/api.w.org\/{rel}","templated":true}]}}