{"id":8984,"date":"2024-02-13T12:47:33","date_gmt":"2024-02-13T11:47:33","guid":{"rendered":"https:\/\/blogsaverroes.juntadeandalucia.es\/iesategua\/?page_id=8984"},"modified":"2024-02-14T10:00:21","modified_gmt":"2024-02-14T09:00:21","slug":"programa-cima","status":"publish","type":"page","link":"https:\/\/blogsaverroes.juntadeandalucia.es\/iesategua\/programa-cima\/","title":{"rendered":"PROGRAMA CIMA"},"content":{"rendered":"\t\t<div data-elementor-type=\"wp-page\" data-elementor-id=\"8984\" class=\"elementor elementor-8984\">\n\t\t\t\t\t\t<section class=\"elementor-section elementor-top-section elementor-element elementor-element-37f0382d elementor-section-boxed elementor-section-height-default elementor-section-height-default\" data-id=\"37f0382d\" data-element_type=\"section\">\n\t\t\t\t\t\t<div class=\"elementor-container elementor-column-gap-default\">\n\t\t\t\t\t<div class=\"elementor-column elementor-col-100 elementor-top-column elementor-element elementor-element-4758e8a4\" data-id=\"4758e8a4\" data-element_type=\"column\">\n\t\t\t<div class=\"elementor-widget-wrap elementor-element-populated\">\n\t\t\t\t\t\t<div class=\"elementor-element elementor-element-3cc9054f elementor-widget elementor-widget-text-editor\" data-id=\"3cc9054f\" data-element_type=\"widget\" data-widget_type=\"text-editor.default\">\n\t\t\t\t<div class=\"elementor-widget-container\">\n\t\t\t\t\t\t\t\t\t<h2 style=\"text-align: center\"><span style=\"color: #ff99cc\"><strong>\u00bfQu\u00e9 es el programa CIMA?<\/strong><\/span><\/h2>\n<p style=\"text-align: justify\">Se trata de una herramienta pedag\u00f3gica para impulsar la innovaci\u00f3n y transformaci\u00f3n del proyecto educativo del centro (PE) desde el an\u00e1lisis, reflexi\u00f3n y evaluaci\u00f3n participativa garantizando la mejora continua y la personalizaci\u00f3n de los procesos seg\u00fan los centros de inter\u00e9s y necesidades del centro.<\/p>\n<p style=\"text-align: justify\">El Programa CIMA surge con la misi\u00f3n de promover:<\/p>\n<ul style=\"text-align: justify\">\n<li>El fomento y la coordinaci\u00f3n de la innovaci\u00f3n educativa a trav\u00e9s de proyectos integrales de transformaci\u00f3n y mejora de los aprendizajes.<\/li>\n<li>La gesti\u00f3n, coordinaci\u00f3n e integraci\u00f3n de las actuaciones y estrategias relativas a la innovaci\u00f3n educativa.<\/li>\n<li>La colaboraci\u00f3n y coordinaci\u00f3n con las instituciones competentes a nivel auton\u00f3mico, nacional e internacional en las tem\u00e1ticas relacionadas con los diferentes \u00e1mbitos de conocimiento y actuaci\u00f3n.<\/li>\n<li>La selecci\u00f3n, el reconocimiento y la difusi\u00f3n de pr\u00e1cticas educativas innovadoras.<\/li>\n<\/ul>\n<div>\n<p>En el siguiente <a href=\"https:\/\/blogsaverroes.juntadeandalucia.es\/iesategua\/files\/2024\/02\/DOSIER-PROGRAMA-CIMA-2023-2024-1.pdf\" target=\"_blank\" rel=\"noopener\">dosier<\/a> se muestra toda la informaci\u00f3n del programa CIMA para el curso 2023-2024.<\/p>\n<\/div>\n<div>En el IES Ategua hemos constituido el <strong>equipo CIMA<\/strong> y hemos elaborado el <strong>plan de actuaci\u00f3n<\/strong> para el presente curso escolar.<\/div>\n<div>&nbsp;<\/div>\n<div style=\"text-align: justify\">Los centros educativos disponemos de diferentes <strong>L\u00edneas de Actuaci\u00f3n<\/strong> ordenadas seg\u00fan <strong>\u00e1mbitos de conocimiento<\/strong> y centros de inter\u00e9s que impulsen el cambio, la innovaci\u00f3n y la transformaci\u00f3n. A continuaci\u00f3n se muestra m\u00e1s informaci\u00f3n sobre los \u00e1mbitos de conocimiento y las l\u00edneas de actuaci\u00f3n: <br><br><\/div>\t\t\t\t\t\t\t\t<\/div>\n\t\t\t\t<\/div>\n\t\t\t\t<div class=\"elementor-element elementor-element-29ed36d gallery-spacing-custom elementor-widget__width-inherit elementor-widget elementor-widget-image-gallery\" data-id=\"29ed36d\" data-element_type=\"widget\" data-widget_type=\"image-gallery.default\">\n\t\t\t\t<div class=\"elementor-widget-container\">\n\t\t\t\t\t\t\t<div class=\"elementor-image-gallery\">\n\t\t\t<div id='gallery-1' class='gallery galleryid-8984 gallery-columns-4 gallery-size-thumbnail'><figure class='gallery-item'>\n\t\t\t<div class='gallery-icon portrait'>\n\t\t\t\t<a data-elementor-open-lightbox=\"yes\" data-elementor-lightbox-slideshow=\"29ed36d\" data-elementor-lightbox-title=\"CIMA_OBJEIVOS\" data-e-action-hash=\"#elementor-action%3Aaction%3Dlightbox%26settings%3DeyJpZCI6OTAzMywidXJsIjoiaHR0cHM6XC9cL2Jsb2dzYXZlcnJvZXMuanVudGFkZWFuZGFsdWNpYS5lc1wvaWVzYXRlZ3VhXC9maWxlc1wvMjAyNFwvMDJcL1NjcmVlbnNob3QtZnJvbS0yMDI0LTAyLTE0LTA4LTQyLTQ5LnBuZyIsInNsaWRlc2hvdyI6IjI5ZWQzNmQifQ%3D%3D\" href='https:\/\/blogsaverroes.juntadeandalucia.es\/iesategua\/files\/2024\/02\/Screenshot-from-2024-02-14-08-42-49.png'><img decoding=\"async\" width=\"150\" height=\"150\" src=\"https:\/\/blogsaverroes.juntadeandalucia.es\/iesategua\/files\/2024\/02\/Screenshot-from-2024-02-14-08-42-49-150x150.png\" class=\"attachment-thumbnail size-thumbnail\" alt=\"\" \/><\/a>\n\t\t\t<\/div><\/figure><figure class='gallery-item'>\n\t\t\t<div class='gallery-icon landscape'>\n\t\t\t\t<a data-elementor-open-lightbox=\"yes\" data-elementor-lightbox-slideshow=\"29ed36d\" data-elementor-lightbox-title=\"CIMA_AMBITO3\" data-e-action-hash=\"#elementor-action%3Aaction%3Dlightbox%26settings%3DeyJpZCI6OTAyNiwidXJsIjoiaHR0cHM6XC9cL2Jsb2dzYXZlcnJvZXMuanVudGFkZWFuZGFsdWNpYS5lc1wvaWVzYXRlZ3VhXC9maWxlc1wvMjAyNFwvMDJcL1NjcmVlbnNob3QtZnJvbS0yMDI0LTAyLTE0LTA4LTQ4LTU5LnBuZyIsInNsaWRlc2hvdyI6IjI5ZWQzNmQifQ%3D%3D\" href='https:\/\/blogsaverroes.juntadeandalucia.es\/iesategua\/files\/2024\/02\/Screenshot-from-2024-02-14-08-48-59.png'><img decoding=\"async\" width=\"150\" height=\"150\" src=\"https:\/\/blogsaverroes.juntadeandalucia.es\/iesategua\/files\/2024\/02\/Screenshot-from-2024-02-14-08-48-59-150x150.png\" class=\"attachment-thumbnail size-thumbnail\" alt=\"\" \/><\/a>\n\t\t\t<\/div><\/figure><figure class='gallery-item'>\n\t\t\t<div class='gallery-icon landscape'>\n\t\t\t\t<a data-elementor-open-lightbox=\"yes\" data-elementor-lightbox-slideshow=\"29ed36d\" data-elementor-lightbox-title=\"CIMA_AMBITO1\" data-e-action-hash=\"#elementor-action%3Aaction%3Dlightbox%26settings%3DeyJpZCI6OTAyNCwidXJsIjoiaHR0cHM6XC9cL2Jsb2dzYXZlcnJvZXMuanVudGFkZWFuZGFsdWNpYS5lc1wvaWVzYXRlZ3VhXC9maWxlc1wvMjAyNFwvMDJcL1NjcmVlbnNob3QtZnJvbS0yMDI0LTAyLTE0LTA4LTQ3LTUwLnBuZyIsInNsaWRlc2hvdyI6IjI5ZWQzNmQifQ%3D%3D\" href='https:\/\/blogsaverroes.juntadeandalucia.es\/iesategua\/files\/2024\/02\/Screenshot-from-2024-02-14-08-47-50.png'><img decoding=\"async\" width=\"150\" height=\"150\" src=\"https:\/\/blogsaverroes.juntadeandalucia.es\/iesategua\/files\/2024\/02\/Screenshot-from-2024-02-14-08-47-50-150x150.png\" class=\"attachment-thumbnail size-thumbnail\" alt=\"\" \/><\/a>\n\t\t\t<\/div><\/figure><figure class='gallery-item'>\n\t\t\t<div class='gallery-icon landscape'>\n\t\t\t\t<a data-elementor-open-lightbox=\"yes\" data-elementor-lightbox-slideshow=\"29ed36d\" data-elementor-lightbox-title=\"CIMA_AMBITO2\" data-e-action-hash=\"#elementor-action%3Aaction%3Dlightbox%26settings%3DeyJpZCI6OTAyNSwidXJsIjoiaHR0cHM6XC9cL2Jsb2dzYXZlcnJvZXMuanVudGFkZWFuZGFsdWNpYS5lc1wvaWVzYXRlZ3VhXC9maWxlc1wvMjAyNFwvMDJcL1NjcmVlbnNob3QtZnJvbS0yMDI0LTAyLTE0LTA4LTQ4LTAzLnBuZyIsInNsaWRlc2hvdyI6IjI5ZWQzNmQifQ%3D%3D\" href='https:\/\/blogsaverroes.juntadeandalucia.es\/iesategua\/files\/2024\/02\/Screenshot-from-2024-02-14-08-48-03.png'><img loading=\"lazy\" decoding=\"async\" width=\"150\" height=\"150\" src=\"https:\/\/blogsaverroes.juntadeandalucia.es\/iesategua\/files\/2024\/02\/Screenshot-from-2024-02-14-08-48-03-150x150.png\" class=\"attachment-thumbnail size-thumbnail\" alt=\"\" \/><\/a>\n\t\t\t<\/div><\/figure>\n\t\t<\/div>\n\t\t<\/div>\n\t\t\t\t\t\t<\/div>\n\t\t\t\t<\/div>\n\t\t\t\t\t<\/div>\n\t\t<\/div>\n\t\t\t\t\t<\/div>\n\t\t<\/section>\n\t\t\t\t<section class=\"elementor-section elementor-top-section elementor-element elementor-element-4e8d05f elementor-section-boxed elementor-section-height-default elementor-section-height-default\" data-id=\"4e8d05f\" data-element_type=\"section\">\n\t\t\t\t\t\t<div class=\"elementor-container elementor-column-gap-default\">\n\t\t\t\t\t<div class=\"elementor-column elementor-col-33 elementor-top-column elementor-element elementor-element-c7d6695\" data-id=\"c7d6695\" data-element_type=\"column\">\n\t\t\t<div class=\"elementor-widget-wrap elementor-element-populated\">\n\t\t\t\t\t\t<div class=\"elementor-element elementor-element-1bd745c elementor-widget elementor-widget-image\" data-id=\"1bd745c\" data-element_type=\"widget\" data-widget_type=\"image.default\">\n\t\t\t\t<div class=\"elementor-widget-container\">\n\t\t\t\t\t\t\t\t\t\t\t\t\t\t\t\t<a href=\"https:\/\/www.juntadeandalucia.es\/educacion\/eaprendizaje\/transformacion-hacia-entornos-mas-sostenibles-y-saludables\/\" target=\"_blank\">\n\t\t\t\t\t\t\t<img loading=\"lazy\" decoding=\"async\" width=\"281\" height=\"281\" src=\"https:\/\/blogsaverroes.juntadeandalucia.es\/iesategua\/files\/2024\/02\/Screenshot-from-2024-02-13-12-51-52.png\" class=\"attachment-large size-large wp-image-8988\" alt=\"\" srcset=\"https:\/\/blogsaverroes.juntadeandalucia.es\/iesategua\/files\/2024\/02\/Screenshot-from-2024-02-13-12-51-52.png 281w, https:\/\/blogsaverroes.juntadeandalucia.es\/iesategua\/files\/2024\/02\/Screenshot-from-2024-02-13-12-51-52-150x150.png 150w\" sizes=\"(max-width: 281px) 100vw, 281px\" \/>\t\t\t\t\t\t\t\t<\/a>\n\t\t\t\t\t\t\t\t\t\t\t\t\t\t\t<\/div>\n\t\t\t\t<\/div>\n\t\t\t\t\t<\/div>\n\t\t<\/div>\n\t\t\t\t<div class=\"elementor-column elementor-col-33 elementor-top-column elementor-element elementor-element-82f6b6a\" data-id=\"82f6b6a\" data-element_type=\"column\">\n\t\t\t<div class=\"elementor-widget-wrap elementor-element-populated\">\n\t\t\t\t\t\t<div class=\"elementor-element elementor-element-36f03ca elementor-widget elementor-widget-image\" data-id=\"36f03ca\" data-element_type=\"widget\" data-widget_type=\"image.default\">\n\t\t\t\t<div class=\"elementor-widget-container\">\n\t\t\t\t\t\t\t\t\t\t\t\t\t\t\t\t<a href=\"https:\/\/www.juntadeandalucia.es\/educacion\/eaprendizaje\/para-la-transformacion-digital-educativa\" target=\"_blank\">\n\t\t\t\t\t\t\t<img loading=\"lazy\" decoding=\"async\" width=\"281\" height=\"281\" src=\"https:\/\/blogsaverroes.juntadeandalucia.es\/iesategua\/files\/2024\/02\/Screenshot-from-2024-02-13-12-52-21.png\" class=\"attachment-large size-large wp-image-8989\" alt=\"\" srcset=\"https:\/\/blogsaverroes.juntadeandalucia.es\/iesategua\/files\/2024\/02\/Screenshot-from-2024-02-13-12-52-21.png 281w, https:\/\/blogsaverroes.juntadeandalucia.es\/iesategua\/files\/2024\/02\/Screenshot-from-2024-02-13-12-52-21-150x150.png 150w\" sizes=\"(max-width: 281px) 100vw, 281px\" \/>\t\t\t\t\t\t\t\t<\/a>\n\t\t\t\t\t\t\t\t\t\t\t\t\t\t\t<\/div>\n\t\t\t\t<\/div>\n\t\t\t\t\t<\/div>\n\t\t<\/div>\n\t\t\t\t<div class=\"elementor-column elementor-col-33 elementor-top-column elementor-element elementor-element-1399e2c\" data-id=\"1399e2c\" data-element_type=\"column\">\n\t\t\t<div class=\"elementor-widget-wrap elementor-element-populated\">\n\t\t\t\t\t\t<div class=\"elementor-element elementor-element-4b696a4 elementor-widget elementor-widget-image\" data-id=\"4b696a4\" data-element_type=\"widget\" data-widget_type=\"image.default\">\n\t\t\t\t<div class=\"elementor-widget-container\">\n\t\t\t\t\t\t\t\t\t\t\t\t\t\t\t\t<a href=\"https:\/\/www.juntadeandalucia.es\/educacion\/eaprendizaje\/transformacion-desde-la-cultura-y-la-alfabetizacion-mediatica\/\" target=\"_blank\">\n\t\t\t\t\t\t\t<img loading=\"lazy\" decoding=\"async\" width=\"281\" height=\"281\" src=\"https:\/\/blogsaverroes.juntadeandalucia.es\/iesategua\/files\/2024\/02\/Screenshot-from-2024-02-13-12-53-37.png\" class=\"attachment-large size-large wp-image-8990\" alt=\"\" srcset=\"https:\/\/blogsaverroes.juntadeandalucia.es\/iesategua\/files\/2024\/02\/Screenshot-from-2024-02-13-12-53-37.png 281w, https:\/\/blogsaverroes.juntadeandalucia.es\/iesategua\/files\/2024\/02\/Screenshot-from-2024-02-13-12-53-37-150x150.png 150w\" sizes=\"(max-width: 281px) 100vw, 281px\" \/>\t\t\t\t\t\t\t\t<\/a>\n\t\t\t\t\t\t\t\t\t\t\t\t\t\t\t<\/div>\n\t\t\t\t<\/div>\n\t\t\t\t\t<\/div>\n\t\t<\/div>\n\t\t\t\t\t<\/div>\n\t\t<\/section>\n\t\t\t\t<section class=\"elementor-section elementor-top-section elementor-element elementor-element-f72246a elementor-section-boxed elementor-section-height-default elementor-section-height-default\" data-id=\"f72246a\" data-element_type=\"section\">\n\t\t\t\t\t\t<div class=\"elementor-container elementor-column-gap-default\">\n\t\t\t\t\t<div class=\"elementor-column elementor-col-100 elementor-top-column elementor-element elementor-element-83eca4f\" data-id=\"83eca4f\" data-element_type=\"column\">\n\t\t\t<div class=\"elementor-widget-wrap elementor-element-populated\">\n\t\t\t\t\t\t<div class=\"elementor-element elementor-element-8da2888 elementor-widget elementor-widget-heading\" data-id=\"8da2888\" data-element_type=\"widget\" data-widget_type=\"heading.default\">\n\t\t\t\t<div class=\"elementor-widget-container\">\n\t\t\t\t\t<h2 class=\"elementor-heading-title elementor-size-default\"><div><div><div><article><div><div><div><div><div><div><div><div><div><div><h2><\/h2><h2 style=\"font-size: 26px\"><b>Mapa de centros participantes en el curso 2023\/2024<\/b><\/h2><\/div><\/div><\/div><\/div><\/div><\/div><\/div><\/div><\/div><\/div><\/article><\/div><\/div><\/div><\/h2>\t\t\t\t<\/div>\n\t\t\t\t<\/div>\n\t\t\t\t<div class=\"elementor-element elementor-element-31a4960 elementor-widget elementor-widget-html\" data-id=\"31a4960\" data-element_type=\"widget\" data-widget_type=\"html.default\">\n\t\t\t\t<div class=\"elementor-widget-container\">\n\t\t\t\t\t<iframe width=\"100%\" height=\"650px\" frameborder=\"0\" src=\"\/\/umap.openstreetmap.fr\/es\/map\/centros-cima-23-24_1001957?scaleControl=false&amp;miniMap=false&amp;scrollWheelZoom=false&amp;zoomControl=true&amp;editMode=disabled&amp;moreControl=true&amp;searchControl=null&amp;tilelayersControl=null&amp;embedControl=null&amp;datalayersControl=true&amp;onLoadPanel=undefined&amp;captionBar=false&amp;captionMenus=true\"><\/iframe><p><a href=\"\/\/umap.openstreetmap.fr\/es\/map\/centros-cima-23-24_1001957?scaleControl=false&amp;miniMap=false&amp;scrollWheelZoom=true&amp;zoomControl=true&amp;editMode=disabled&amp;moreControl=true&amp;searchControl=null&amp;tilelayersControl=null&amp;embedControl=null&amp;datalayersControl=true&amp;onLoadPanel=undefined&amp;captionBar=false&amp;captionMenus=true\">Ver pantalla completa<\/a><\/p>\t\t\t\t<\/div>\n\t\t\t\t<\/div>\n\t\t\t\t\t<\/div>\n\t\t<\/div>\n\t\t\t\t\t<\/div>\n\t\t<\/section>\n\t\t\t\t<\/div>\n\t\t","protected":false},"excerpt":{"rendered":"<p>\u00bfQu\u00e9 es el programa CIMA? Se trata de una herramienta pedag\u00f3gica para impulsar la innovaci\u00f3n y transformaci\u00f3n del proyecto educativo del centro (PE) desde el&hellip;<\/p>\n","protected":false},"author":1805,"featured_media":0,"parent":0,"menu_order":0,"comment_status":"closed","ping_status":"closed","template":"","meta":{"ngg_post_thumbnail":0,"footnotes":""},"aioseo_notices":[],"_links":{"self":[{"href":"https:\/\/blogsaverroes.juntadeandalucia.es\/iesategua\/wp-json\/wp\/v2\/pages\/8984"}],"collection":[{"href":"https:\/\/blogsaverroes.juntadeandalucia.es\/iesategua\/wp-json\/wp\/v2\/pages"}],"about":[{"href":"https:\/\/blogsaverroes.juntadeandalucia.es\/iesategua\/wp-json\/wp\/v2\/types\/page"}],"author":[{"embeddable":true,"href":"https:\/\/blogsaverroes.juntadeandalucia.es\/iesategua\/wp-json\/wp\/v2\/users\/1805"}],"replies":[{"embeddable":true,"href":"https:\/\/blogsaverroes.juntadeandalucia.es\/iesategua\/wp-json\/wp\/v2\/comments?post=8984"}],"version-history":[{"count":46,"href":"https:\/\/blogsaverroes.juntadeandalucia.es\/iesategua\/wp-json\/wp\/v2\/pages\/8984\/revisions"}],"predecessor-version":[{"id":9058,"href":"https:\/\/blogsaverroes.juntadeandalucia.es\/iesategua\/wp-json\/wp\/v2\/pages\/8984\/revisions\/9058"}],"wp:attachment":[{"href":"https:\/\/blogsaverroes.juntadeandalucia.es\/iesategua\/wp-json\/wp\/v2\/media?parent=8984"}],"curies":[{"name":"wp","href":"https:\/\/api.w.org\/{rel}","templated":true}]}}