{"id":178,"date":"2015-03-17T07:56:43","date_gmt":"2015-03-17T07:56:43","guid":{"rendered":"http:\/\/blogsaverroes.juntadeandalucia.es\/pre\/ceip\/?page_id=178"},"modified":"2025-09-01T22:44:25","modified_gmt":"2025-09-01T22:44:25","slug":"musica","status":"publish","type":"page","link":"https:\/\/blogsaverroes.juntadeandalucia.es\/iesavenmoriel\/musica\/","title":{"rendered":"M\u00fasica"},"content":{"rendered":"<p style=\"text-align: center\">&nbsp;<\/p>\n<p style=\"text-align: center\"><strong>Miembros del Departamento para el curso 2025\/26<\/strong><\/p>\n<p style=\"text-align: left;padding-left: 40px\"><strong>&nbsp;&nbsp;&nbsp; &#8211;<\/strong> Vega Garc\u00eda, Rafael (Jefe de Departamento)<\/p>\n<table style=\"border-collapse: collapse;width: 100%\">\n<tbody>\n<tr>\n<td style=\"width: 25%;text-align: center;vertical-align: top;border-style: solid;border-color: #030000\"><a href=\"https:\/\/blogsaverroes.juntadeandalucia.es\/iesavenmoriel\/files\/2021\/09\/examenes.jpg\"><img loading=\"lazy\" decoding=\"async\" class=\"alignnone size-full wp-image-2602\" src=\"https:\/\/blogsaverroes.juntadeandalucia.es\/iesavenmoriel\/files\/2021\/09\/examenes.jpg\" alt=\"\" width=\"136\" height=\"88\"><\/a><\/p>\n<p>Ex\u00e1menes<\/td>\n<td style=\"width: 25%;text-align: center;vertical-align: top;border-style: solid;border-color: #030000\"><a href=\"https:\/\/www.dropbox.com\/s\/qrud3x381ekdl75\/PROGRAMACI%C3%93N%20M%C3%9ASICA%2021-22.doc?dl=0\"><img loading=\"lazy\" decoding=\"async\" class=\"alignnone size-full wp-image-2601\" src=\"https:\/\/blogsaverroes.juntadeandalucia.es\/iesavenmoriel\/files\/2021\/09\/programaciones.jpg\" alt=\"\" width=\"116\" height=\"105\"><\/a><\/p>\n<p><a href=\"https:\/\/www.dropbox.com\/s\/qrud3x381ekdl75\/PROGRAMACI%C3%93N%20M%C3%9ASICA%2021-22.doc?dl=0\">Programaci\u00f3n<\/a><\/td>\n<td style=\"width: 25%;text-align: center;vertical-align: top;border-style: solid;border-color: #030000\"><a href=\"http:\/\/www.doremifavenmoriel.blogspot.com\/\"><img loading=\"lazy\" decoding=\"async\" class=\"alignnone size-medium wp-image-2440\" src=\"https:\/\/blogsaverroes.juntadeandalucia.es\/iesavenmoriel\/files\/2015\/03\/musica_0-300x200.jpg\" alt=\"\" width=\"300\" height=\"200\" srcset=\"https:\/\/blogsaverroes.juntadeandalucia.es\/iesavenmoriel\/files\/2015\/03\/musica_0-300x200.jpg 300w, https:\/\/blogsaverroes.juntadeandalucia.es\/iesavenmoriel\/files\/2015\/03\/musica_0-24x16.jpg 24w, https:\/\/blogsaverroes.juntadeandalucia.es\/iesavenmoriel\/files\/2015\/03\/musica_0-36x24.jpg 36w, https:\/\/blogsaverroes.juntadeandalucia.es\/iesavenmoriel\/files\/2015\/03\/musica_0-48x32.jpg 48w, https:\/\/blogsaverroes.juntadeandalucia.es\/iesavenmoriel\/files\/2015\/03\/musica_0.jpg 570w\" sizes=\"(max-width: 300px) 100vw, 300px\" \/><\/a><\/p>\n<p>Blog de m\u00fasica<\/td>\n<\/tr>\n<\/tbody>\n<\/table>\n<p><span style=\"font-family: sans-serif\"><span style=\"font-size: medium\">&nbsp;<\/span><\/span><\/p>\n","protected":false},"excerpt":{"rendered":"<p>&nbsp; Miembros del Departamento para el curso 2025\/26 &nbsp;&nbsp;&nbsp; &#8211; Vega Garc\u00eda, Rafael (Jefe de Departamento) Ex\u00e1menes Programaci\u00f3n Blog de m\u00fasica &nbsp;<\/p>\n","protected":false},"author":1,"featured_media":0,"parent":0,"menu_order":0,"comment_status":"open","ping_status":"open","template":"page-templates\/child-menu.php","meta":{"ngg_post_thumbnail":0,"footnotes":"","_mc_calendar":[]},"aioseo_notices":[],"_links":{"self":[{"href":"https:\/\/blogsaverroes.juntadeandalucia.es\/iesavenmoriel\/wp-json\/wp\/v2\/pages\/178"}],"collection":[{"href":"https:\/\/blogsaverroes.juntadeandalucia.es\/iesavenmoriel\/wp-json\/wp\/v2\/pages"}],"about":[{"href":"https:\/\/blogsaverroes.juntadeandalucia.es\/iesavenmoriel\/wp-json\/wp\/v2\/types\/page"}],"author":[{"embeddable":true,"href":"https:\/\/blogsaverroes.juntadeandalucia.es\/iesavenmoriel\/wp-json\/wp\/v2\/users\/1"}],"replies":[{"embeddable":true,"href":"https:\/\/blogsaverroes.juntadeandalucia.es\/iesavenmoriel\/wp-json\/wp\/v2\/comments?post=178"}],"version-history":[{"count":10,"href":"https:\/\/blogsaverroes.juntadeandalucia.es\/iesavenmoriel\/wp-json\/wp\/v2\/pages\/178\/revisions"}],"predecessor-version":[{"id":7042,"href":"https:\/\/blogsaverroes.juntadeandalucia.es\/iesavenmoriel\/wp-json\/wp\/v2\/pages\/178\/revisions\/7042"}],"wp:attachment":[{"href":"https:\/\/blogsaverroes.juntadeandalucia.es\/iesavenmoriel\/wp-json\/wp\/v2\/media?parent=178"}],"curies":[{"name":"wp","href":"https:\/\/api.w.org\/{rel}","templated":true}]}}

Música

<p style="text-align: center">&nbsp;</p>
<p style="text-align: center"><strong>Miembros del Departamento para el curso 2025/26</strong></p>
<p style="text-align: left;padding-left: 40px"><strong>&nbsp;&nbsp;&nbsp; &#8211;</strong> Vega García, Rafael (Jefe de Departamento)</p>
<table style="border-collapse: collapse;width: 100%">
<tbody>
<tr>
<td style="width: 25%;text-align: center;vertical-align: top;border-style: solid;border-color: #030000"><a href="https://blogsaverroes.juntadeandalucia.es/iesavenmoriel/files/2021/09/examenes.jpg"><img loading="lazy" decoding="async" class="alignnone size-full wp-image-2602" src="https://blogsaverroes.juntadeandalucia.es/iesavenmoriel/files/2021/09/examenes.jpg" alt="" width="136" height="88"></a></p>
<p>Exámenes</td>
<td style="width: 25%;text-align: center;vertical-align: top;border-style: solid;border-color: #030000"><a href="https://www.dropbox.com/s/qrud3x381ekdl75/PROGRAMACI%C3%93N%20M%C3%9ASICA%2021-22.doc?dl=0"><img loading="lazy" decoding="async" class="alignnone size-full wp-image-2601" src="https://blogsaverroes.juntadeandalucia.es/iesavenmoriel/files/2021/09/programaciones.jpg" alt="" width="116" height="105"></a></p>
<p><a href="https://www.dropbox.com/s/qrud3x381ekdl75/PROGRAMACI%C3%93N%20M%C3%9ASICA%2021-22.doc?dl=0">Programación</a></td>
<td style="width: 25%;text-align: center;vertical-align: top;border-style: solid;border-color: #030000"><a href="http://www.doremifavenmoriel.blogspot.com/"><img loading="lazy" decoding="async" class="alignnone size-medium wp-image-2440" src="https://blogsaverroes.juntadeandalucia.es/iesavenmoriel/files/2015/03/musica_0-300x200.jpg" alt="" width="300" height="200" srcset="https://blogsaverroes.juntadeandalucia.es/iesavenmoriel/files/2015/03/musica_0-300x200.jpg 300w, https://blogsaverroes.juntadeandalucia.es/iesavenmoriel/files/2015/03/musica_0-24x16.jpg 24w, https://blogsaverroes.juntadeandalucia.es/iesavenmoriel/files/2015/03/musica_0-36x24.jpg 36w, https://blogsaverroes.juntadeandalucia.es/iesavenmoriel/files/2015/03/musica_0-48x32.jpg 48w, https://blogsaverroes.juntadeandalucia.es/iesavenmoriel/files/2015/03/musica_0.jpg 570w" sizes="(max-width: 300px) 100vw, 300px" /></a></p>
<p>Blog de música</td>
</tr>
</tbody>
</table>
<p><span style="font-family: sans-serif"><span style="font-size: medium">&nbsp;</span></span></p>

<p>&nbsp; Miembros del Departamento para el curso 2025/26 &nbsp;&nbsp;&nbsp; &#8211; Vega García, Rafael (Jefe de Departamento) Exámenes Programación Blog de música &nbsp;</p>
