{"id":2475,"date":"2021-09-19T14:39:30","date_gmt":"2021-09-19T14:39:30","guid":{"rendered":"https:\/\/blogsaverroes.juntadeandalucia.es\/iesavenmoriel\/?page_id=2475"},"modified":"2023-10-02T15:08:59","modified_gmt":"2023-10-02T15:08:59","slug":"consejo-escolar","status":"publish","type":"page","link":"https:\/\/blogsaverroes.juntadeandalucia.es\/iesavenmoriel\/consejo-escolar\/","title":{"rendered":"Consejo Escolar"},"content":{"rendered":"<p>Celebradas las elecciones del Consejo Escolar en el curso escolar 22\/23 seg\u00fan establece la normativa, los integrantes del mismo quedan relacionados:<\/p>\n<p><strong>Profesorado:<\/strong><\/p>\n<ul style=\"list-style-type: circle\">\n<li>Bedmar L\u00f3pez, Anselmo (Jefe de Estudios)<\/li>\n<li>Bellot Rubio, Jes\u00fas<\/li>\n<li>Castillero Ortiz, M\u00f3nica<\/li>\n<li>Garc\u00eda Egea, Juan Carlos (Secretario)<\/li>\n<li>Gil Beltr\u00e1n, M\u00aa Carmen (Directora)<\/li>\n<li>Lozano Novi, Rebeca<\/li>\n<li>Mart\u00ednez Garc\u00eda, Lorena<\/li>\n<li>Porcel Hern\u00e1ndez, Francisco<\/li>\n<li>S\u00e1nchez Silva, Eva<\/li>\n<\/ul>\n<p><strong>Madres\/Padres:<\/strong><\/p>\n<ul style=\"list-style-type: circle\">\n<li>Calder\u00f3n Gonz\u00e1lez, Luc\u00eda<\/li>\n<li>Dur\u00e1n Torres, Rosario<\/li>\n<li>Moreno Caravaca, Susana (AMPA) S\u00e1nchez Puerta, M. Estefan\u00eda<\/li>\n<li>Gallardo S\u00e1nchez, Lourdes<\/li>\n<\/ul>\n<p><strong>Alumnado:<\/strong><\/p>\n<ul style=\"list-style-type: circle\">\n<li>Flores Cort\u00e9s, David<\/li>\n<li>Limonchi Fern\u00e1ndez, Carmen<\/li>\n<li>Rodr\u00edguez Mart\u00ednez, Lydia<\/li>\n<\/ul>\n<p><strong>Representante del Ayuntamiento:<\/strong><\/p>\n<ul style=\"list-style-type: circle\">\n<li>Pozo, Olivia<\/li>\n<\/ul>\n<p><strong>Representante del P.A.S.:<\/strong><\/p>\n<ul style=\"list-style-type: circle\">\n<li>Polo Fern\u00e1ndez, M\u00aa del Pilar<\/li>\n<\/ul>\n<p><strong>Representante del P.A.E.:<\/strong><\/p>\n<ul style=\"list-style-type: circle\">\n<li>S\u00e1nchez Teruel, M\u00aa Pilar<\/li>\n<\/ul>\n","protected":false},"excerpt":{"rendered":"<p>Celebradas las elecciones del Consejo Escolar en el curso escolar 22\/23 seg\u00fan establece la normativa, los integrantes del mismo quedan relacionados: Profesorado: Bedmar L\u00f3pez, Anselmo (Jefe de Estudios) Bellot Rubio, Jes\u00fas Castillero Ortiz, M\u00f3nica&#46;&#46;&#46;<\/p>\n","protected":false},"author":9440,"featured_media":0,"parent":0,"menu_order":0,"comment_status":"closed","ping_status":"closed","template":"","meta":{"ngg_post_thumbnail":0,"footnotes":"","_mc_calendar":[]},"aioseo_notices":[],"_links":{"self":[{"href":"https:\/\/blogsaverroes.juntadeandalucia.es\/iesavenmoriel\/wp-json\/wp\/v2\/pages\/2475"}],"collection":[{"href":"https:\/\/blogsaverroes.juntadeandalucia.es\/iesavenmoriel\/wp-json\/wp\/v2\/pages"}],"about":[{"href":"https:\/\/blogsaverroes.juntadeandalucia.es\/iesavenmoriel\/wp-json\/wp\/v2\/types\/page"}],"author":[{"embeddable":true,"href":"https:\/\/blogsaverroes.juntadeandalucia.es\/iesavenmoriel\/wp-json\/wp\/v2\/users\/9440"}],"replies":[{"embeddable":true,"href":"https:\/\/blogsaverroes.juntadeandalucia.es\/iesavenmoriel\/wp-json\/wp\/v2\/comments?post=2475"}],"version-history":[{"count":5,"href":"https:\/\/blogsaverroes.juntadeandalucia.es\/iesavenmoriel\/wp-json\/wp\/v2\/pages\/2475\/revisions"}],"predecessor-version":[{"id":5773,"href":"https:\/\/blogsaverroes.juntadeandalucia.es\/iesavenmoriel\/wp-json\/wp\/v2\/pages\/2475\/revisions\/5773"}],"wp:attachment":[{"href":"https:\/\/blogsaverroes.juntadeandalucia.es\/iesavenmoriel\/wp-json\/wp\/v2\/media?parent=2475"}],"curies":[{"name":"wp","href":"https:\/\/api.w.org\/{rel}","templated":true}]}}

<p>Celebradas las elecciones del Consejo Escolar en el curso escolar 22/23 según establece la normativa, los integrantes del mismo quedan relacionados:</p>
<p><strong>Profesorado:</strong></p>
<ul style="list-style-type: circle">
<li>Bedmar López, Anselmo (Jefe de Estudios)</li>
<li>Bellot Rubio, Jesús</li>
<li>Castillero Ortiz, Mónica</li>
<li>García Egea, Juan Carlos (Secretario)</li>
<li>Gil Beltrán, Mª Carmen (Directora)</li>
<li>Lozano Novi, Rebeca</li>
<li>Martínez García, Lorena</li>
<li>Porcel Hernández, Francisco</li>
<li>Sánchez Silva, Eva</li>
</ul>
<p><strong>Madres/Padres:</strong></p>
<ul style="list-style-type: circle">
<li>Calderón González, Lucía</li>
<li>Durán Torres, Rosario</li>
<li>Moreno Caravaca, Susana (AMPA) Sánchez Puerta, M. Estefanía</li>
<li>Gallardo Sánchez, Lourdes</li>
</ul>
<p><strong>Alumnado:</strong></p>
<ul style="list-style-type: circle">
<li>Flores Cortés, David</li>
<li>Limonchi Fernández, Carmen</li>
<li>Rodríguez Martínez, Lydia</li>
</ul>
<p><strong>Representante del Ayuntamiento:</strong></p>
<ul style="list-style-type: circle">
<li>Pozo, Olivia</li>
</ul>
<p><strong>Representante del P.A.S.:</strong></p>
<ul style="list-style-type: circle">
<li>Polo Fernández, Mª del Pilar</li>
</ul>
<p><strong>Representante del P.A.E.:</strong></p>
<ul style="list-style-type: circle">
<li>Sánchez Teruel, Mª Pilar</li>
</ul>

<p>Celebradas las elecciones del Consejo Escolar en el curso escolar 22/23 según establece la normativa, los integrantes del mismo quedan relacionados: Profesorado: Bedmar López, Anselmo (Jefe de Estudios) Bellot Rubio, Jesús Castillero Ortiz, Mónica&#46;&#46;&#46;</p>
