{"id":2645,"date":"2021-09-19T22:08:37","date_gmt":"2021-09-19T22:08:37","guid":{"rendered":"https:\/\/blogsaverroes.juntadeandalucia.es\/iesavenmoriel\/?page_id=2645"},"modified":"2021-09-19T22:08:37","modified_gmt":"2021-09-19T22:08:37","slug":"historia-del-centro","status":"publish","type":"page","link":"https:\/\/blogsaverroes.juntadeandalucia.es\/iesavenmoriel\/historia-del-centro\/","title":{"rendered":"Historia del centro"},"content":{"rendered":"<p>El I.E.S. \u201cAvenmoriel\u201d es una realidad en la actualidad por los siguientes acontecimientos:<\/p>\n<p>* Con la aplicaci\u00f3n de la LOGSE, en lo que se refiere a Educaci\u00f3n Secundaria obligatoria en Benamaurel, el primer ciclo de la ESO se cursaba en el Colegio \u201cAmancia Burgos\u201d. Gracias al empe\u00f1o de la Comunidad escolar en ese momento se consigui\u00f3 que en Benamaurel se pudiera establecer un Centro de Secundaria con toda la etapa completa y que acogiera a alumnos\/as de la localidad de Cortes de Baza<\/p>\n<p>* Secci\u00f3n Delegada del I.E.S. \u201cJim\u00e9nez Montoya\u201d de Baza, en el curso 98\/99<\/p>\n<p>* Se cre\u00f3 por Decreto n\u00ba 190\/1999 (B.O.J.A. 109 del 18 de Septiembre de 1999)<\/p>\n<p>* Recibi\u00f3 su denominaci\u00f3n espec\u00edfica de I.E.S. \u201cAvenmoriel\u201d, a propuesta del Consejo Escolar, por Orden de 10 de Diciembre de l999 (B.O.J.A. n\u00ba 10 de 27 de Enero de 2000) .<\/p>\n<p>* Convenio de la Junta con los ayuntamientos (Aula 2000) para la construcci\u00f3n de un edificio de dos plantas anexo al CEIP. \u201cAmancia Burgos\u201d.<\/p>\n<p>* Se reconoce como Centro de Integraci\u00f3n para alumnos con necesidades educativas especiales (Orden 31\/07\/1998 y publicado en el Boja 20\/08\/98<\/p>\n<p>* Ampliaci\u00f3n de dos aulas y la Direcci\u00f3n. 2002<\/p>\n<p>*Renovaci\u00f3n de soler\u00eda, pintura y tejado. 2013<\/p>\n","protected":false},"excerpt":{"rendered":"<p>El I.E.S. \u201cAvenmoriel\u201d es una realidad en la actualidad por los siguientes acontecimientos: * Con la aplicaci\u00f3n de la LOGSE, en lo que se refiere a Educaci\u00f3n Secundaria obligatoria en Benamaurel, el primer ciclo&#46;&#46;&#46;<\/p>\n","protected":false},"author":9440,"featured_media":0,"parent":0,"menu_order":0,"comment_status":"closed","ping_status":"closed","template":"","meta":{"ngg_post_thumbnail":0,"footnotes":"","_mc_calendar":[]},"aioseo_notices":[],"_links":{"self":[{"href":"https:\/\/blogsaverroes.juntadeandalucia.es\/iesavenmoriel\/wp-json\/wp\/v2\/pages\/2645"}],"collection":[{"href":"https:\/\/blogsaverroes.juntadeandalucia.es\/iesavenmoriel\/wp-json\/wp\/v2\/pages"}],"about":[{"href":"https:\/\/blogsaverroes.juntadeandalucia.es\/iesavenmoriel\/wp-json\/wp\/v2\/types\/page"}],"author":[{"embeddable":true,"href":"https:\/\/blogsaverroes.juntadeandalucia.es\/iesavenmoriel\/wp-json\/wp\/v2\/users\/9440"}],"replies":[{"embeddable":true,"href":"https:\/\/blogsaverroes.juntadeandalucia.es\/iesavenmoriel\/wp-json\/wp\/v2\/comments?post=2645"}],"version-history":[{"count":1,"href":"https:\/\/blogsaverroes.juntadeandalucia.es\/iesavenmoriel\/wp-json\/wp\/v2\/pages\/2645\/revisions"}],"predecessor-version":[{"id":2646,"href":"https:\/\/blogsaverroes.juntadeandalucia.es\/iesavenmoriel\/wp-json\/wp\/v2\/pages\/2645\/revisions\/2646"}],"wp:attachment":[{"href":"https:\/\/blogsaverroes.juntadeandalucia.es\/iesavenmoriel\/wp-json\/wp\/v2\/media?parent=2645"}],"curies":[{"name":"wp","href":"https:\/\/api.w.org\/{rel}","templated":true}]}}

<p>El I.E.S. “Avenmoriel” es una realidad en la actualidad por los siguientes acontecimientos:</p>
<p>* Con la aplicación de la LOGSE, en lo que se refiere a Educación Secundaria obligatoria en Benamaurel, el primer ciclo de la ESO se cursaba en el Colegio “Amancia Burgos”. Gracias al empeño de la Comunidad escolar en ese momento se consiguió que en Benamaurel se pudiera establecer un Centro de Secundaria con toda la etapa completa y que acogiera a alumnos/as de la localidad de Cortes de Baza</p>
<p>* Sección Delegada del I.E.S. “Jiménez Montoya” de Baza, en el curso 98/99</p>
<p>* Se creó por Decreto nº 190/1999 (B.O.J.A. 109 del 18 de Septiembre de 1999)</p>
<p>* Recibió su denominación específica de I.E.S. “Avenmoriel”, a propuesta del Consejo Escolar, por Orden de 10 de Diciembre de l999 (B.O.J.A. nº 10 de 27 de Enero de 2000) .</p>
<p>* Convenio de la Junta con los ayuntamientos (Aula 2000) para la construcción de un edificio de dos plantas anexo al CEIP. “Amancia Burgos”.</p>
<p>* Se reconoce como Centro de Integración para alumnos con necesidades educativas especiales (Orden 31/07/1998 y publicado en el Boja 20/08/98</p>
<p>* Ampliación de dos aulas y la Dirección. 2002</p>
<p>*Renovación de solería, pintura y tejado. 2013</p>

<p>El I.E.S. “Avenmoriel” es una realidad en la actualidad por los siguientes acontecimientos: * Con la aplicación de la LOGSE, en lo que se refiere a Educación Secundaria obligatoria en Benamaurel, el primer ciclo&#46;&#46;&#46;</p>
