{"id":2739,"date":"2019-05-09T17:00:10","date_gmt":"2019-05-09T17:00:10","guid":{"rendered":"https:\/\/blogsaverroes.juntadeandalucia.es\/iesaxati\/?page_id=2739"},"modified":"2019-05-19T17:55:36","modified_gmt":"2019-05-19T17:55:36","slug":"dinamizacion-de-espacios-y-tiempos-para-promover-la-convivencia-escolar","status":"publish","type":"page","link":"https:\/\/blogsaverroes.juntadeandalucia.es\/iesaxati\/?page_id=2739","title":{"rendered":"Dinamizaci\u00f3n de espacios y tiempos para promover la convivencia escolar"},"content":{"rendered":"<p><a href=\"https:\/\/blogsaverroes.juntadeandalucia.es\/iesaxati\/files\/2019\/04\/promcera2.jpg\"><img fetchpriority=\"high\" decoding=\"async\" class=\"alignnone size-medium wp-image-2590\" src=\"https:\/\/blogsaverroes.juntadeandalucia.es\/iesaxati\/files\/2019\/04\/promcera2-300x225.jpg\" alt=\"\" width=\"300\" height=\"225\" srcset=\"https:\/\/blogsaverroes.juntadeandalucia.es\/iesaxati\/files\/2019\/04\/promcera2-300x225.jpg 300w, https:\/\/blogsaverroes.juntadeandalucia.es\/iesaxati\/files\/2019\/04\/promcera2-24x18.jpg 24w, https:\/\/blogsaverroes.juntadeandalucia.es\/iesaxati\/files\/2019\/04\/promcera2-36x27.jpg 36w, https:\/\/blogsaverroes.juntadeandalucia.es\/iesaxati\/files\/2019\/04\/promcera2-48x36.jpg 48w, https:\/\/blogsaverroes.juntadeandalucia.es\/iesaxati\/files\/2019\/04\/promcera2.jpg 960w\" sizes=\"(max-width: 300px) 100vw, 300px\" \/><\/a> <a href=\"https:\/\/blogsaverroes.juntadeandalucia.es\/iesaxati\/files\/2019\/04\/promcera1.jpg\"><img decoding=\"async\" class=\"alignnone size-medium wp-image-2589\" src=\"https:\/\/blogsaverroes.juntadeandalucia.es\/iesaxati\/files\/2019\/04\/promcera1-300x225.jpg\" alt=\"\" width=\"300\" height=\"225\" srcset=\"https:\/\/blogsaverroes.juntadeandalucia.es\/iesaxati\/files\/2019\/04\/promcera1-300x225.jpg 300w, https:\/\/blogsaverroes.juntadeandalucia.es\/iesaxati\/files\/2019\/04\/promcera1-24x18.jpg 24w, https:\/\/blogsaverroes.juntadeandalucia.es\/iesaxati\/files\/2019\/04\/promcera1-36x27.jpg 36w, https:\/\/blogsaverroes.juntadeandalucia.es\/iesaxati\/files\/2019\/04\/promcera1-48x36.jpg 48w, https:\/\/blogsaverroes.juntadeandalucia.es\/iesaxati\/files\/2019\/04\/promcera1.jpg 960w\" sizes=\"(max-width: 300px) 100vw, 300px\" \/><\/a><\/p>\n<p>\u00abDINAMIZACI\u00d3N DE ESPACIOS Y TIEMPOS PARA PROMOVER LA CONVIVENCIA ESCOLAR\u00bb<\/p>\n<p>Cristina Fern\u00e1ndez Molina<br \/>\nJos\u00e9 M. Bando N\u00fa\u00f1ez<\/p>\n<p>19:00 &#8211; 19:30 h. CEIP San Isidro (El Priorato). \u00bb MANEJANDO HERRAMIENTAS EMOCIONALES PARA MEJORAR EL CLIMA DEL CENTRO Y EL RENDIMIENTO DEL ALUMNADO\u00bb.<br \/>\nAgustina Garc\u00eda Aguilera.<br \/>\n19:30- 20:00 h. IES Axati (Lora del R\u00edo). \u00abPROMCERA: PROGRAMA PARA LA MEJORA DE LA CONVIVENCIA EN EL ENTORNO ESCOLAR Y LOS RESULTADOS ACAD\u00c9MICOS\u00bb.<br \/>\nMariano Su\u00e1rez Jabalquinto.<br \/>\nM. Dolores Ruano Aguilera.<br \/>\nM. Paz Marchena Fern\u00e1ndez.<br \/>\n20:00- 20:30 h. IES Al-lawra (Lora del R\u00edo). \u00abMODELO DE ORGANIZACI\u00d3N DEL CENTRO QUE IMPLICA A LA COMUNIDAD EDUCATIVA EN LA GESTI\u00d3N DE LA CONVIVENCIA\u00bb.<br \/>\nM. Cristina Mart\u00edn Farf\u00e1n.<br \/>\nRafael G\u00f3mez P\u00e9rez.<\/p>\n","protected":false},"excerpt":{"rendered":"<p>\u00abDINAMIZACI\u00d3N DE ESPACIOS Y TIEMPOS PARA PROMOVER LA CONVIVENCIA ESCOLAR\u00bb Cristina Fern\u00e1ndez Molina Jos\u00e9 M. Bando N\u00fa\u00f1ez 19:00 &#8211; 19:30 h. CEIP San Isidro (El Priorato). \u00bb MANEJANDO HERRAMIENTAS EMOCIONALES PARA MEJORAR EL CLIMA&#46;&#46;&#46;<\/p>\n","protected":false},"author":7453,"featured_media":0,"parent":0,"menu_order":0,"comment_status":"closed","ping_status":"closed","template":"","meta":{"ngg_post_thumbnail":0,"footnotes":"","_mc_calendar":[]},"aioseo_notices":[],"_links":{"self":[{"href":"https:\/\/blogsaverroes.juntadeandalucia.es\/iesaxati\/index.php?rest_route=\/wp\/v2\/pages\/2739"}],"collection":[{"href":"https:\/\/blogsaverroes.juntadeandalucia.es\/iesaxati\/index.php?rest_route=\/wp\/v2\/pages"}],"about":[{"href":"https:\/\/blogsaverroes.juntadeandalucia.es\/iesaxati\/index.php?rest_route=\/wp\/v2\/types\/page"}],"author":[{"embeddable":true,"href":"https:\/\/blogsaverroes.juntadeandalucia.es\/iesaxati\/index.php?rest_route=\/wp\/v2\/users\/7453"}],"replies":[{"embeddable":true,"href":"https:\/\/blogsaverroes.juntadeandalucia.es\/iesaxati\/index.php?rest_route=%2Fwp%2Fv2%2Fcomments&post=2739"}],"version-history":[{"count":3,"href":"https:\/\/blogsaverroes.juntadeandalucia.es\/iesaxati\/index.php?rest_route=\/wp\/v2\/pages\/2739\/revisions"}],"predecessor-version":[{"id":3191,"href":"https:\/\/blogsaverroes.juntadeandalucia.es\/iesaxati\/index.php?rest_route=\/wp\/v2\/pages\/2739\/revisions\/3191"}],"wp:attachment":[{"href":"https:\/\/blogsaverroes.juntadeandalucia.es\/iesaxati\/index.php?rest_route=%2Fwp%2Fv2%2Fmedia&parent=2739"}],"curies":[{"name":"wp","href":"https:\/\/api.w.org\/{rel}","templated":true}]}}

Dinamización de espacios y tiempos para promover la convivencia escolar

<p><a href="https://blogsaverroes.juntadeandalucia.es/iesaxati/files/2019/04/promcera2.jpg"><img fetchpriority="high" decoding="async" class="alignnone size-medium wp-image-2590" src="https://blogsaverroes.juntadeandalucia.es/iesaxati/files/2019/04/promcera2-300x225.jpg" alt="" width="300" height="225" srcset="https://blogsaverroes.juntadeandalucia.es/iesaxati/files/2019/04/promcera2-300x225.jpg 300w, https://blogsaverroes.juntadeandalucia.es/iesaxati/files/2019/04/promcera2-24x18.jpg 24w, https://blogsaverroes.juntadeandalucia.es/iesaxati/files/2019/04/promcera2-36x27.jpg 36w, https://blogsaverroes.juntadeandalucia.es/iesaxati/files/2019/04/promcera2-48x36.jpg 48w, https://blogsaverroes.juntadeandalucia.es/iesaxati/files/2019/04/promcera2.jpg 960w" sizes="(max-width: 300px) 100vw, 300px" /></a> <a href="https://blogsaverroes.juntadeandalucia.es/iesaxati/files/2019/04/promcera1.jpg"><img decoding="async" class="alignnone size-medium wp-image-2589" src="https://blogsaverroes.juntadeandalucia.es/iesaxati/files/2019/04/promcera1-300x225.jpg" alt="" width="300" height="225" srcset="https://blogsaverroes.juntadeandalucia.es/iesaxati/files/2019/04/promcera1-300x225.jpg 300w, https://blogsaverroes.juntadeandalucia.es/iesaxati/files/2019/04/promcera1-24x18.jpg 24w, https://blogsaverroes.juntadeandalucia.es/iesaxati/files/2019/04/promcera1-36x27.jpg 36w, https://blogsaverroes.juntadeandalucia.es/iesaxati/files/2019/04/promcera1-48x36.jpg 48w, https://blogsaverroes.juntadeandalucia.es/iesaxati/files/2019/04/promcera1.jpg 960w" sizes="(max-width: 300px) 100vw, 300px" /></a></p>
<p>«DINAMIZACIÓN DE ESPACIOS Y TIEMPOS PARA PROMOVER LA CONVIVENCIA ESCOLAR»</p>
<p>Cristina Fernández Molina<br />
José M. Bando Núñez</p>
<p>19:00 &#8211; 19:30 h. CEIP San Isidro (El Priorato). » MANEJANDO HERRAMIENTAS EMOCIONALES PARA MEJORAR EL CLIMA DEL CENTRO Y EL RENDIMIENTO DEL ALUMNADO».<br />
Agustina García Aguilera.<br />
19:30- 20:00 h. IES Axati (Lora del Río). «PROMCERA: PROGRAMA PARA LA MEJORA DE LA CONVIVENCIA EN EL ENTORNO ESCOLAR Y LOS RESULTADOS ACADÉMICOS».<br />
Mariano Suárez Jabalquinto.<br />
M. Dolores Ruano Aguilera.<br />
M. Paz Marchena Fernández.<br />
20:00- 20:30 h. IES Al-lawra (Lora del Río). «MODELO DE ORGANIZACIÓN DEL CENTRO QUE IMPLICA A LA COMUNIDAD EDUCATIVA EN LA GESTIÓN DE LA CONVIVENCIA».<br />
M. Cristina Martín Farfán.<br />
Rafael Gómez Pérez.</p>

<p>«DINAMIZACIÓN DE ESPACIOS Y TIEMPOS PARA PROMOVER LA CONVIVENCIA ESCOLAR» Cristina Fernández Molina José M. Bando Núñez 19:00 &#8211; 19:30 h. CEIP San Isidro (El Priorato). » MANEJANDO HERRAMIENTAS EMOCIONALES PARA MEJORAR EL CLIMA&#46;&#46;&#46;</p>
