{"id":42,"date":"2015-03-13T08:40:47","date_gmt":"2015-03-13T08:40:47","guid":{"rendered":"http:\/\/blogsaverroes.juntadeandalucia.es\/pre\/ceip\/?page_id=42"},"modified":"2026-01-18T18:36:28","modified_gmt":"2026-01-18T18:36:28","slug":"equipo-directivo","status":"publish","type":"page","link":"https:\/\/blogsaverroes.juntadeandalucia.es\/iesaxati\/?page_id=42","title":{"rendered":"Equipo directivo"},"content":{"rendered":"<p><img fetchpriority=\"high\" decoding=\"async\" class=\"alignnone size-large wp-image-9195\" src=\"https:\/\/blogsaverroes.juntadeandalucia.es\/iesaxati\/files\/2026\/01\/equipo_directivo_25_29-1024x768.jpeg\" alt=\"\" width=\"1024\" height=\"768\" srcset=\"https:\/\/blogsaverroes.juntadeandalucia.es\/iesaxati\/files\/2026\/01\/equipo_directivo_25_29-1024x768.jpeg 1024w, https:\/\/blogsaverroes.juntadeandalucia.es\/iesaxati\/files\/2026\/01\/equipo_directivo_25_29-300x225.jpeg 300w, https:\/\/blogsaverroes.juntadeandalucia.es\/iesaxati\/files\/2026\/01\/equipo_directivo_25_29-768x576.jpeg 768w, https:\/\/blogsaverroes.juntadeandalucia.es\/iesaxati\/files\/2026\/01\/equipo_directivo_25_29-1536x1152.jpeg 1536w, https:\/\/blogsaverroes.juntadeandalucia.es\/iesaxati\/files\/2026\/01\/equipo_directivo_25_29.jpeg 1600w\" sizes=\"(max-width: 1024px) 100vw, 1024px\" \/><\/p>\n<p>&nbsp;<\/p>\n<p><strong>Direcci\u00f3n:<\/strong> Manuel Lira Garc\u00eda, especialidad Geograf\u00eda e Historia<\/p>\n<p><strong>Vicedirecci\u00f3n:<\/strong> Mar\u00eda Dolores Ruano Aguilera, especialidad Inform\u00e1tica<\/p>\n<p><strong>Jefatura de estudios:<\/strong> Ana M\u00aa Lahoz F\u00fanez, especialidad Lengua Castellana y Literatur<\/p>\n<p><strong>Jefatura de estudios adjunta:<\/strong> Francisca Ar\u00e9valo Crespo, especialidad Pedagog\u00eda Terapeutica Eso<\/p>\n<p><strong>Secretar\u00eda:<\/strong> Manuel Cuevas Rueda, especialidad Tecnolog\u00eda<\/p>\n","protected":false},"excerpt":{"rendered":"<p>&nbsp; Direcci\u00f3n: Manuel Lira Garc\u00eda, especialidad Geograf\u00eda e Historia Vicedirecci\u00f3n: Mar\u00eda Dolores Ruano Aguilera, especialidad Inform\u00e1tica Jefatura de estudios: Ana M\u00aa Lahoz F\u00fanez, especialidad Lengua Castellana y Literatur Jefatura de estudios adjunta: Francisca Ar\u00e9valo&#46;&#46;&#46;<\/p>\n","protected":false},"author":1,"featured_media":0,"parent":0,"menu_order":0,"comment_status":"open","ping_status":"open","template":"page-templates\/child-menu.php","meta":{"ngg_post_thumbnail":0,"footnotes":"","_mc_calendar":[]},"aioseo_notices":[],"_links":{"self":[{"href":"https:\/\/blogsaverroes.juntadeandalucia.es\/iesaxati\/index.php?rest_route=\/wp\/v2\/pages\/42"}],"collection":[{"href":"https:\/\/blogsaverroes.juntadeandalucia.es\/iesaxati\/index.php?rest_route=\/wp\/v2\/pages"}],"about":[{"href":"https:\/\/blogsaverroes.juntadeandalucia.es\/iesaxati\/index.php?rest_route=\/wp\/v2\/types\/page"}],"author":[{"embeddable":true,"href":"https:\/\/blogsaverroes.juntadeandalucia.es\/iesaxati\/index.php?rest_route=\/wp\/v2\/users\/1"}],"replies":[{"embeddable":true,"href":"https:\/\/blogsaverroes.juntadeandalucia.es\/iesaxati\/index.php?rest_route=%2Fwp%2Fv2%2Fcomments&post=42"}],"version-history":[{"count":15,"href":"https:\/\/blogsaverroes.juntadeandalucia.es\/iesaxati\/index.php?rest_route=\/wp\/v2\/pages\/42\/revisions"}],"predecessor-version":[{"id":9196,"href":"https:\/\/blogsaverroes.juntadeandalucia.es\/iesaxati\/index.php?rest_route=\/wp\/v2\/pages\/42\/revisions\/9196"}],"wp:attachment":[{"href":"https:\/\/blogsaverroes.juntadeandalucia.es\/iesaxati\/index.php?rest_route=%2Fwp%2Fv2%2Fmedia&parent=42"}],"curies":[{"name":"wp","href":"https:\/\/api.w.org\/{rel}","templated":true}]}}