{"id":5849,"date":"2022-11-15T16:54:05","date_gmt":"2022-11-15T16:54:05","guid":{"rendered":"https:\/\/blogsaverroes.juntadeandalucia.es\/iesaxati\/?page_id=5849"},"modified":"2022-11-15T16:54:05","modified_gmt":"2022-11-15T16:54:05","slug":"dia-del-flamenco-en-el-ies-axati","status":"publish","type":"page","link":"https:\/\/blogsaverroes.juntadeandalucia.es\/iesaxati\/?page_id=5849","title":{"rendered":"D\u00eda del flamenco en el IES Axati"},"content":{"rendered":"<p>Hoy 15 de noviembre hemos celebrado el D\u00eda del flamenco en el IES Axati y se ha rememorado la proclamaci\u00f3n del <strong>flamenco<\/strong> como Patrimonio Cultural Inmaterial de la Humanidad, por parte de la UNESCO, que es la Organizaci\u00f3n de las Naciones Unidas para la Educaci\u00f3n, la Ciencia y la Cultura.<\/p>\n<p>Hemos contado para llevar a cabo este evento con la presencia sublime de la bailaora Eva que nos ha dado una lecci\u00f3n magistral sobre este arte entendido como una maestr\u00eda que trasciende fronteras.<\/p>\n<p>&nbsp;Agradecemos la participaci\u00f3n y agradecemos al alumno Rafa Ortiz su ofrecimiento por tocar la caja y acompa\u00f1arnos en esta celebraci\u00f3n.<\/p>\n<p>Esta actividad ha sido desarrollada por la profesora Cristina quien ha contado con el apoyo de la profesora Rosa y con el favor de la Direcci\u00f3n del centro educativo.<\/p>\n<p><img fetchpriority=\"high\" decoding=\"async\" class=\"alignnone wp-image-5851 size-large\" src=\"https:\/\/blogsaverroes.juntadeandalucia.es\/iesaxati\/files\/2022\/11\/PHOTO-2022-11-15-14-48-50-1024x771.jpg\" alt=\"\" width=\"1024\" height=\"771\" srcset=\"https:\/\/blogsaverroes.juntadeandalucia.es\/iesaxati\/files\/2022\/11\/PHOTO-2022-11-15-14-48-50-1024x771.jpg 1024w, https:\/\/blogsaverroes.juntadeandalucia.es\/iesaxati\/files\/2022\/11\/PHOTO-2022-11-15-14-48-50-300x226.jpg 300w, https:\/\/blogsaverroes.juntadeandalucia.es\/iesaxati\/files\/2022\/11\/PHOTO-2022-11-15-14-48-50-768x578.jpg 768w, https:\/\/blogsaverroes.juntadeandalucia.es\/iesaxati\/files\/2022\/11\/PHOTO-2022-11-15-14-48-50-1536x1156.jpg 1536w, https:\/\/blogsaverroes.juntadeandalucia.es\/iesaxati\/files\/2022\/11\/PHOTO-2022-11-15-14-48-50.jpg 1600w\" sizes=\"(max-width: 1024px) 100vw, 1024px\" \/> <img decoding=\"async\" class=\"alignnone wp-image-5852 size-large\" src=\"https:\/\/blogsaverroes.juntadeandalucia.es\/iesaxati\/files\/2022\/11\/PHOTO-2022-11-15-15-36-12-1024x771.jpg\" alt=\"\" width=\"1024\" height=\"771\" srcset=\"https:\/\/blogsaverroes.juntadeandalucia.es\/iesaxati\/files\/2022\/11\/PHOTO-2022-11-15-15-36-12-1024x771.jpg 1024w, https:\/\/blogsaverroes.juntadeandalucia.es\/iesaxati\/files\/2022\/11\/PHOTO-2022-11-15-15-36-12-300x226.jpg 300w, https:\/\/blogsaverroes.juntadeandalucia.es\/iesaxati\/files\/2022\/11\/PHOTO-2022-11-15-15-36-12-768x578.jpg 768w, https:\/\/blogsaverroes.juntadeandalucia.es\/iesaxati\/files\/2022\/11\/PHOTO-2022-11-15-15-36-12-1536x1157.jpg 1536w, https:\/\/blogsaverroes.juntadeandalucia.es\/iesaxati\/files\/2022\/11\/PHOTO-2022-11-15-15-36-12.jpg 1600w\" sizes=\"(max-width: 1024px) 100vw, 1024px\" \/><\/p>\n","protected":false},"excerpt":{"rendered":"<p>Hoy 15 de noviembre hemos celebrado el D\u00eda del flamenco en el IES Axati y se ha rememorado la proclamaci\u00f3n del flamenco como Patrimonio Cultural Inmaterial de la Humanidad, por parte de la UNESCO,&#46;&#46;&#46;<\/p>\n","protected":false},"author":7453,"featured_media":5850,"parent":0,"menu_order":0,"comment_status":"closed","ping_status":"closed","template":"","meta":{"ngg_post_thumbnail":0,"footnotes":"","_mc_calendar":[]},"aioseo_notices":[],"_links":{"self":[{"href":"https:\/\/blogsaverroes.juntadeandalucia.es\/iesaxati\/index.php?rest_route=\/wp\/v2\/pages\/5849"}],"collection":[{"href":"https:\/\/blogsaverroes.juntadeandalucia.es\/iesaxati\/index.php?rest_route=\/wp\/v2\/pages"}],"about":[{"href":"https:\/\/blogsaverroes.juntadeandalucia.es\/iesaxati\/index.php?rest_route=\/wp\/v2\/types\/page"}],"author":[{"embeddable":true,"href":"https:\/\/blogsaverroes.juntadeandalucia.es\/iesaxati\/index.php?rest_route=\/wp\/v2\/users\/7453"}],"replies":[{"embeddable":true,"href":"https:\/\/blogsaverroes.juntadeandalucia.es\/iesaxati\/index.php?rest_route=%2Fwp%2Fv2%2Fcomments&post=5849"}],"version-history":[{"count":1,"href":"https:\/\/blogsaverroes.juntadeandalucia.es\/iesaxati\/index.php?rest_route=\/wp\/v2\/pages\/5849\/revisions"}],"predecessor-version":[{"id":5853,"href":"https:\/\/blogsaverroes.juntadeandalucia.es\/iesaxati\/index.php?rest_route=\/wp\/v2\/pages\/5849\/revisions\/5853"}],"wp:featuredmedia":[{"embeddable":true,"href":"https:\/\/blogsaverroes.juntadeandalucia.es\/iesaxati\/index.php?rest_route=\/wp\/v2\/media\/5850"}],"wp:attachment":[{"href":"https:\/\/blogsaverroes.juntadeandalucia.es\/iesaxati\/index.php?rest_route=%2Fwp%2Fv2%2Fmedia&parent=5849"}],"curies":[{"name":"wp","href":"https:\/\/api.w.org\/{rel}","templated":true}]}}

Día del flamenco en el IES Axati

<p>Hoy 15 de noviembre hemos celebrado el Día del flamenco en el IES Axati y se ha rememorado la proclamación del <strong>flamenco</strong> como Patrimonio Cultural Inmaterial de la Humanidad, por parte de la UNESCO, que es la Organización de las Naciones Unidas para la Educación, la Ciencia y la Cultura.</p>
<p>Hemos contado para llevar a cabo este evento con la presencia sublime de la bailaora Eva que nos ha dado una lección magistral sobre este arte entendido como una maestría que trasciende fronteras.</p>
<p>&nbsp;Agradecemos la participación y agradecemos al alumno Rafa Ortiz su ofrecimiento por tocar la caja y acompañarnos en esta celebración.</p>
<p>Esta actividad ha sido desarrollada por la profesora Cristina quien ha contado con el apoyo de la profesora Rosa y con el favor de la Dirección del centro educativo.</p>
<p><img fetchpriority="high" decoding="async" class="alignnone wp-image-5851 size-large" src="https://blogsaverroes.juntadeandalucia.es/iesaxati/files/2022/11/PHOTO-2022-11-15-14-48-50-1024x771.jpg" alt="" width="1024" height="771" srcset="https://blogsaverroes.juntadeandalucia.es/iesaxati/files/2022/11/PHOTO-2022-11-15-14-48-50-1024x771.jpg 1024w, https://blogsaverroes.juntadeandalucia.es/iesaxati/files/2022/11/PHOTO-2022-11-15-14-48-50-300x226.jpg 300w, https://blogsaverroes.juntadeandalucia.es/iesaxati/files/2022/11/PHOTO-2022-11-15-14-48-50-768x578.jpg 768w, https://blogsaverroes.juntadeandalucia.es/iesaxati/files/2022/11/PHOTO-2022-11-15-14-48-50-1536x1156.jpg 1536w, https://blogsaverroes.juntadeandalucia.es/iesaxati/files/2022/11/PHOTO-2022-11-15-14-48-50.jpg 1600w" sizes="(max-width: 1024px) 100vw, 1024px" /> <img decoding="async" class="alignnone wp-image-5852 size-large" src="https://blogsaverroes.juntadeandalucia.es/iesaxati/files/2022/11/PHOTO-2022-11-15-15-36-12-1024x771.jpg" alt="" width="1024" height="771" srcset="https://blogsaverroes.juntadeandalucia.es/iesaxati/files/2022/11/PHOTO-2022-11-15-15-36-12-1024x771.jpg 1024w, https://blogsaverroes.juntadeandalucia.es/iesaxati/files/2022/11/PHOTO-2022-11-15-15-36-12-300x226.jpg 300w, https://blogsaverroes.juntadeandalucia.es/iesaxati/files/2022/11/PHOTO-2022-11-15-15-36-12-768x578.jpg 768w, https://blogsaverroes.juntadeandalucia.es/iesaxati/files/2022/11/PHOTO-2022-11-15-15-36-12-1536x1157.jpg 1536w, https://blogsaverroes.juntadeandalucia.es/iesaxati/files/2022/11/PHOTO-2022-11-15-15-36-12.jpg 1600w" sizes="(max-width: 1024px) 100vw, 1024px" /></p>

<p>Hoy 15 de noviembre hemos celebrado el Día del flamenco en el IES Axati y se ha rememorado la proclamación del flamenco como Patrimonio Cultural Inmaterial de la Humanidad, por parte de la UNESCO,&#46;&#46;&#46;</p>
