{"id":6284,"date":"2023-02-13T11:55:46","date_gmt":"2023-02-13T11:55:46","guid":{"rendered":"https:\/\/blogsaverroes.juntadeandalucia.es\/iesaxati\/?page_id=6284"},"modified":"2023-02-13T11:56:17","modified_gmt":"2023-02-13T11:56:17","slug":"certamen-del-concurso-de-poesia-del-dia-de-san-valentin","status":"publish","type":"page","link":"https:\/\/blogsaverroes.juntadeandalucia.es\/iesaxati\/?page_id=6284","title":{"rendered":"Certamen del concurso de poes\u00eda del D\u00eda de San Valent\u00edn"},"content":{"rendered":"<p><em>Francisco Jos\u00e9 Padilla L\u00f3pez<\/em>, ganador de San Valent\u00edn<\/p>\n<p><img fetchpriority=\"high\" decoding=\"async\" class=\"alignnone wp-image-6285 size-large\" src=\"https:\/\/blogsaverroes.juntadeandalucia.es\/iesaxati\/files\/2023\/02\/PHOTO-2023-02-13-11-27-30-771x1024.jpg\" alt=\"\" width=\"771\" height=\"1024\" srcset=\"https:\/\/blogsaverroes.juntadeandalucia.es\/iesaxati\/files\/2023\/02\/PHOTO-2023-02-13-11-27-30-771x1024.jpg 771w, https:\/\/blogsaverroes.juntadeandalucia.es\/iesaxati\/files\/2023\/02\/PHOTO-2023-02-13-11-27-30-226x300.jpg 226w, https:\/\/blogsaverroes.juntadeandalucia.es\/iesaxati\/files\/2023\/02\/PHOTO-2023-02-13-11-27-30-768x1020.jpg 768w, https:\/\/blogsaverroes.juntadeandalucia.es\/iesaxati\/files\/2023\/02\/PHOTO-2023-02-13-11-27-30-1157x1536.jpg 1157w, https:\/\/blogsaverroes.juntadeandalucia.es\/iesaxati\/files\/2023\/02\/PHOTO-2023-02-13-11-27-30.jpg 1205w\" sizes=\"(max-width: 771px) 100vw, 771px\" \/><\/p>\n<p>Y los diplomas por el esfuerzo para nuestro alumnado de la ESO:<\/p>\n<p><img decoding=\"async\" class=\"alignnone wp-image-6286 size-full\" src=\"https:\/\/blogsaverroes.juntadeandalucia.es\/iesaxati\/files\/2023\/02\/PHOTO-2023-02-13-11-36-49-1.jpg\" alt=\"\" width=\"1600\" height=\"1205\" srcset=\"https:\/\/blogsaverroes.juntadeandalucia.es\/iesaxati\/files\/2023\/02\/PHOTO-2023-02-13-11-36-49-1.jpg 1600w, https:\/\/blogsaverroes.juntadeandalucia.es\/iesaxati\/files\/2023\/02\/PHOTO-2023-02-13-11-36-49-1-300x226.jpg 300w, https:\/\/blogsaverroes.juntadeandalucia.es\/iesaxati\/files\/2023\/02\/PHOTO-2023-02-13-11-36-49-1-1024x771.jpg 1024w, https:\/\/blogsaverroes.juntadeandalucia.es\/iesaxati\/files\/2023\/02\/PHOTO-2023-02-13-11-36-49-1-768x578.jpg 768w, https:\/\/blogsaverroes.juntadeandalucia.es\/iesaxati\/files\/2023\/02\/PHOTO-2023-02-13-11-36-49-1-1536x1157.jpg 1536w\" sizes=\"(max-width: 1600px) 100vw, 1600px\" \/> <img decoding=\"async\" class=\"alignnone wp-image-6287 size-large\" src=\"https:\/\/blogsaverroes.juntadeandalucia.es\/iesaxati\/files\/2023\/02\/PHOTO-2023-02-13-11-36-49-2-1024x771.jpg\" alt=\"\" width=\"1024\" height=\"771\" srcset=\"https:\/\/blogsaverroes.juntadeandalucia.es\/iesaxati\/files\/2023\/02\/PHOTO-2023-02-13-11-36-49-2-1024x771.jpg 1024w, https:\/\/blogsaverroes.juntadeandalucia.es\/iesaxati\/files\/2023\/02\/PHOTO-2023-02-13-11-36-49-2-300x226.jpg 300w, https:\/\/blogsaverroes.juntadeandalucia.es\/iesaxati\/files\/2023\/02\/PHOTO-2023-02-13-11-36-49-2-768x578.jpg 768w, https:\/\/blogsaverroes.juntadeandalucia.es\/iesaxati\/files\/2023\/02\/PHOTO-2023-02-13-11-36-49-2-1536x1157.jpg 1536w, https:\/\/blogsaverroes.juntadeandalucia.es\/iesaxati\/files\/2023\/02\/PHOTO-2023-02-13-11-36-49-2.jpg 1600w\" sizes=\"(max-width: 1024px) 100vw, 1024px\" \/> <img loading=\"lazy\" decoding=\"async\" class=\"alignnone wp-image-6288 size-large\" src=\"https:\/\/blogsaverroes.juntadeandalucia.es\/iesaxati\/files\/2023\/02\/PHOTO-2023-02-13-11-36-49-3-1024x771.jpg\" alt=\"\" width=\"1024\" height=\"771\" srcset=\"https:\/\/blogsaverroes.juntadeandalucia.es\/iesaxati\/files\/2023\/02\/PHOTO-2023-02-13-11-36-49-3-1024x771.jpg 1024w, https:\/\/blogsaverroes.juntadeandalucia.es\/iesaxati\/files\/2023\/02\/PHOTO-2023-02-13-11-36-49-3-300x226.jpg 300w, https:\/\/blogsaverroes.juntadeandalucia.es\/iesaxati\/files\/2023\/02\/PHOTO-2023-02-13-11-36-49-3-768x578.jpg 768w, https:\/\/blogsaverroes.juntadeandalucia.es\/iesaxati\/files\/2023\/02\/PHOTO-2023-02-13-11-36-49-3-1536x1157.jpg 1536w, https:\/\/blogsaverroes.juntadeandalucia.es\/iesaxati\/files\/2023\/02\/PHOTO-2023-02-13-11-36-49-3.jpg 1600w\" sizes=\"(max-width: 1024px) 100vw, 1024px\" \/> <img loading=\"lazy\" decoding=\"async\" class=\"alignnone wp-image-6289 size-large\" src=\"https:\/\/blogsaverroes.juntadeandalucia.es\/iesaxati\/files\/2023\/02\/PHOTO-2023-02-13-11-36-49-1024x771.jpg\" alt=\"\" width=\"1024\" height=\"771\" srcset=\"https:\/\/blogsaverroes.juntadeandalucia.es\/iesaxati\/files\/2023\/02\/PHOTO-2023-02-13-11-36-49-1024x771.jpg 1024w, https:\/\/blogsaverroes.juntadeandalucia.es\/iesaxati\/files\/2023\/02\/PHOTO-2023-02-13-11-36-49-300x226.jpg 300w, https:\/\/blogsaverroes.juntadeandalucia.es\/iesaxati\/files\/2023\/02\/PHOTO-2023-02-13-11-36-49-768x578.jpg 768w, https:\/\/blogsaverroes.juntadeandalucia.es\/iesaxati\/files\/2023\/02\/PHOTO-2023-02-13-11-36-49-1536x1157.jpg 1536w, https:\/\/blogsaverroes.juntadeandalucia.es\/iesaxati\/files\/2023\/02\/PHOTO-2023-02-13-11-36-49.jpg 1600w\" sizes=\"(max-width: 1024px) 100vw, 1024px\" \/> <img loading=\"lazy\" decoding=\"async\" class=\"alignnone wp-image-6290 size-large\" src=\"https:\/\/blogsaverroes.juntadeandalucia.es\/iesaxati\/files\/2023\/02\/PHOTO-2023-02-13-12-19-14-768x1024.jpg\" alt=\"\" width=\"768\" height=\"1024\" srcset=\"https:\/\/blogsaverroes.juntadeandalucia.es\/iesaxati\/files\/2023\/02\/PHOTO-2023-02-13-12-19-14-768x1024.jpg 768w, https:\/\/blogsaverroes.juntadeandalucia.es\/iesaxati\/files\/2023\/02\/PHOTO-2023-02-13-12-19-14-225x300.jpg 225w, https:\/\/blogsaverroes.juntadeandalucia.es\/iesaxati\/files\/2023\/02\/PHOTO-2023-02-13-12-19-14-1152x1536.jpg 1152w, https:\/\/blogsaverroes.juntadeandalucia.es\/iesaxati\/files\/2023\/02\/PHOTO-2023-02-13-12-19-14.jpg 1200w\" sizes=\"(max-width: 768px) 100vw, 768px\" \/><\/p>\n<p><img loading=\"lazy\" decoding=\"async\" class=\"alignnone wp-image-6293 size-large\" src=\"https:\/\/blogsaverroes.juntadeandalucia.es\/iesaxati\/files\/2023\/02\/PHOTO-2023-02-13-12-46-03-1024x771.jpg\" alt=\"\" width=\"1024\" height=\"771\" srcset=\"https:\/\/blogsaverroes.juntadeandalucia.es\/iesaxati\/files\/2023\/02\/PHOTO-2023-02-13-12-46-03-1024x771.jpg 1024w, https:\/\/blogsaverroes.juntadeandalucia.es\/iesaxati\/files\/2023\/02\/PHOTO-2023-02-13-12-46-03-300x226.jpg 300w, https:\/\/blogsaverroes.juntadeandalucia.es\/iesaxati\/files\/2023\/02\/PHOTO-2023-02-13-12-46-03-768x578.jpg 768w, https:\/\/blogsaverroes.juntadeandalucia.es\/iesaxati\/files\/2023\/02\/PHOTO-2023-02-13-12-46-03-1536x1157.jpg 1536w, https:\/\/blogsaverroes.juntadeandalucia.es\/iesaxati\/files\/2023\/02\/PHOTO-2023-02-13-12-46-03.jpg 1600w\" sizes=\"(max-width: 1024px) 100vw, 1024px\" \/> <img loading=\"lazy\" decoding=\"async\" class=\"alignnone wp-image-6294 size-large\" src=\"https:\/\/blogsaverroes.juntadeandalucia.es\/iesaxati\/files\/2023\/02\/PHOTO-2023-02-13-12-51-55-1024x771.jpg\" alt=\"\" width=\"1024\" height=\"771\" srcset=\"https:\/\/blogsaverroes.juntadeandalucia.es\/iesaxati\/files\/2023\/02\/PHOTO-2023-02-13-12-51-55-1024x771.jpg 1024w, https:\/\/blogsaverroes.juntadeandalucia.es\/iesaxati\/files\/2023\/02\/PHOTO-2023-02-13-12-51-55-300x226.jpg 300w, https:\/\/blogsaverroes.juntadeandalucia.es\/iesaxati\/files\/2023\/02\/PHOTO-2023-02-13-12-51-55-768x578.jpg 768w, https:\/\/blogsaverroes.juntadeandalucia.es\/iesaxati\/files\/2023\/02\/PHOTO-2023-02-13-12-51-55-1536x1157.jpg 1536w, https:\/\/blogsaverroes.juntadeandalucia.es\/iesaxati\/files\/2023\/02\/PHOTO-2023-02-13-12-51-55.jpg 1600w\" sizes=\"(max-width: 1024px) 100vw, 1024px\" \/><\/p>\n","protected":false},"excerpt":{"rendered":"<p>Francisco Jos\u00e9 Padilla L\u00f3pez, ganador de San Valent\u00edn Y los diplomas por el esfuerzo para nuestro alumnado de la ESO:<\/p>\n","protected":false},"author":7453,"featured_media":6295,"parent":0,"menu_order":0,"comment_status":"closed","ping_status":"closed","template":"","meta":{"ngg_post_thumbnail":0,"footnotes":"","_mc_calendar":[]},"aioseo_notices":[],"_links":{"self":[{"href":"https:\/\/blogsaverroes.juntadeandalucia.es\/iesaxati\/index.php?rest_route=\/wp\/v2\/pages\/6284"}],"collection":[{"href":"https:\/\/blogsaverroes.juntadeandalucia.es\/iesaxati\/index.php?rest_route=\/wp\/v2\/pages"}],"about":[{"href":"https:\/\/blogsaverroes.juntadeandalucia.es\/iesaxati\/index.php?rest_route=\/wp\/v2\/types\/page"}],"author":[{"embeddable":true,"href":"https:\/\/blogsaverroes.juntadeandalucia.es\/iesaxati\/index.php?rest_route=\/wp\/v2\/users\/7453"}],"replies":[{"embeddable":true,"href":"https:\/\/blogsaverroes.juntadeandalucia.es\/iesaxati\/index.php?rest_route=%2Fwp%2Fv2%2Fcomments&post=6284"}],"version-history":[{"count":3,"href":"https:\/\/blogsaverroes.juntadeandalucia.es\/iesaxati\/index.php?rest_route=\/wp\/v2\/pages\/6284\/revisions"}],"predecessor-version":[{"id":6296,"href":"https:\/\/blogsaverroes.juntadeandalucia.es\/iesaxati\/index.php?rest_route=\/wp\/v2\/pages\/6284\/revisions\/6296"}],"wp:featuredmedia":[{"embeddable":true,"href":"https:\/\/blogsaverroes.juntadeandalucia.es\/iesaxati\/index.php?rest_route=\/wp\/v2\/media\/6295"}],"wp:attachment":[{"href":"https:\/\/blogsaverroes.juntadeandalucia.es\/iesaxati\/index.php?rest_route=%2Fwp%2Fv2%2Fmedia&parent=6284"}],"curies":[{"name":"wp","href":"https:\/\/api.w.org\/{rel}","templated":true}]}}

Certamen del concurso de poesía del Día de San Valentín

<p><em>Francisco José Padilla López</em>, ganador de San Valentín</p>
<p><img fetchpriority="high" decoding="async" class="alignnone wp-image-6285 size-large" src="https://blogsaverroes.juntadeandalucia.es/iesaxati/files/2023/02/PHOTO-2023-02-13-11-27-30-771x1024.jpg" alt="" width="771" height="1024" srcset="https://blogsaverroes.juntadeandalucia.es/iesaxati/files/2023/02/PHOTO-2023-02-13-11-27-30-771x1024.jpg 771w, https://blogsaverroes.juntadeandalucia.es/iesaxati/files/2023/02/PHOTO-2023-02-13-11-27-30-226x300.jpg 226w, https://blogsaverroes.juntadeandalucia.es/iesaxati/files/2023/02/PHOTO-2023-02-13-11-27-30-768x1020.jpg 768w, https://blogsaverroes.juntadeandalucia.es/iesaxati/files/2023/02/PHOTO-2023-02-13-11-27-30-1157x1536.jpg 1157w, https://blogsaverroes.juntadeandalucia.es/iesaxati/files/2023/02/PHOTO-2023-02-13-11-27-30.jpg 1205w" sizes="(max-width: 771px) 100vw, 771px" /></p>
<p>Y los diplomas por el esfuerzo para nuestro alumnado de la ESO:</p>
<p><img decoding="async" class="alignnone wp-image-6286 size-full" src="https://blogsaverroes.juntadeandalucia.es/iesaxati/files/2023/02/PHOTO-2023-02-13-11-36-49-1.jpg" alt="" width="1600" height="1205" srcset="https://blogsaverroes.juntadeandalucia.es/iesaxati/files/2023/02/PHOTO-2023-02-13-11-36-49-1.jpg 1600w, https://blogsaverroes.juntadeandalucia.es/iesaxati/files/2023/02/PHOTO-2023-02-13-11-36-49-1-300x226.jpg 300w, https://blogsaverroes.juntadeandalucia.es/iesaxati/files/2023/02/PHOTO-2023-02-13-11-36-49-1-1024x771.jpg 1024w, https://blogsaverroes.juntadeandalucia.es/iesaxati/files/2023/02/PHOTO-2023-02-13-11-36-49-1-768x578.jpg 768w, https://blogsaverroes.juntadeandalucia.es/iesaxati/files/2023/02/PHOTO-2023-02-13-11-36-49-1-1536x1157.jpg 1536w" sizes="(max-width: 1600px) 100vw, 1600px" /> <img decoding="async" class="alignnone wp-image-6287 size-large" src="https://blogsaverroes.juntadeandalucia.es/iesaxati/files/2023/02/PHOTO-2023-02-13-11-36-49-2-1024x771.jpg" alt="" width="1024" height="771" srcset="https://blogsaverroes.juntadeandalucia.es/iesaxati/files/2023/02/PHOTO-2023-02-13-11-36-49-2-1024x771.jpg 1024w, https://blogsaverroes.juntadeandalucia.es/iesaxati/files/2023/02/PHOTO-2023-02-13-11-36-49-2-300x226.jpg 300w, https://blogsaverroes.juntadeandalucia.es/iesaxati/files/2023/02/PHOTO-2023-02-13-11-36-49-2-768x578.jpg 768w, https://blogsaverroes.juntadeandalucia.es/iesaxati/files/2023/02/PHOTO-2023-02-13-11-36-49-2-1536x1157.jpg 1536w, https://blogsaverroes.juntadeandalucia.es/iesaxati/files/2023/02/PHOTO-2023-02-13-11-36-49-2.jpg 1600w" sizes="(max-width: 1024px) 100vw, 1024px" /> <img loading="lazy" decoding="async" class="alignnone wp-image-6288 size-large" src="https://blogsaverroes.juntadeandalucia.es/iesaxati/files/2023/02/PHOTO-2023-02-13-11-36-49-3-1024x771.jpg" alt="" width="1024" height="771" srcset="https://blogsaverroes.juntadeandalucia.es/iesaxati/files/2023/02/PHOTO-2023-02-13-11-36-49-3-1024x771.jpg 1024w, https://blogsaverroes.juntadeandalucia.es/iesaxati/files/2023/02/PHOTO-2023-02-13-11-36-49-3-300x226.jpg 300w, https://blogsaverroes.juntadeandalucia.es/iesaxati/files/2023/02/PHOTO-2023-02-13-11-36-49-3-768x578.jpg 768w, https://blogsaverroes.juntadeandalucia.es/iesaxati/files/2023/02/PHOTO-2023-02-13-11-36-49-3-1536x1157.jpg 1536w, https://blogsaverroes.juntadeandalucia.es/iesaxati/files/2023/02/PHOTO-2023-02-13-11-36-49-3.jpg 1600w" sizes="(max-width: 1024px) 100vw, 1024px" /> <img loading="lazy" decoding="async" class="alignnone wp-image-6289 size-large" src="https://blogsaverroes.juntadeandalucia.es/iesaxati/files/2023/02/PHOTO-2023-02-13-11-36-49-1024x771.jpg" alt="" width="1024" height="771" srcset="https://blogsaverroes.juntadeandalucia.es/iesaxati/files/2023/02/PHOTO-2023-02-13-11-36-49-1024x771.jpg 1024w, https://blogsaverroes.juntadeandalucia.es/iesaxati/files/2023/02/PHOTO-2023-02-13-11-36-49-300x226.jpg 300w, https://blogsaverroes.juntadeandalucia.es/iesaxati/files/2023/02/PHOTO-2023-02-13-11-36-49-768x578.jpg 768w, https://blogsaverroes.juntadeandalucia.es/iesaxati/files/2023/02/PHOTO-2023-02-13-11-36-49-1536x1157.jpg 1536w, https://blogsaverroes.juntadeandalucia.es/iesaxati/files/2023/02/PHOTO-2023-02-13-11-36-49.jpg 1600w" sizes="(max-width: 1024px) 100vw, 1024px" /> <img loading="lazy" decoding="async" class="alignnone wp-image-6290 size-large" src="https://blogsaverroes.juntadeandalucia.es/iesaxati/files/2023/02/PHOTO-2023-02-13-12-19-14-768x1024.jpg" alt="" width="768" height="1024" srcset="https://blogsaverroes.juntadeandalucia.es/iesaxati/files/2023/02/PHOTO-2023-02-13-12-19-14-768x1024.jpg 768w, https://blogsaverroes.juntadeandalucia.es/iesaxati/files/2023/02/PHOTO-2023-02-13-12-19-14-225x300.jpg 225w, https://blogsaverroes.juntadeandalucia.es/iesaxati/files/2023/02/PHOTO-2023-02-13-12-19-14-1152x1536.jpg 1152w, https://blogsaverroes.juntadeandalucia.es/iesaxati/files/2023/02/PHOTO-2023-02-13-12-19-14.jpg 1200w" sizes="(max-width: 768px) 100vw, 768px" /></p>
<p><img loading="lazy" decoding="async" class="alignnone wp-image-6293 size-large" src="https://blogsaverroes.juntadeandalucia.es/iesaxati/files/2023/02/PHOTO-2023-02-13-12-46-03-1024x771.jpg" alt="" width="1024" height="771" srcset="https://blogsaverroes.juntadeandalucia.es/iesaxati/files/2023/02/PHOTO-2023-02-13-12-46-03-1024x771.jpg 1024w, https://blogsaverroes.juntadeandalucia.es/iesaxati/files/2023/02/PHOTO-2023-02-13-12-46-03-300x226.jpg 300w, https://blogsaverroes.juntadeandalucia.es/iesaxati/files/2023/02/PHOTO-2023-02-13-12-46-03-768x578.jpg 768w, https://blogsaverroes.juntadeandalucia.es/iesaxati/files/2023/02/PHOTO-2023-02-13-12-46-03-1536x1157.jpg 1536w, https://blogsaverroes.juntadeandalucia.es/iesaxati/files/2023/02/PHOTO-2023-02-13-12-46-03.jpg 1600w" sizes="(max-width: 1024px) 100vw, 1024px" /> <img loading="lazy" decoding="async" class="alignnone wp-image-6294 size-large" src="https://blogsaverroes.juntadeandalucia.es/iesaxati/files/2023/02/PHOTO-2023-02-13-12-51-55-1024x771.jpg" alt="" width="1024" height="771" srcset="https://blogsaverroes.juntadeandalucia.es/iesaxati/files/2023/02/PHOTO-2023-02-13-12-51-55-1024x771.jpg 1024w, https://blogsaverroes.juntadeandalucia.es/iesaxati/files/2023/02/PHOTO-2023-02-13-12-51-55-300x226.jpg 300w, https://blogsaverroes.juntadeandalucia.es/iesaxati/files/2023/02/PHOTO-2023-02-13-12-51-55-768x578.jpg 768w, https://blogsaverroes.juntadeandalucia.es/iesaxati/files/2023/02/PHOTO-2023-02-13-12-51-55-1536x1157.jpg 1536w, https://blogsaverroes.juntadeandalucia.es/iesaxati/files/2023/02/PHOTO-2023-02-13-12-51-55.jpg 1600w" sizes="(max-width: 1024px) 100vw, 1024px" /></p>

<p>Francisco José Padilla López, ganador de San Valentín Y los diplomas por el esfuerzo para nuestro alumnado de la ESO:</p>
