{"id":7099,"date":"2023-10-18T17:16:15","date_gmt":"2023-10-18T17:16:15","guid":{"rendered":"https:\/\/blogsaverroes.juntadeandalucia.es\/iesaxati\/?page_id=7099"},"modified":"2023-11-01T09:07:14","modified_gmt":"2023-11-01T09:07:14","slug":"programa-aula-de-emprendimiento","status":"publish","type":"page","link":"https:\/\/blogsaverroes.juntadeandalucia.es\/iesaxati\/?page_id=7099","title":{"rendered":"Programa Aula de Emprendimiento"},"content":{"rendered":"<div class=\"osc-res-tab tabbable   osc-tabs-left\"><div style=\"clear:both;width: 100%;\"><ul class=\"nav osc-res-nav nav-tabs osc-tabs-left-ul\" id=\"oscitas-restabs-1-programa-aula-de-emprendimiento-92181\"><li class=\"active\"><a href=\"#ert_pane1-0\" data-toggle=\"tab\">Noticias<\/a><\/li><li class=\"\"><a href=\"#ert_pane1-1\" data-toggle=\"tab\">Proyecto<\/a><\/li><li class=\"\"><a href=\"#ert_pane1-2\" data-toggle=\"tab\">Coordinaci\u00f3n<\/a><\/li><\/ul><\/div><div style=\"clear:both;width: 100%;\"><ul class=\"tab-content\" id=\"oscitas-restabcontent-1-programa-aula-de-emprendimiento-92181\"><li class=\"tab-pane active\" id=\"ert_pane1-0\"><\/p>\n<p><div class=\"pt-cv-wrapper\"><div class=\"pt-cv-view pt-cv-grid pt-cv-colsys\" id=\"pt-cv-view-6d608a04v7\"><div data-id=\"pt-cv-page-1\" class=\"pt-cv-page\" data-cvc=\"1\"><div class=\"col-md-12 col-sm-12 col-xs-12 pt-cv-content-item pt-cv-1-col\" ><div class='pt-cv-ifield'><h6 class=\"pt-cv-title\"><a href=\"https:\/\/blogsaverroes.juntadeandalucia.es\/iesaxati\/?p=9054\" class=\"_self\" target=\"_self\" >Prototipos realizados por los alumnos en clases de emprendimiento<\/a><\/h6><\/div><\/div>\n<div class=\"col-md-12 col-sm-12 col-xs-12 pt-cv-content-item pt-cv-1-col\" ><div class='pt-cv-ifield'><h6 class=\"pt-cv-title\"><a href=\"https:\/\/blogsaverroes.juntadeandalucia.es\/iesaxati\/?p=8466\" class=\"_self\" target=\"_self\" >Taller de Emprendimiento para el alumnado de 2\u00ba Sistemas Microinform\u00e1ticos y Redes<\/a><\/h6><\/div><\/div>\n<div class=\"col-md-12 col-sm-12 col-xs-12 pt-cv-content-item pt-cv-1-col\" ><div class='pt-cv-ifield'><h6 class=\"pt-cv-title\"><a href=\"https:\/\/blogsaverroes.juntadeandalucia.es\/iesaxati\/?p=8187\" class=\"_self\" target=\"_self\" >Gymkana del Emprendimiento<\/a><\/h6><\/div><\/div>\n<div class=\"col-md-12 col-sm-12 col-xs-12 pt-cv-content-item pt-cv-1-col\" ><div class='pt-cv-ifield'><h6 class=\"pt-cv-title\"><a href=\"https:\/\/blogsaverroes.juntadeandalucia.es\/iesaxati\/?p=8017\" class=\"_self\" target=\"_self\" >Renovaci\u00f3n mobiliario del aula de emprendimiento<\/a><\/h6><\/div><\/div>\n<div class=\"col-md-12 col-sm-12 col-xs-12 pt-cv-content-item pt-cv-1-col\" ><div class='pt-cv-ifield'><h6 class=\"pt-cv-title\"><a href=\"https:\/\/blogsaverroes.juntadeandalucia.es\/iesaxati\/?p=7924\" class=\"_self\" target=\"_self\" >Visita a la empresa \u00abCoca-cola\u00bb<\/a><\/h6><\/div><\/div>\n<div class=\"col-md-12 col-sm-12 col-xs-12 pt-cv-content-item pt-cv-1-col\" ><div class='pt-cv-ifield'><h6 class=\"pt-cv-title\"><a href=\"https:\/\/blogsaverroes.juntadeandalucia.es\/iesaxati\/?p=7897\" class=\"_self\" target=\"_self\" >Taller sobre modelo CANVAS<\/a><\/h6><\/div><\/div>\n<div class=\"col-md-12 col-sm-12 col-xs-12 pt-cv-content-item pt-cv-1-col\" ><div class='pt-cv-ifield'><h6 class=\"pt-cv-title\"><a href=\"https:\/\/blogsaverroes.juntadeandalucia.es\/iesaxati\/?p=7826\" class=\"_self\" target=\"_self\" >Erasmus + On Life: Charla sobre los riesgos de las redes sociales<\/a><\/h6><\/div><\/div>\n<div class=\"col-md-12 col-sm-12 col-xs-12 pt-cv-content-item pt-cv-1-col\" ><div class='pt-cv-ifield'><h6 class=\"pt-cv-title\"><a href=\"https:\/\/blogsaverroes.juntadeandalucia.es\/iesaxati\/?p=7795\" class=\"_self\" target=\"_self\" >Taller de Emprendimiento para el alumnado de 4\u00ba ESO A y  B<\/a><\/h6><\/div><\/div>\n<div class=\"col-md-12 col-sm-12 col-xs-12 pt-cv-content-item pt-cv-1-col\" ><div class='pt-cv-ifield'><h6 class=\"pt-cv-title\"><a href=\"https:\/\/blogsaverroes.juntadeandalucia.es\/iesaxati\/?p=7473\" class=\"_self\" target=\"_self\" >Taller de emprendimiento para nuestro alumnado de Formaci\u00f3n Profesional<\/a><\/h6><\/div><\/div>\n<div class=\"col-md-12 col-sm-12 col-xs-12 pt-cv-content-item pt-cv-1-col\" ><div class='pt-cv-ifield'><h6 class=\"pt-cv-title\"><a href=\"https:\/\/blogsaverroes.juntadeandalucia.es\/iesaxati\/?p=7423\" class=\"_self\" target=\"_self\" >Charla  de antiguos alumnos del Ciclo de Grado Medio de Sistemas Microinform\u00e1ticos y Redes<\/a><\/h6><\/div><\/div><\/div><\/div><\/div><\/p>\n<p><\/li><li class=\"tab-pane \" id=\"ert_pane1-1\"><\/p>\n<p>Nuestro centro ha sido dotado con un aula de emprendimiento <strong><em>Axati emprende<\/em><\/strong>, un espacio f\u00edsico acondicionado para trabajar el emprendimiento desde diferentes \u00e1mbitos:<\/p>\n<ul>\n<li>Desarrollar las soft-skills del alumnado participante, para mejorar sus habilidades y capacidades para desarrollar su m\u00e1ximo potencial personal y profesional.<\/li>\n<li>Desarrollar herramientas y capacidades para la ideaci\u00f3n, elaboraci\u00f3n, validaci\u00f3n y puesta en marcha de proyectos emprendedores.<\/li>\n<li>Aportar al profesorado el IES Axati herramientas para aplicar en sus aulas metodolog\u00edas activas que desarrollen en su alumnado capacidades y destrezas para mejorar su empleabilidad y habilidades emprendedoras.<\/li>\n<\/ul>\n<p>Una de las salidas profesionales que tiene nuestro alumnado tras finalizar sus estudios de formaci\u00f3n profesional es la del autoempleo, por lo que es muy importante que se fomente en ellos la cultura emprendedora, la creaci\u00f3n y gesti\u00f3n de empresas y se proporcione conocimiento del mercado de trabajo y de las relaciones laborales.<\/p>\n<p>La creaci\u00f3n del aula de emprendimiento supone una gran oportunidad para nuestros alumnos emprendedores teniendo en cuenta, adem\u00e1s, las caracter\u00edsticas de la comarca donde se ubica nuestro centro, en la Vega Alta de Sevilla del Valle del Guadalquivir, en la que prima el aut\u00f3nomo de la peque\u00f1a y mediana empresa.<\/p>\n<p>&nbsp;<\/p>\n<p><\/li><li class=\"tab-pane \" id=\"ert_pane1-2\"><\/p>\n<p>M\u00aa Dolores Ruano Aguilera<\/p>\n<p><\/li><\/ul><\/div><\/div>\n","protected":false},"excerpt":{"rendered":"","protected":false},"author":7453,"featured_media":0,"parent":0,"menu_order":0,"comment_status":"closed","ping_status":"closed","template":"","meta":{"ngg_post_thumbnail":0,"footnotes":"","_mc_calendar":[]},"aioseo_notices":[],"_links":{"self":[{"href":"https:\/\/blogsaverroes.juntadeandalucia.es\/iesaxati\/index.php?rest_route=\/wp\/v2\/pages\/7099"}],"collection":[{"href":"https:\/\/blogsaverroes.juntadeandalucia.es\/iesaxati\/index.php?rest_route=\/wp\/v2\/pages"}],"about":[{"href":"https:\/\/blogsaverroes.juntadeandalucia.es\/iesaxati\/index.php?rest_route=\/wp\/v2\/types\/page"}],"author":[{"embeddable":true,"href":"https:\/\/blogsaverroes.juntadeandalucia.es\/iesaxati\/index.php?rest_route=\/wp\/v2\/users\/7453"}],"replies":[{"embeddable":true,"href":"https:\/\/blogsaverroes.juntadeandalucia.es\/iesaxati\/index.php?rest_route=%2Fwp%2Fv2%2Fcomments&post=7099"}],"version-history":[{"count":14,"href":"https:\/\/blogsaverroes.juntadeandalucia.es\/iesaxati\/index.php?rest_route=\/wp\/v2\/pages\/7099\/revisions"}],"predecessor-version":[{"id":7293,"href":"https:\/\/blogsaverroes.juntadeandalucia.es\/iesaxati\/index.php?rest_route=\/wp\/v2\/pages\/7099\/revisions\/7293"}],"wp:attachment":[{"href":"https:\/\/blogsaverroes.juntadeandalucia.es\/iesaxati\/index.php?rest_route=%2Fwp%2Fv2%2Fmedia&parent=7099"}],"curies":[{"name":"wp","href":"https:\/\/api.w.org\/{rel}","templated":true}]}}