{"id":2772,"date":"2019-11-27T22:21:38","date_gmt":"2019-11-27T22:21:38","guid":{"rendered":"https:\/\/blogsaverroes.juntadeandalucia.es\/iesazahar\/?page_id=2772"},"modified":"2023-10-27T10:24:06","modified_gmt":"2023-10-27T10:24:06","slug":"equipo-directivo-2","status":"publish","type":"page","link":"https:\/\/blogsaverroes.juntadeandalucia.es\/iesazahar\/equipo-directivo-2\/","title":{"rendered":"Equipo directivo"},"content":{"rendered":"<p>&nbsp;<\/p>\n<ul>\n<li>\n<h4><strong>Direcci\u00f3n<\/strong>: Rosa P\u00e9rez Rodr\u00edguez<\/h4>\n<\/li>\n<li>\n<h4><strong>Vicedirecci\u00f3n<\/strong>: Roc\u00edo Salvador Pulido<\/h4>\n<\/li>\n<li>\n<h4><strong>Jefatura de estudios<\/strong>: \u00c1ngela Guti\u00e9rrez Jim\u00e9nez<\/h4>\n<\/li>\n<li>\n<h4><strong>Jefatura de estudios adjunta<\/strong>: Jes\u00fas Fern\u00e1ndez Torres<\/h4>\n<\/li>\n<li>\n<h4><strong>Secretar\u00eda<\/strong>: Manuel Gonz\u00e1lez Maroto<\/h4>\n<\/li>\n<\/ul>\n","protected":false},"excerpt":{"rendered":"<p>&nbsp; Direcci\u00f3n: Rosa P\u00e9rez Rodr\u00edguez Vicedirecci\u00f3n: Roc\u00edo Salvador Pulido Jefatura de estudios: \u00c1ngela Guti\u00e9rrez Jim\u00e9nez Jefatura de estudios adjunta: Jes\u00fas Fern\u00e1ndez Torres Secretar\u00eda: Manuel Gonz\u00e1lez Maroto<\/p>\n","protected":false},"author":7635,"featured_media":0,"parent":0,"menu_order":0,"comment_status":"closed","ping_status":"closed","template":"","meta":{"ngg_post_thumbnail":0,"footnotes":"","_mc_calendar":[]},"aioseo_notices":[],"_links":{"self":[{"href":"https:\/\/blogsaverroes.juntadeandalucia.es\/iesazahar\/wp-json\/wp\/v2\/pages\/2772"}],"collection":[{"href":"https:\/\/blogsaverroes.juntadeandalucia.es\/iesazahar\/wp-json\/wp\/v2\/pages"}],"about":[{"href":"https:\/\/blogsaverroes.juntadeandalucia.es\/iesazahar\/wp-json\/wp\/v2\/types\/page"}],"author":[{"embeddable":true,"href":"https:\/\/blogsaverroes.juntadeandalucia.es\/iesazahar\/wp-json\/wp\/v2\/users\/7635"}],"replies":[{"embeddable":true,"href":"https:\/\/blogsaverroes.juntadeandalucia.es\/iesazahar\/wp-json\/wp\/v2\/comments?post=2772"}],"version-history":[{"count":8,"href":"https:\/\/blogsaverroes.juntadeandalucia.es\/iesazahar\/wp-json\/wp\/v2\/pages\/2772\/revisions"}],"predecessor-version":[{"id":4813,"href":"https:\/\/blogsaverroes.juntadeandalucia.es\/iesazahar\/wp-json\/wp\/v2\/pages\/2772\/revisions\/4813"}],"wp:attachment":[{"href":"https:\/\/blogsaverroes.juntadeandalucia.es\/iesazahar\/wp-json\/wp\/v2\/media?parent=2772"}],"curies":[{"name":"wp","href":"https:\/\/api.w.org\/{rel}","templated":true}]}}