{"id":2777,"date":"2019-11-28T07:28:50","date_gmt":"2019-11-28T07:28:50","guid":{"rendered":"https:\/\/blogsaverroes.juntadeandalucia.es\/iesazahar\/?page_id=2777"},"modified":"2025-10-27T13:20:56","modified_gmt":"2025-10-27T13:20:56","slug":"secretaria","status":"publish","type":"page","link":"https:\/\/blogsaverroes.juntadeandalucia.es\/iesazahar\/secretaria\/","title":{"rendered":"Secretar\u00eda"},"content":{"rendered":"<p>La secretar\u00eda del centro est\u00e1 atendida por M\u00aa Jos\u00e9 Nu\u00f1ez Garc\u00eda y Miguel \u00c1ngel Chamorro Lozano.<\/p>\n<p>El horario de atenci\u00f3n al p\u00fablico es de <strong>10:00 a 13:00, de lunes a viernes.<\/strong><\/p>\n<p>El tel\u00e9fono de contacto es <strong>955622818.<\/strong><\/p>\n<p>La direcci\u00f3n de correo electr\u00f3nico es<strong> 41700427.edu@juntadeandalucia.es<\/strong><\/p>\n","protected":false},"excerpt":{"rendered":"<p>La secretar\u00eda del centro est\u00e1 atendida por M\u00aa Jos\u00e9 Nu\u00f1ez Garc\u00eda y Miguel \u00c1ngel Chamorro Lozano. El horario de atenci\u00f3n al p\u00fablico es de 10:00 a 13:00, de lunes a viernes. El tel\u00e9fono de contacto&#46;&#46;&#46;<\/p>\n","protected":false},"author":7635,"featured_media":0,"parent":0,"menu_order":0,"comment_status":"closed","ping_status":"closed","template":"","meta":{"ngg_post_thumbnail":0,"footnotes":"","_mc_calendar":[]},"aioseo_notices":[],"_links":{"self":[{"href":"https:\/\/blogsaverroes.juntadeandalucia.es\/iesazahar\/wp-json\/wp\/v2\/pages\/2777"}],"collection":[{"href":"https:\/\/blogsaverroes.juntadeandalucia.es\/iesazahar\/wp-json\/wp\/v2\/pages"}],"about":[{"href":"https:\/\/blogsaverroes.juntadeandalucia.es\/iesazahar\/wp-json\/wp\/v2\/types\/page"}],"author":[{"embeddable":true,"href":"https:\/\/blogsaverroes.juntadeandalucia.es\/iesazahar\/wp-json\/wp\/v2\/users\/7635"}],"replies":[{"embeddable":true,"href":"https:\/\/blogsaverroes.juntadeandalucia.es\/iesazahar\/wp-json\/wp\/v2\/comments?post=2777"}],"version-history":[{"count":5,"href":"https:\/\/blogsaverroes.juntadeandalucia.es\/iesazahar\/wp-json\/wp\/v2\/pages\/2777\/revisions"}],"predecessor-version":[{"id":6202,"href":"https:\/\/blogsaverroes.juntadeandalucia.es\/iesazahar\/wp-json\/wp\/v2\/pages\/2777\/revisions\/6202"}],"wp:attachment":[{"href":"https:\/\/blogsaverroes.juntadeandalucia.es\/iesazahar\/wp-json\/wp\/v2\/media?parent=2777"}],"curies":[{"name":"wp","href":"https:\/\/api.w.org\/{rel}","templated":true}]}}