{"id":2808,"date":"2019-11-28T07:50:57","date_gmt":"2019-11-28T07:50:57","guid":{"rendered":"https:\/\/blogsaverroes.juntadeandalucia.es\/iesazahar\/?page_id=2808"},"modified":"2025-11-18T08:34:04","modified_gmt":"2025-11-18T08:34:04","slug":"frances","status":"publish","type":"page","link":"https:\/\/blogsaverroes.juntadeandalucia.es\/iesazahar\/ambito-sociolinguistico\/frances\/","title":{"rendered":"Franc\u00e9s"},"content":{"rendered":"<p style=\"padding-left: 40px\"><strong>\u201cEnseigner, c\u2019est apprendre deux fois\u201d<\/strong>. Joseph Jaubert<\/p>\n<p style=\"padding-left: 40px\"><strong>\u201cUn enfant, un enseignant, un livre et un stylo peuvent changer le monde\u201d<\/strong>. Malala Yousafzar<\/p>\n<p>Qui\u00e9n no conoce Chanel, Lacoste, Dior, Yves Saint-Laurent, Lanc\u00f4me, L\u2019Or\u00e9al, Bourjois, Airbus, les \u00c9toiles Michelin\u2026 y tantas otras marcas que invaden nuestro d\u00eda a d\u00eda.<\/p>\n<blockquote><p>Alors, \u00bfpor&nbsp;qu\u00e9&nbsp;no estudiar&nbsp;franc\u00e9s?<\/p>\n<p>si <strong>marca la diferencia<\/strong>&nbsp;<\/p>\n<p>si<strong> abre puertas<\/strong> en \u00e1mbitos tan dispares como <em><strong>Moda, Cosm\u00e9tica, Turismo o Restauraci\u00f3n. Instituciones Europeas, Sanidad o Aeron\u00e1utica\u2026<\/strong><\/em><\/p><\/blockquote>\n<p>An\u00edmate y comprobar\u00e1s que todo son ventajas.<\/p>\n<div id=\"attachment_5473\" style=\"width: 510px\" class=\"wp-caption aligncenter\"><a href=\"https:\/\/blogsaverroes.juntadeandalucia.es\/iesazahar\/files\/2025\/02\/francia.png\"><img loading=\"lazy\" decoding=\"async\" aria-describedby=\"caption-attachment-5473\" class=\"wp-image-5473\" src=\"https:\/\/blogsaverroes.juntadeandalucia.es\/iesazahar\/files\/2025\/02\/francia-300x240.png\" alt=\"Mapa de Francia\" width=\"500\" height=\"401\" srcset=\"https:\/\/blogsaverroes.juntadeandalucia.es\/iesazahar\/files\/2025\/02\/francia-300x240.png 300w, https:\/\/blogsaverroes.juntadeandalucia.es\/iesazahar\/files\/2025\/02\/francia-768x616.png 768w, https:\/\/blogsaverroes.juntadeandalucia.es\/iesazahar\/files\/2025\/02\/francia.png 973w\" sizes=\"(max-width: 500px) 100vw, 500px\" \/><\/a><p id=\"caption-attachment-5473\" class=\"wp-caption-text\">Mapa elaborado por el alumnado<\/p><\/div>\n<table style=\"width: 98.0191%\">\n<tbody>\n<tr>\n<td style=\"width: 67.0619%\">\n<h2 style=\"text-align: left\">Profesorado<\/h2>\n<\/td>\n<td style=\"width: 120.949%\">&nbsp;<\/td>\n<\/tr>\n<tr>\n<td style=\"width: 67.0619%\">\n<p style=\"padding-left: 40px;text-align: left\"><strong>Jefa de Departamento<\/strong><\/p>\n<p style=\"text-align: left;padding-left: 40px\">Inmaculada Medina Morillas<\/p>\n<\/td>\n<td style=\"width: 120.949%;text-align: left\"><em>imedmor517@g.educaand.es<\/em><\/td>\n<\/tr>\n<tr>\n<td style=\"width: 67.0619%\">\n<h2 style=\"text-align: left\">Programaciones did\u00e1cticas<\/h2>\n<\/td>\n<td style=\"width: 120.949%\">\n<h4 style=\"text-align: left\"><a href=\"https:\/\/drive.google.com\/drive\/folders\/1DLGZUbt_FmsQF7Vh5_YJSSfAPbjoyIHz?usp=sharing\" target=\"_blank\" rel=\"noopener noreferrer\"><strong>Curso Actual<\/strong><\/a><\/h4>\n<\/td>\n<\/tr>\n<\/tbody>\n<\/table>\n","protected":false},"excerpt":{"rendered":"<p>\u201cEnseigner, c\u2019est apprendre deux fois\u201d. Joseph Jaubert \u201cUn enfant, un enseignant, un livre et un stylo peuvent changer le monde\u201d. Malala Yousafzar Qui\u00e9n no conoce Chanel, Lacoste, Dior, Yves Saint-Laurent, Lanc\u00f4me, L\u2019Or\u00e9al, Bourjois, Airbus, les&#46;&#46;&#46;<\/p>\n","protected":false},"author":7635,"featured_media":0,"parent":2804,"menu_order":0,"comment_status":"closed","ping_status":"closed","template":"","meta":{"ngg_post_thumbnail":0,"footnotes":"","_mc_calendar":[]},"aioseo_notices":[],"_links":{"self":[{"href":"https:\/\/blogsaverroes.juntadeandalucia.es\/iesazahar\/wp-json\/wp\/v2\/pages\/2808"}],"collection":[{"href":"https:\/\/blogsaverroes.juntadeandalucia.es\/iesazahar\/wp-json\/wp\/v2\/pages"}],"about":[{"href":"https:\/\/blogsaverroes.juntadeandalucia.es\/iesazahar\/wp-json\/wp\/v2\/types\/page"}],"author":[{"embeddable":true,"href":"https:\/\/blogsaverroes.juntadeandalucia.es\/iesazahar\/wp-json\/wp\/v2\/users\/7635"}],"replies":[{"embeddable":true,"href":"https:\/\/blogsaverroes.juntadeandalucia.es\/iesazahar\/wp-json\/wp\/v2\/comments?post=2808"}],"version-history":[{"count":26,"href":"https:\/\/blogsaverroes.juntadeandalucia.es\/iesazahar\/wp-json\/wp\/v2\/pages\/2808\/revisions"}],"predecessor-version":[{"id":6266,"href":"https:\/\/blogsaverroes.juntadeandalucia.es\/iesazahar\/wp-json\/wp\/v2\/pages\/2808\/revisions\/6266"}],"up":[{"embeddable":true,"href":"https:\/\/blogsaverroes.juntadeandalucia.es\/iesazahar\/wp-json\/wp\/v2\/pages\/2804"}],"wp:attachment":[{"href":"https:\/\/blogsaverroes.juntadeandalucia.es\/iesazahar\/wp-json\/wp\/v2\/media?parent=2808"}],"curies":[{"name":"wp","href":"https:\/\/api.w.org\/{rel}","templated":true}]}}