{"id":2814,"date":"2019-11-28T07:52:35","date_gmt":"2019-11-28T07:52:35","guid":{"rendered":"https:\/\/blogsaverroes.juntadeandalucia.es\/iesazahar\/?page_id=2814"},"modified":"2025-11-18T08:37:52","modified_gmt":"2025-11-18T08:37:52","slug":"geografia-e-historia","status":"publish","type":"page","link":"https:\/\/blogsaverroes.juntadeandalucia.es\/iesazahar\/ambito-sociolinguistico\/geografia-e-historia\/","title":{"rendered":"Geograf\u00eda e Historia"},"content":{"rendered":"<p><a href=\"https:\/\/blogsaverroes.juntadeandalucia.es\/iesazahar\/files\/2025\/06\/historia.png\"><img loading=\"lazy\" decoding=\"async\" class=\"size-full wp-image-5726 alignleft\" src=\"https:\/\/blogsaverroes.juntadeandalucia.es\/iesazahar\/files\/2025\/06\/historia.png\" alt=\"Departamento de Historia\" width=\"204\" height=\"247\"><\/a>El Departamento de Geograf\u00eda e Historia intenta fomentar el pensamiento cr\u00edtico, la comprensi\u00f3n cient\u00edfica y la sensibilidad art\u00edstica, as\u00ed como el compromiso social.<\/p>\n<p>Por ello ofrecemos distintas materias para la formaci\u00f3n del alumno de una manera global, como Antropolog\u00eda y Patrimonio.<\/p>\n<p style=\"text-align: left\">&nbsp;<\/p>\n<table class=\" alignleft\" style=\"border-collapse: collapse;width: 100%;height: 291px\">\n<tbody>\n<tr style=\"height: 75px\">\n<td style=\"width: 61.261%;height: 75px;text-align: left\">\n<h2>Profesorado<\/h2>\n<\/td>\n<td style=\"width: 38.739%;height: 75px\">&nbsp;<\/td>\n<\/tr>\n<tr style=\"height: 24px\">\n<td style=\"width: 61.261%;height: 24px\"><strong>Jefe de Departamento<\/strong><\/p>\n<p>Rafael Campos T\u00e9bar<\/td>\n<td style=\"width: 38.739%;height: 24px\"><em>rcamteb759.educaand.es<\/em><\/td>\n<\/tr>\n<tr style=\"height: 24px\">\n<td style=\"width: 61.261%;height: 24px\"><strong>Coordinadora del Plan de Igualdad<\/strong><\/p>\n<p>Patricia Ibarra Arteaga<\/td>\n<td style=\"width: 38.739%;height: 24px\"><em>pibaart217@g.educaand.es<\/em><\/td>\n<\/tr>\n<tr style=\"height: 24px\">\n<td style=\"width: 61.261%;height: 24px\">Alberto Morales L\u00e9rida<\/td>\n<td style=\"width: 38.739%;height: 24px\"><em>alberto.morales@iesazahar.es<\/em><\/td>\n<\/tr>\n<tr style=\"height: 24px\">\n<td style=\"width: 61.261%;height: 24px\">Marcos Rodr\u00edguez S\u00e1nchez<\/td>\n<td style=\"width: 38.739%;height: 24px\"><em>mrodsan075@g.educaand.es<\/em><\/td>\n<\/tr>\n<tr style=\"height: 24px\">\n<td style=\"width: 61.261%;height: 24px;text-align: left\">&nbsp;<\/td>\n<td style=\"width: 38.739%;height: 24px\">&nbsp;<\/td>\n<\/tr>\n<tr style=\"height: 75px\">\n<td style=\"width: 61.261%;height: 72px\">\n<h3 style=\"text-align: left\">Programaciones did\u00e1cticas<\/h3>\n<\/td>\n<td style=\"width: 38.739%;height: 72px\">\n<h4 style=\"text-align: center\"><a href=\"https:\/\/drive.google.com\/drive\/folders\/1XqMIDck7MSAQfCO5WmqrQc4XIYfXzYX3?usp=drive_link\" target=\"_blank\" rel=\"noopener noreferrer\">Curso Actual<\/a><\/h4>\n<\/td>\n<\/tr>\n<\/tbody>\n<\/table>\n<p>&nbsp;<\/p>\n<p>&nbsp;<\/p>\n<p>&nbsp;<\/p>\n<p>&nbsp;<\/p>\n","protected":false},"excerpt":{"rendered":"<p>El Departamento de Geograf\u00eda e Historia intenta fomentar el pensamiento cr\u00edtico, la comprensi\u00f3n cient\u00edfica y la sensibilidad art\u00edstica, as\u00ed como el compromiso social. Por ello ofrecemos distintas materias para la formaci\u00f3n del alumno de una&#46;&#46;&#46;<\/p>\n","protected":false},"author":7635,"featured_media":0,"parent":2804,"menu_order":0,"comment_status":"closed","ping_status":"closed","template":"","meta":{"ngg_post_thumbnail":0,"footnotes":"","_mc_calendar":[]},"aioseo_notices":[],"_links":{"self":[{"href":"https:\/\/blogsaverroes.juntadeandalucia.es\/iesazahar\/wp-json\/wp\/v2\/pages\/2814"}],"collection":[{"href":"https:\/\/blogsaverroes.juntadeandalucia.es\/iesazahar\/wp-json\/wp\/v2\/pages"}],"about":[{"href":"https:\/\/blogsaverroes.juntadeandalucia.es\/iesazahar\/wp-json\/wp\/v2\/types\/page"}],"author":[{"embeddable":true,"href":"https:\/\/blogsaverroes.juntadeandalucia.es\/iesazahar\/wp-json\/wp\/v2\/users\/7635"}],"replies":[{"embeddable":true,"href":"https:\/\/blogsaverroes.juntadeandalucia.es\/iesazahar\/wp-json\/wp\/v2\/comments?post=2814"}],"version-history":[{"count":26,"href":"https:\/\/blogsaverroes.juntadeandalucia.es\/iesazahar\/wp-json\/wp\/v2\/pages\/2814\/revisions"}],"predecessor-version":[{"id":6267,"href":"https:\/\/blogsaverroes.juntadeandalucia.es\/iesazahar\/wp-json\/wp\/v2\/pages\/2814\/revisions\/6267"}],"up":[{"embeddable":true,"href":"https:\/\/blogsaverroes.juntadeandalucia.es\/iesazahar\/wp-json\/wp\/v2\/pages\/2804"}],"wp:attachment":[{"href":"https:\/\/blogsaverroes.juntadeandalucia.es\/iesazahar\/wp-json\/wp\/v2\/media?parent=2814"}],"curies":[{"name":"wp","href":"https:\/\/api.w.org\/{rel}","templated":true}]}}

Geografía e Historia

<p><a href="https://blogsaverroes.juntadeandalucia.es/iesazahar/files/2025/06/historia.png"><img loading="lazy" decoding="async" class="size-full wp-image-5726 alignleft" src="https://blogsaverroes.juntadeandalucia.es/iesazahar/files/2025/06/historia.png" alt="Departamento de Historia" width="204" height="247"></a>El Departamento de Geografía e Historia intenta fomentar el pensamiento crítico, la comprensión científica y la sensibilidad artística, así como el compromiso social.</p>
<p>Por ello ofrecemos distintas materias para la formación del alumno de una manera global, como Antropología y Patrimonio.</p>
<p style="text-align: left">&nbsp;</p>
<table class=" alignleft" style="border-collapse: collapse;width: 100%;height: 291px">
<tbody>
<tr style="height: 75px">
<td style="width: 61.261%;height: 75px;text-align: left">
<h2>Profesorado</h2>
</td>
<td style="width: 38.739%;height: 75px">&nbsp;</td>
</tr>
<tr style="height: 24px">
<td style="width: 61.261%;height: 24px"><strong>Jefe de Departamento</strong></p>
<p>Rafael Campos Tébar</td>
<td style="width: 38.739%;height: 24px"><em>rcamteb759.educaand.es</em></td>
</tr>
<tr style="height: 24px">
<td style="width: 61.261%;height: 24px"><strong>Coordinadora del Plan de Igualdad</strong></p>
<p>Patricia Ibarra Arteaga</td>
<td style="width: 38.739%;height: 24px"><em>pibaart217@g.educaand.es</em></td>
</tr>
<tr style="height: 24px">
<td style="width: 61.261%;height: 24px">Alberto Morales Lérida</td>
<td style="width: 38.739%;height: 24px"><em>alberto.morales@iesazahar.es</em></td>
</tr>
<tr style="height: 24px">
<td style="width: 61.261%;height: 24px">Marcos Rodríguez Sánchez</td>
<td style="width: 38.739%;height: 24px"><em>mrodsan075@g.educaand.es</em></td>
</tr>
<tr style="height: 24px">
<td style="width: 61.261%;height: 24px;text-align: left">&nbsp;</td>
<td style="width: 38.739%;height: 24px">&nbsp;</td>
</tr>
<tr style="height: 75px">
<td style="width: 61.261%;height: 72px">
<h3 style="text-align: left">Programaciones didácticas</h3>
</td>
<td style="width: 38.739%;height: 72px">
<h4 style="text-align: center"><a href="https://drive.google.com/drive/folders/1XqMIDck7MSAQfCO5WmqrQc4XIYfXzYX3?usp=drive_link" target="_blank" rel="noopener noreferrer">Curso Actual</a></h4>
</td>
</tr>
</tbody>
</table>
<p>&nbsp;</p>
<p>&nbsp;</p>
<p>&nbsp;</p>
<p>&nbsp;</p>

<p>El Departamento de Geografía e Historia intenta fomentar el pensamiento crítico, la comprensión científica y la sensibilidad artística, así como el compromiso social. Por ello ofrecemos distintas materias para la formación del alumno de una&#46;&#46;&#46;</p>
