{"id":2835,"date":"2019-11-28T07:59:39","date_gmt":"2019-11-28T07:59:39","guid":{"rendered":"https:\/\/blogsaverroes.juntadeandalucia.es\/iesazahar\/?page_id=2835"},"modified":"2025-11-18T12:11:33","modified_gmt":"2025-11-18T12:11:33","slug":"orientacion","status":"publish","type":"page","link":"https:\/\/blogsaverroes.juntadeandalucia.es\/iesazahar\/orientacion\/","title":{"rendered":"Orientaci\u00f3n"},"content":{"rendered":"<p><a href=\"https:\/\/blogsaverroes.juntadeandalucia.es\/iesazahar\/files\/2025\/06\/FOTO_DEPARTAMENTO.jpeg\"><img loading=\"lazy\" decoding=\"async\" class=\"alignleft wp-image-5713\" src=\"https:\/\/blogsaverroes.juntadeandalucia.es\/iesazahar\/files\/2025\/06\/FOTO_DEPARTAMENTO-300x246.jpeg\" alt=\"Departamento Orientaci\u00f3n\" width=\"401\" height=\"329\" srcset=\"https:\/\/blogsaverroes.juntadeandalucia.es\/iesazahar\/files\/2025\/06\/FOTO_DEPARTAMENTO-300x246.jpeg 300w, https:\/\/blogsaverroes.juntadeandalucia.es\/iesazahar\/files\/2025\/06\/FOTO_DEPARTAMENTO.jpeg 733w\" sizes=\"(max-width: 401px) 100vw, 401px\" \/><\/a><\/p>\n<p style=\"text-align: justify\">El Departamento de Orientaci\u00f3n del Instituto IES AZAHAR tiene como objetivo principal acompa\u00f1ar y apoyar a los estudiantes en su desarrollo personal, acad\u00e9mico y vocacional.<\/p>\n<p style=\"text-align: justify\">Trabajamos de manera conjunta con el equipo docente, las familias y los propios alumnos y alumnas para favorecer una educaci\u00f3n integral que responda a las necesidades individuales de cada estudiante.<\/p>\n<p style=\"text-align: justify\">Nuestro compromiso es crear un entorno de confianza y escucha activa donde el alumnado pueda encontrar herramientas para afrontar sus desaf\u00edos y potenciar sus fortalezas.<\/p>\n<blockquote><p>&nbsp;<\/p>\n<p>El \u00e9xito llega para todos aquellos que est\u00e1n ocupados busc\u00e1ndolo. <em>Henry Thoreau.<\/em><\/p><\/blockquote>\n<table style=\"width: 101.045%;height: 236px\">\n<tbody>\n<tr style=\"height: 75px\">\n<td style=\"width: 84.113%;height: 75px\">\n<h3 style=\"text-align: left\">Profesorado<\/h3>\n<\/td>\n<td style=\"width: 130.112%;height: 75px\">&nbsp;<\/td>\n<\/tr>\n<tr style=\"height: 24px\">\n<td style=\"width: 84.113%;height: 24px;text-align: left\">M\u00aa \u00c1ngeles P\u00e9rez \u00c1lvarez:<\/p>\n<p style=\"padding-left: 40px\">Jefa de Departamento<\/p>\n<\/td>\n<td style=\"width: 130.112%;height: 24px;text-align: left\"><em>mperalv778@g.educaand.es<\/em><\/td>\n<\/tr>\n<tr style=\"height: 24px\">\n<td style=\"text-align: left;width: 84.113%\">M\u00aa Isabel V\u00e1zquez L\u00f3pez:<\/p>\n<p style=\"padding-left: 40px\">Orientaci\u00f3n Educativa P.E.S.<\/p>\n<\/td>\n<td style=\"text-align: left;width: 130.112%\"><em>mvazlop826@g.educaand.es<\/em><\/td>\n<\/tr>\n<tr style=\"height: 24px\">\n<td style=\"width: 84.113%;height: 24px;text-align: left\">Ana M\u00aa Jim\u00e9nez Gobea:<\/p>\n<p style=\"padding-left: 40px\">profesora de Pedagog\u00eda Terape\u00fatica (PT)&nbsp; &nbsp; &nbsp; &nbsp; &nbsp; &nbsp; &nbsp;<\/p>\n<\/td>\n<td style=\"width: 130.112%;height: 24px;text-align: left\"><em>ajimgob543@g.educaand.es<\/em><\/td>\n<\/tr>\n<tr style=\"height: 24px\">\n<td style=\"width: 84.113%;height: 24px;text-align: left\">Pedro Castillero Dur\u00e1n<\/p>\n<p style=\"padding-left: 40px\">profesor&nbsp; de apoyo al \u00c1rea Cient\u00edfico-tecnol\u00f3gica<\/p>\n<\/td>\n<td style=\"width: 130.112%;height: 24px;text-align: left\"><em>pcasdur878@g.educaand.es<\/em><\/td>\n<\/tr>\n<tr>\n<td style=\"width: 84.113%;text-align: left\">Ester Gayoso Dom\u00ednguez:<\/p>\n<p style=\"padding-left: 40px\">profesora de apoyo al \u00c1rea Socioling\u00fc\u00edstica&nbsp; &nbsp;<\/p>\n<\/td>\n<td style=\"width: 130.112%;text-align: left\"><em>mgaydom828@g.educaand.es<\/em><\/td>\n<\/tr>\n<tr>\n<td style=\"width: 84.113%;text-align: left\">Mercedes Chacartegui Mill\u00e1n<\/p>\n<p style=\"padding-left: 40px\">profesora de apoyo al \u00c1rea Socioling\u00fc\u00edstica&nbsp;&nbsp;<\/p>\n<\/td>\n<td style=\"width: 130.112%;text-align: left\">&nbsp;<\/td>\n<\/tr>\n<tr>\n<td style=\"width: 84.113%;text-align: left\">Jes\u00fas P\u00e9rez L\u00f3pez<\/p>\n<p style=\"padding-left: 40px\">\u00c1mbito cient\u00edfico -tecnol\u00f3gico<\/p>\n<p style=\"padding-left: 40px\">(Zona de Transformaci\u00f3n Social)<\/p>\n<\/td>\n<td style=\"width: 130.112%;text-align: left\"><em>jperlop847@g.educaand.es<\/em><\/td>\n<\/tr>\n<tr>\n<td style=\"width: 84.113%;text-align: left\">Eva Cornejo Villar\u00e1n<\/p>\n<p style=\"padding-left: 40px\">Competencia Matem\u00e1tica<\/p>\n<\/td>\n<td style=\"width: 130.112%;text-align: left\">&nbsp;<\/td>\n<\/tr>\n<tr style=\"height: 65px\">\n<td style=\"width: 84.113%;height: 65px\">\n<h4 style=\"text-align: left\">Plan de Orientaci\u00f3n y Acci\u00f3n Tutorial<\/h4>\n<\/td>\n<td style=\"width: 130.112%;height: 65px\">\n<h3><em><a href=\"https:\/\/drive.google.com\/file\/d\/1jcffUV-4a7NGTxdLxm00or-07IZ4DP7c\/view?usp=drive_link\">Curso Actual<\/a><\/em><\/h3>\n<\/td>\n<\/tr>\n<\/tbody>\n<\/table>\n<p>&nbsp;<\/p>\n","protected":false},"excerpt":{"rendered":"<p>El Departamento de Orientaci\u00f3n del Instituto IES AZAHAR tiene como objetivo principal acompa\u00f1ar y apoyar a los estudiantes en su desarrollo personal, acad\u00e9mico y vocacional. Trabajamos de manera conjunta con el equipo docente, las familias&#46;&#46;&#46;<\/p>\n","protected":false},"author":7635,"featured_media":0,"parent":0,"menu_order":0,"comment_status":"closed","ping_status":"closed","template":"","meta":{"ngg_post_thumbnail":0,"footnotes":"","_mc_calendar":[]},"aioseo_notices":[],"_links":{"self":[{"href":"https:\/\/blogsaverroes.juntadeandalucia.es\/iesazahar\/wp-json\/wp\/v2\/pages\/2835"}],"collection":[{"href":"https:\/\/blogsaverroes.juntadeandalucia.es\/iesazahar\/wp-json\/wp\/v2\/pages"}],"about":[{"href":"https:\/\/blogsaverroes.juntadeandalucia.es\/iesazahar\/wp-json\/wp\/v2\/types\/page"}],"author":[{"embeddable":true,"href":"https:\/\/blogsaverroes.juntadeandalucia.es\/iesazahar\/wp-json\/wp\/v2\/users\/7635"}],"replies":[{"embeddable":true,"href":"https:\/\/blogsaverroes.juntadeandalucia.es\/iesazahar\/wp-json\/wp\/v2\/comments?post=2835"}],"version-history":[{"count":30,"href":"https:\/\/blogsaverroes.juntadeandalucia.es\/iesazahar\/wp-json\/wp\/v2\/pages\/2835\/revisions"}],"predecessor-version":[{"id":6281,"href":"https:\/\/blogsaverroes.juntadeandalucia.es\/iesazahar\/wp-json\/wp\/v2\/pages\/2835\/revisions\/6281"}],"wp:attachment":[{"href":"https:\/\/blogsaverroes.juntadeandalucia.es\/iesazahar\/wp-json\/wp\/v2\/media?parent=2835"}],"curies":[{"name":"wp","href":"https:\/\/api.w.org\/{rel}","templated":true}]}}