{"id":44,"date":"2015-03-13T08:42:15","date_gmt":"2015-03-13T08:42:15","guid":{"rendered":"http:\/\/blogsaverroes.juntadeandalucia.es\/pre\/ceip\/?page_id=44"},"modified":"2024-06-12T11:21:18","modified_gmt":"2024-06-12T11:21:18","slug":"planes-y-programas","status":"publish","type":"page","link":"https:\/\/blogsaverroes.juntadeandalucia.es\/iesazahar\/planes-y-programas\/","title":{"rendered":"Innovaci\u00f3n Educativa"},"content":{"rendered":"<p>Cada centro personaliza y adapta su Proyecto Educativo adheri\u00e9ndose a diferentes <strong>Planes y Programas<\/strong> promovidos desde la Consejer\u00eda de Educaci\u00f3n, Cultura y Deporte.<\/p>\n<p>Este apartado recoger\u00eda la descripci\u00f3n, finalidades, actividades, coordinador\/a, etc. de estos Planes y Programas desarrollados por el centro. A continuaci\u00f3n se muestran algunos de ellos.<\/p>\n<ul>\n<li><strong>CIMA<\/strong><\/li>\n<li><strong>Coeducaci\u00f3n<\/strong><\/li>\n<li><strong>Proyecto biling\u00fce<\/strong><\/li>\n<li><strong>Grupos de trabajo<\/strong><\/li>\n<\/ul>\n<p>&nbsp;<\/p>\n","protected":false},"excerpt":{"rendered":"<p>Cada centro personaliza y adapta su Proyecto Educativo adheri\u00e9ndose a diferentes Planes y Programas promovidos desde la Consejer\u00eda de Educaci\u00f3n, Cultura y Deporte. Este apartado recoger\u00eda la descripci\u00f3n, finalidades, actividades, coordinador\/a, etc. de estos Planes&#46;&#46;&#46;<\/p>\n","protected":false},"author":1,"featured_media":0,"parent":0,"menu_order":0,"comment_status":"open","ping_status":"closed","template":"","meta":{"ngg_post_thumbnail":0,"footnotes":"","_mc_calendar":[]},"aioseo_notices":[],"_links":{"self":[{"href":"https:\/\/blogsaverroes.juntadeandalucia.es\/iesazahar\/wp-json\/wp\/v2\/pages\/44"}],"collection":[{"href":"https:\/\/blogsaverroes.juntadeandalucia.es\/iesazahar\/wp-json\/wp\/v2\/pages"}],"about":[{"href":"https:\/\/blogsaverroes.juntadeandalucia.es\/iesazahar\/wp-json\/wp\/v2\/types\/page"}],"author":[{"embeddable":true,"href":"https:\/\/blogsaverroes.juntadeandalucia.es\/iesazahar\/wp-json\/wp\/v2\/users\/1"}],"replies":[{"embeddable":true,"href":"https:\/\/blogsaverroes.juntadeandalucia.es\/iesazahar\/wp-json\/wp\/v2\/comments?post=44"}],"version-history":[{"count":7,"href":"https:\/\/blogsaverroes.juntadeandalucia.es\/iesazahar\/wp-json\/wp\/v2\/pages\/44\/revisions"}],"predecessor-version":[{"id":5076,"href":"https:\/\/blogsaverroes.juntadeandalucia.es\/iesazahar\/wp-json\/wp\/v2\/pages\/44\/revisions\/5076"}],"wp:attachment":[{"href":"https:\/\/blogsaverroes.juntadeandalucia.es\/iesazahar\/wp-json\/wp\/v2\/media?parent=44"}],"curies":[{"name":"wp","href":"https:\/\/api.w.org\/{rel}","templated":true}]}}

Innovación Educativa

<p>Cada centro personaliza y adapta su Proyecto Educativo adheriéndose a diferentes <strong>Planes y Programas</strong> promovidos desde la Consejería de Educación, Cultura y Deporte.</p>
<p>Este apartado recogería la descripción, finalidades, actividades, coordinador/a, etc. de estos Planes y Programas desarrollados por el centro. A continuación se muestran algunos de ellos.</p>
<ul>
<li><strong>CIMA</strong></li>
<li><strong>Coeducación</strong></li>
<li><strong>Proyecto bilingüe</strong></li>
<li><strong>Grupos de trabajo</strong></li>
</ul>
<p>&nbsp;</p>

<p>Cada centro personaliza y adapta su Proyecto Educativo adheriéndose a diferentes Planes y Programas promovidos desde la Consejería de Educación, Cultura y Deporte. Este apartado recogería la descripción, finalidades, actividades, coordinador/a, etc. de estos Planes&#46;&#46;&#46;</p>
