{"id":4953,"date":"2024-04-22T08:56:11","date_gmt":"2024-04-22T08:56:11","guid":{"rendered":"https:\/\/blogsaverroes.juntadeandalucia.es\/iesazahar\/?page_id=4953"},"modified":"2024-07-28T17:58:34","modified_gmt":"2024-07-28T17:58:34","slug":"cima-2","status":"publish","type":"page","link":"https:\/\/blogsaverroes.juntadeandalucia.es\/iesazahar\/planes-y-programas\/cima-2\/","title":{"rendered":"CIMA"},"content":{"rendered":"<p>Se trata de una herramienta pedag\u00f3gica para impulsar la innovaci\u00f3n y transformaci\u00f3n del proyecto educativo del centro (PE) desde el an\u00e1lisis, reflexi\u00f3n y evaluaci\u00f3n participativa garantizando la mejora continua y la personalizaci\u00f3n de los procesos seg\u00fan los centros de inter\u00e9s y necesidades del centro.<\/p>\n<p>Las l\u00edneas de trabajo que llevamos en nuestro centro son las siguientes:<\/p>\n<ul>\n<li><a href=\"https:\/\/blogsaverroes.juntadeandalucia.es\/iesazahar\/promocion-de-habitos-de-vida-saludable\/\">Promoci\u00f3n de h\u00e1bitos de vida saludable<\/a><\/li>\n<li><a href=\"https:\/\/blogsaverroes.juntadeandalucia.es\/iesazahar\/aldea-educacion-ambiental-para-la-sostenibilidad\/\">Aldea, educaci\u00f3n ambiental para la sostenibilidad<\/a><\/li>\n<li><a href=\"https:\/\/blogsaverroes.juntadeandalucia.es\/iesazahar\/proyecto-linguistico-de-centro-plc\/\">PLC, comunicaci\u00f3n y alfabetizaci\u00f3n medi\u00e1tica e informacional<\/a><\/li>\n<\/ul>\n<p><a href=\"https:\/\/www.juntadeandalucia.es\/educacion\/eaprendizaje\/cima\/\"><img loading=\"lazy\" decoding=\"async\" class=\"aligncenter wp-image-5015 size-medium\" src=\"https:\/\/blogsaverroes.juntadeandalucia.es\/iesazahar\/files\/2024\/05\/Logo-CIMA_max-calidad-300x139.png\" alt=\"\" width=\"300\" height=\"139\" srcset=\"https:\/\/blogsaverroes.juntadeandalucia.es\/iesazahar\/files\/2024\/05\/Logo-CIMA_max-calidad-300x139.png 300w, https:\/\/blogsaverroes.juntadeandalucia.es\/iesazahar\/files\/2024\/05\/Logo-CIMA_max-calidad-1024x476.png 1024w, https:\/\/blogsaverroes.juntadeandalucia.es\/iesazahar\/files\/2024\/05\/Logo-CIMA_max-calidad-768x357.png 768w, https:\/\/blogsaverroes.juntadeandalucia.es\/iesazahar\/files\/2024\/05\/Logo-CIMA_max-calidad-1536x713.png 1536w, https:\/\/blogsaverroes.juntadeandalucia.es\/iesazahar\/files\/2024\/05\/Logo-CIMA_max-calidad.png 1600w\" sizes=\"(max-width: 300px) 100vw, 300px\" \/><\/a><\/p>\n","protected":false},"excerpt":{"rendered":"<p>Se trata de una herramienta pedag\u00f3gica para impulsar la innovaci\u00f3n y transformaci\u00f3n del proyecto educativo del centro (PE) desde el an\u00e1lisis, reflexi\u00f3n y evaluaci\u00f3n participativa garantizando la mejora continua y la personalizaci\u00f3n de los procesos&#46;&#46;&#46;<\/p>\n","protected":false},"author":7635,"featured_media":0,"parent":44,"menu_order":0,"comment_status":"closed","ping_status":"closed","template":"","meta":{"ngg_post_thumbnail":0,"footnotes":"","_mc_calendar":[]},"aioseo_notices":[],"_links":{"self":[{"href":"https:\/\/blogsaverroes.juntadeandalucia.es\/iesazahar\/wp-json\/wp\/v2\/pages\/4953"}],"collection":[{"href":"https:\/\/blogsaverroes.juntadeandalucia.es\/iesazahar\/wp-json\/wp\/v2\/pages"}],"about":[{"href":"https:\/\/blogsaverroes.juntadeandalucia.es\/iesazahar\/wp-json\/wp\/v2\/types\/page"}],"author":[{"embeddable":true,"href":"https:\/\/blogsaverroes.juntadeandalucia.es\/iesazahar\/wp-json\/wp\/v2\/users\/7635"}],"replies":[{"embeddable":true,"href":"https:\/\/blogsaverroes.juntadeandalucia.es\/iesazahar\/wp-json\/wp\/v2\/comments?post=4953"}],"version-history":[{"count":4,"href":"https:\/\/blogsaverroes.juntadeandalucia.es\/iesazahar\/wp-json\/wp\/v2\/pages\/4953\/revisions"}],"predecessor-version":[{"id":5250,"href":"https:\/\/blogsaverroes.juntadeandalucia.es\/iesazahar\/wp-json\/wp\/v2\/pages\/4953\/revisions\/5250"}],"up":[{"embeddable":true,"href":"https:\/\/blogsaverroes.juntadeandalucia.es\/iesazahar\/wp-json\/wp\/v2\/pages\/44"}],"wp:attachment":[{"href":"https:\/\/blogsaverroes.juntadeandalucia.es\/iesazahar\/wp-json\/wp\/v2\/media?parent=4953"}],"curies":[{"name":"wp","href":"https:\/\/api.w.org\/{rel}","templated":true}]}}

<p>Se trata de una herramienta pedagógica para impulsar la innovación y transformación del proyecto educativo del centro (PE) desde el análisis, reflexión y evaluación participativa garantizando la mejora continua y la personalización de los procesos según los centros de interés y necesidades del centro.</p>
<p>Las líneas de trabajo que llevamos en nuestro centro son las siguientes:</p>
<ul>
<li><a href="https://blogsaverroes.juntadeandalucia.es/iesazahar/promocion-de-habitos-de-vida-saludable/">Promoción de hábitos de vida saludable</a></li>
<li><a href="https://blogsaverroes.juntadeandalucia.es/iesazahar/aldea-educacion-ambiental-para-la-sostenibilidad/">Aldea, educación ambiental para la sostenibilidad</a></li>
<li><a href="https://blogsaverroes.juntadeandalucia.es/iesazahar/proyecto-linguistico-de-centro-plc/">PLC, comunicación y alfabetización mediática e informacional</a></li>
</ul>
<p><a href="https://www.juntadeandalucia.es/educacion/eaprendizaje/cima/"><img loading="lazy" decoding="async" class="aligncenter wp-image-5015 size-medium" src="https://blogsaverroes.juntadeandalucia.es/iesazahar/files/2024/05/Logo-CIMA_max-calidad-300x139.png" alt="" width="300" height="139" srcset="https://blogsaverroes.juntadeandalucia.es/iesazahar/files/2024/05/Logo-CIMA_max-calidad-300x139.png 300w, https://blogsaverroes.juntadeandalucia.es/iesazahar/files/2024/05/Logo-CIMA_max-calidad-1024x476.png 1024w, https://blogsaverroes.juntadeandalucia.es/iesazahar/files/2024/05/Logo-CIMA_max-calidad-768x357.png 768w, https://blogsaverroes.juntadeandalucia.es/iesazahar/files/2024/05/Logo-CIMA_max-calidad-1536x713.png 1536w, https://blogsaverroes.juntadeandalucia.es/iesazahar/files/2024/05/Logo-CIMA_max-calidad.png 1600w" sizes="(max-width: 300px) 100vw, 300px" /></a></p>

<p>Se trata de una herramienta pedagógica para impulsar la innovación y transformación del proyecto educativo del centro (PE) desde el análisis, reflexión y evaluación participativa garantizando la mejora continua y la personalización de los procesos&#46;&#46;&#46;</p>
