{"id":42,"date":"2015-03-13T08:40:47","date_gmt":"2015-03-13T08:40:47","guid":{"rendered":"http:\/\/blogsaverroes.juntadeandalucia.es\/pre\/ceip\/?page_id=42"},"modified":"2022-11-16T13:26:40","modified_gmt":"2022-11-16T13:26:40","slug":"equipo-directivo","status":"publish","type":"page","link":"https:\/\/blogsaverroes.juntadeandalucia.es\/iesazaharantas\/centro\/equipo-directivo\/","title":{"rendered":"Equipo directivo"},"content":{"rendered":"\t\t<div data-elementor-type=\"wp-page\" data-elementor-id=\"42\" class=\"elementor elementor-42\">\n\t\t\t\t\t\t<section class=\"elementor-section elementor-top-section elementor-element elementor-element-b691ece elementor-section-boxed elementor-section-height-default elementor-section-height-default\" data-id=\"b691ece\" data-element_type=\"section\">\n\t\t\t\t\t\t<div class=\"elementor-container elementor-column-gap-default\">\n\t\t\t\t\t<div class=\"elementor-column elementor-col-100 elementor-top-column elementor-element elementor-element-59fc5f7\" data-id=\"59fc5f7\" data-element_type=\"column\">\n\t\t\t<div class=\"elementor-widget-wrap elementor-element-populated\">\n\t\t\t\t\t\t<div class=\"elementor-element elementor-element-f25610c elementor-widget elementor-widget-heading\" data-id=\"f25610c\" data-element_type=\"widget\" data-widget_type=\"heading.default\">\n\t\t\t\t<div class=\"elementor-widget-container\">\n\t\t\t\t\t<h2 class=\"elementor-heading-title elementor-size-default\">Composici\u00f3n Equipo Directivo I.E.S. AZAHAR ( Antas )<\/h2>\t\t\t\t<\/div>\n\t\t\t\t<\/div>\n\t\t\t\t\t<\/div>\n\t\t<\/div>\n\t\t\t\t\t<\/div>\n\t\t<\/section>\n\t\t\t\t<section class=\"elementor-section elementor-top-section elementor-element elementor-element-d2e0ed0 elementor-section-boxed elementor-section-height-default elementor-section-height-default\" data-id=\"d2e0ed0\" data-element_type=\"section\">\n\t\t\t\t\t\t<div class=\"elementor-container elementor-column-gap-default\">\n\t\t\t\t\t<div class=\"elementor-column elementor-col-100 elementor-top-column elementor-element elementor-element-c05ffe7\" data-id=\"c05ffe7\" data-element_type=\"column\">\n\t\t\t<div class=\"elementor-widget-wrap elementor-element-populated\">\n\t\t\t\t\t\t<div class=\"elementor-element elementor-element-eabe342 elementor-widget elementor-widget-text-editor\" data-id=\"eabe342\" data-element_type=\"widget\" data-widget_type=\"text-editor.default\">\n\t\t\t\t<div class=\"elementor-widget-container\">\n\t\t\t\t\t\t\t\t\t<p style=\"text-align: justify\"><strong>Direcci\u00f3n (D. Jos\u00e9 Mar\u00eda Gonz\u00e1lez Su\u00e1rez):<\/strong> Ostenta la representaci\u00f3n del instituto, cumpliendo y haciendo cumplir las leyes. Es quien dirige y coordina todas las actividades del instituto.<\/p>\t\t\t\t\t\t\t\t<\/div>\n\t\t\t\t<\/div>\n\t\t\t\t\t<\/div>\n\t\t<\/div>\n\t\t\t\t\t<\/div>\n\t\t<\/section>\n\t\t\t\t<section class=\"elementor-section elementor-top-section elementor-element elementor-element-79fb345 elementor-section-boxed elementor-section-height-default elementor-section-height-default\" data-id=\"79fb345\" data-element_type=\"section\">\n\t\t\t\t\t\t<div class=\"elementor-container elementor-column-gap-default\">\n\t\t\t\t\t<div class=\"elementor-column elementor-col-100 elementor-top-column elementor-element elementor-element-7f213d1\" data-id=\"7f213d1\" data-element_type=\"column\">\n\t\t\t<div class=\"elementor-widget-wrap elementor-element-populated\">\n\t\t\t\t\t\t<div class=\"elementor-element elementor-element-e67b20b elementor-widget elementor-widget-text-editor\" data-id=\"e67b20b\" data-element_type=\"widget\" data-widget_type=\"text-editor.default\">\n\t\t\t\t<div class=\"elementor-widget-container\">\n\t\t\t\t\t\t\t\t\t<p style=\"text-align: justify\"><strong>Jefatura de estudios (D. Miguel \u00c1ngel Mata Asensio): <\/strong>Ejerce su autoridad sobre el profesorado y alumnado en todo lo relativo al r\u00e9gimen acad\u00e9mico. Coordina todas las actividades acad\u00e9micas y vela por la acci\u00f3n pedag\u00f3gica en el instituto. Sustituye al director en caso de ausencia o enfermedad..<\/p>\t\t\t\t\t\t\t\t<\/div>\n\t\t\t\t<\/div>\n\t\t\t\t\t<\/div>\n\t\t<\/div>\n\t\t\t\t\t<\/div>\n\t\t<\/section>\n\t\t\t\t<section class=\"elementor-section elementor-top-section elementor-element elementor-element-5866511 elementor-section-boxed elementor-section-height-default elementor-section-height-default\" data-id=\"5866511\" data-element_type=\"section\">\n\t\t\t\t\t\t<div class=\"elementor-container elementor-column-gap-default\">\n\t\t\t\t\t<div class=\"elementor-column elementor-col-100 elementor-top-column elementor-element elementor-element-fe3e778\" data-id=\"fe3e778\" data-element_type=\"column\">\n\t\t\t<div class=\"elementor-widget-wrap elementor-element-populated\">\n\t\t\t\t\t\t<div class=\"elementor-element elementor-element-55f9de7 elementor-widget elementor-widget-text-editor\" data-id=\"55f9de7\" data-element_type=\"widget\" data-widget_type=\"text-editor.default\">\n\t\t\t\t<div class=\"elementor-widget-container\">\n\t\t\t\t\t\t\t\t\t<p style=\"text-align: justify\"><strong>Secretar\u00edo (D. Francisco Agudo Garc\u00eda):<\/strong> E<span class=\"parr31\">jerce su autoridad sobre el personal administrativo y de servicios generales del instituto por delegaci\u00f3n de la directora. Es de su competencia expedir las certificaciones, custodiar los libros escolares, elaborar los presupuestos y ordenar el r\u00e9gimen econ\u00f3mico del instituto.<\/span><\/p>\t\t\t\t\t\t\t\t<\/div>\n\t\t\t\t<\/div>\n\t\t\t\t\t<\/div>\n\t\t<\/div>\n\t\t\t\t\t<\/div>\n\t\t<\/section>\n\t\t\t\t<section class=\"elementor-section elementor-top-section elementor-element elementor-element-4fb57c8 elementor-section-boxed elementor-section-height-default elementor-section-height-default\" data-id=\"4fb57c8\" data-element_type=\"section\">\n\t\t\t\t\t\t<div class=\"elementor-container elementor-column-gap-default\">\n\t\t\t\t\t<div class=\"elementor-column elementor-col-100 elementor-top-column elementor-element elementor-element-f00e241\" data-id=\"f00e241\" data-element_type=\"column\">\n\t\t\t<div class=\"elementor-widget-wrap elementor-element-populated\">\n\t\t\t\t\t\t<div class=\"elementor-element elementor-element-3c52862 elementor-widget elementor-widget-text-editor\" data-id=\"3c52862\" data-element_type=\"widget\" data-widget_type=\"text-editor.default\">\n\t\t\t\t<div class=\"elementor-widget-container\">\n\t\t\t\t\t\t\t\t\t<p style=\"text-align: justify\"><span class=\"parr31\">Aunque las funciones individuales de todas estas personas vienen detalladas por la legislaci\u00f3n vigente, ello no debe impedir su funcionamiento como equipo. El Equipo Directivo trabaja de forma coordinada en el desempe\u00f1o de las funciones conforme a las instrucciones del Director.<\/span><\/p><p style=\"text-align: justify\">El Equipo Directivo es el grupo que intenta actuar como dinamizador y coordinador de toda la actividad del Instituto para lo cual deber\u00e1 tener reuniones peri\u00f3dicas entre sus miembros y cuantas sean necesarias con los distintos \u00f3rganos para el buen funcionamiento del Centro. Decidir\u00e1, como crea conveniente, su r\u00e9gimen de funcionamiento as\u00ed como la forma en que se tomar\u00e1n los acuerdos en su seno.<\/p>\t\t\t\t\t\t\t\t<\/div>\n\t\t\t\t<\/div>\n\t\t\t\t\t<\/div>\n\t\t<\/div>\n\t\t\t\t\t<\/div>\n\t\t<\/section>\n\t\t\t\t<\/div>\n\t\t","protected":false},"excerpt":{"rendered":"<p>Composici\u00f3n Equipo Directivo I.E.S. AZAHAR ( Antas ) Direcci\u00f3n (D. Jos\u00e9 Mar\u00eda Gonz\u00e1lez Su\u00e1rez): Ostenta la representaci\u00f3n del instituto, cumpliendo y haciendo cumplir las leyes. Es quien dirige y coordina todas las actividades del&#46;&#46;&#46;<\/p>\n","protected":false},"author":1,"featured_media":0,"parent":2602,"menu_order":1,"comment_status":"closed","ping_status":"open","template":"","meta":{"ngg_post_thumbnail":0,"footnotes":""},"aioseo_notices":[],"_links":{"self":[{"href":"https:\/\/blogsaverroes.juntadeandalucia.es\/iesazaharantas\/wp-json\/wp\/v2\/pages\/42"}],"collection":[{"href":"https:\/\/blogsaverroes.juntadeandalucia.es\/iesazaharantas\/wp-json\/wp\/v2\/pages"}],"about":[{"href":"https:\/\/blogsaverroes.juntadeandalucia.es\/iesazaharantas\/wp-json\/wp\/v2\/types\/page"}],"author":[{"embeddable":true,"href":"https:\/\/blogsaverroes.juntadeandalucia.es\/iesazaharantas\/wp-json\/wp\/v2\/users\/1"}],"replies":[{"embeddable":true,"href":"https:\/\/blogsaverroes.juntadeandalucia.es\/iesazaharantas\/wp-json\/wp\/v2\/comments?post=42"}],"version-history":[{"count":16,"href":"https:\/\/blogsaverroes.juntadeandalucia.es\/iesazaharantas\/wp-json\/wp\/v2\/pages\/42\/revisions"}],"predecessor-version":[{"id":6506,"href":"https:\/\/blogsaverroes.juntadeandalucia.es\/iesazaharantas\/wp-json\/wp\/v2\/pages\/42\/revisions\/6506"}],"up":[{"embeddable":true,"href":"https:\/\/blogsaverroes.juntadeandalucia.es\/iesazaharantas\/wp-json\/wp\/v2\/pages\/2602"}],"wp:attachment":[{"href":"https:\/\/blogsaverroes.juntadeandalucia.es\/iesazaharantas\/wp-json\/wp\/v2\/media?parent=42"}],"curies":[{"name":"wp","href":"https:\/\/api.w.org\/{rel}","templated":true}]}}

<div data-elementor-type="wp-page" data-elementor-id="42" class="elementor elementor-42">
						<section class="elementor-section elementor-top-section elementor-element elementor-element-b691ece elementor-section-boxed elementor-section-height-default elementor-section-height-default" data-id="b691ece" data-element_type="section">
						<div class="elementor-container elementor-column-gap-default">
					<div class="elementor-column elementor-col-100 elementor-top-column elementor-element elementor-element-59fc5f7" data-id="59fc5f7" data-element_type="column">
			<div class="elementor-widget-wrap elementor-element-populated">
						<div class="elementor-element elementor-element-f25610c elementor-widget elementor-widget-heading" data-id="f25610c" data-element_type="widget" data-widget_type="heading.default">
				<div class="elementor-widget-container">
					<h2 class="elementor-heading-title elementor-size-default">Composición Equipo Directivo I.E.S. AZAHAR ( Antas )</h2>				</div>
				</div>
					</div>
		</div>
					</div>
		</section>
				<section class="elementor-section elementor-top-section elementor-element elementor-element-d2e0ed0 elementor-section-boxed elementor-section-height-default elementor-section-height-default" data-id="d2e0ed0" data-element_type="section">
						<div class="elementor-container elementor-column-gap-default">
					<div class="elementor-column elementor-col-100 elementor-top-column elementor-element elementor-element-c05ffe7" data-id="c05ffe7" data-element_type="column">
			<div class="elementor-widget-wrap elementor-element-populated">
						<div class="elementor-element elementor-element-eabe342 elementor-widget elementor-widget-text-editor" data-id="eabe342" data-element_type="widget" data-widget_type="text-editor.default">
				<div class="elementor-widget-container">
									<p style="text-align: justify"><strong>Dirección (D. José María González Suárez):</strong> Ostenta la representación del instituto, cumpliendo y haciendo cumplir las leyes. Es quien dirige y coordina todas las actividades del instituto.</p>								</div>
				</div>
					</div>
		</div>
					</div>
		</section>
				<section class="elementor-section elementor-top-section elementor-element elementor-element-79fb345 elementor-section-boxed elementor-section-height-default elementor-section-height-default" data-id="79fb345" data-element_type="section">
						<div class="elementor-container elementor-column-gap-default">
					<div class="elementor-column elementor-col-100 elementor-top-column elementor-element elementor-element-7f213d1" data-id="7f213d1" data-element_type="column">
			<div class="elementor-widget-wrap elementor-element-populated">
						<div class="elementor-element elementor-element-e67b20b elementor-widget elementor-widget-text-editor" data-id="e67b20b" data-element_type="widget" data-widget_type="text-editor.default">
				<div class="elementor-widget-container">
									<p style="text-align: justify"><strong>Jefatura de estudios (D. Miguel Ángel Mata Asensio): </strong>Ejerce su autoridad sobre el profesorado y alumnado en todo lo relativo al régimen académico. Coordina todas las actividades académicas y vela por la acción pedagógica en el instituto. Sustituye al director en caso de ausencia o enfermedad..</p>								</div>
				</div>
					</div>
		</div>
					</div>
		</section>
				<section class="elementor-section elementor-top-section elementor-element elementor-element-5866511 elementor-section-boxed elementor-section-height-default elementor-section-height-default" data-id="5866511" data-element_type="section">
						<div class="elementor-container elementor-column-gap-default">
					<div class="elementor-column elementor-col-100 elementor-top-column elementor-element elementor-element-fe3e778" data-id="fe3e778" data-element_type="column">
			<div class="elementor-widget-wrap elementor-element-populated">
						<div class="elementor-element elementor-element-55f9de7 elementor-widget elementor-widget-text-editor" data-id="55f9de7" data-element_type="widget" data-widget_type="text-editor.default">
				<div class="elementor-widget-container">
									<p style="text-align: justify"><strong>Secretarío (D. Francisco Agudo García):</strong> E<span class="parr31">jerce su autoridad sobre el personal administrativo y de servicios generales del instituto por delegación de la directora. Es de su competencia expedir las certificaciones, custodiar los libros escolares, elaborar los presupuestos y ordenar el régimen económico del instituto.</span></p>								</div>
				</div>
					</div>
		</div>
					</div>
		</section>
				<section class="elementor-section elementor-top-section elementor-element elementor-element-4fb57c8 elementor-section-boxed elementor-section-height-default elementor-section-height-default" data-id="4fb57c8" data-element_type="section">
						<div class="elementor-container elementor-column-gap-default">
					<div class="elementor-column elementor-col-100 elementor-top-column elementor-element elementor-element-f00e241" data-id="f00e241" data-element_type="column">
			<div class="elementor-widget-wrap elementor-element-populated">
						<div class="elementor-element elementor-element-3c52862 elementor-widget elementor-widget-text-editor" data-id="3c52862" data-element_type="widget" data-widget_type="text-editor.default">
				<div class="elementor-widget-container">
									<p style="text-align: justify"><span class="parr31">Aunque las funciones individuales de todas estas personas vienen detalladas por la legislación vigente, ello no debe impedir su funcionamiento como equipo. El Equipo Directivo trabaja de forma coordinada en el desempeño de las funciones conforme a las instrucciones del Director.</span></p><p style="text-align: justify">El Equipo Directivo es el grupo que intenta actuar como dinamizador y coordinador de toda la actividad del Instituto para lo cual deberá tener reuniones periódicas entre sus miembros y cuantas sean necesarias con los distintos órganos para el buen funcionamiento del Centro. Decidirá, como crea conveniente, su régimen de funcionamiento así como la forma en que se tomarán los acuerdos en su seno.</p>								</div>
				</div>
					</div>
		</div>
					</div>
		</section>
				</div>

<p>Composición Equipo Directivo I.E.S. AZAHAR ( Antas ) Dirección (D. José María González Suárez): Ostenta la representación del instituto, cumpliendo y haciendo cumplir las leyes. Es quien dirige y coordina todas las actividades del&#46;&#46;&#46;</p>
