{"id":41,"date":"2023-03-29T08:44:14","date_gmt":"2023-03-29T08:44:14","guid":{"rendered":"https:\/\/blogsaverroes.juntadeandalucia.es\/iesazaharerasmus\/?page_id=41"},"modified":"2023-06-21T08:53:02","modified_gmt":"2023-06-21T08:53:02","slug":"proyectos-anteriores","status":"publish","type":"page","link":"https:\/\/blogsaverroes.juntadeandalucia.es\/iesazaharerasmus\/proyectos-anteriores\/","title":{"rendered":"Proyectos anteriores"},"content":{"rendered":"<p>Ya tenemos experiencia en este sentido. Hemos acabado dos proyectos Erasmus+; un KA219 (2015-2017) y otro KA229 (2018-2021), en ambos con la etiqueta de calidad.<\/p>\n<p>Nuestra primera participaci\u00f3n Erasmus+ fue el proyecto <a href=\"https:\/\/twinspace.etwinning.net\/9928\/pages\/page\/52627\">MATHS \u00abMath, Art, Technology for a harmonious Society\u00bb<\/a> durante los cursos 2015-17 junto con otros centros de Alemania, Italia, Grecia y Turqu\u00eda. Tras los dos cursos de ingente trabajo, se obtuvieron resultados muy interesantes para el centro en todos sus \u00e1mbitos.<img loading=\"lazy\" decoding=\"async\" class=\"alignnone wp-image-46 aligncenter\" src=\"https:\/\/blogsaverroes.juntadeandalucia.es\/iesazaharerasmus\/files\/2023\/03\/Final-maths-logo-1-150x150-1.png\" alt=\"\" width=\"214\" height=\"214\"><\/p>\n<p>Durante los cursos 2018-20 participamos en el proyecto Erasmus+ <a href=\"https:\/\/twinspace.etwinning.net\/72066\/pages\/page\/437693\">WWM \u00abWays With Maths or World Wide Maths\u00bb<\/a> , del que tambi\u00e9n formaron parte otros centros de Alemania, Italia, Grecia, Holanda e Islandia.<img loading=\"lazy\" decoding=\"async\" class=\"aligncenter wp-image-47\" src=\"https:\/\/blogsaverroes.juntadeandalucia.es\/iesazaharerasmus\/files\/2023\/03\/WWM-guillermo-redesigning-corretto-150x150-1.png\" alt=\"\" width=\"252\" height=\"252\">Estos proyectos han proporcionado al centro una dimensi\u00f3n internacional que ha beneficiado tanto al profesorado, como al alumnado y has sido muy valorados por las familias. Un centro de compensaci\u00f3n educativa como el nuestro, por su contexto sociocultural y familiar debe seguir consolidando esta dimensi\u00f3n, como oportunidad \u00fanica para alumnado sobre todo desfavorecido. Adem\u00e1s, desde 2019 tambi\u00e9n estamos realizando<strong> Erasmus KA102 con alumnado de ciclos formativos.<\/strong><\/p>\n","protected":false},"excerpt":{"rendered":"<p>Ya tenemos experiencia en este sentido. Hemos acabado dos proyectos Erasmus+; un KA219 (2015-2017) y otro KA229 (2018-2021), en ambos con la etiqueta de calidad. Nuestra primera participaci\u00f3n Erasmus+ fue el proyecto MATHS \u00abMath,&#46;&#46;&#46;<\/p>\n","protected":false},"author":17664,"featured_media":0,"parent":0,"menu_order":3,"comment_status":"closed","ping_status":"closed","template":"","meta":{"ngg_post_thumbnail":0,"footnotes":""},"aioseo_notices":[],"_links":{"self":[{"href":"https:\/\/blogsaverroes.juntadeandalucia.es\/iesazaharerasmus\/wp-json\/wp\/v2\/pages\/41"}],"collection":[{"href":"https:\/\/blogsaverroes.juntadeandalucia.es\/iesazaharerasmus\/wp-json\/wp\/v2\/pages"}],"about":[{"href":"https:\/\/blogsaverroes.juntadeandalucia.es\/iesazaharerasmus\/wp-json\/wp\/v2\/types\/page"}],"author":[{"embeddable":true,"href":"https:\/\/blogsaverroes.juntadeandalucia.es\/iesazaharerasmus\/wp-json\/wp\/v2\/users\/17664"}],"replies":[{"embeddable":true,"href":"https:\/\/blogsaverroes.juntadeandalucia.es\/iesazaharerasmus\/wp-json\/wp\/v2\/comments?post=41"}],"version-history":[{"count":7,"href":"https:\/\/blogsaverroes.juntadeandalucia.es\/iesazaharerasmus\/wp-json\/wp\/v2\/pages\/41\/revisions"}],"predecessor-version":[{"id":204,"href":"https:\/\/blogsaverroes.juntadeandalucia.es\/iesazaharerasmus\/wp-json\/wp\/v2\/pages\/41\/revisions\/204"}],"wp:attachment":[{"href":"https:\/\/blogsaverroes.juntadeandalucia.es\/iesazaharerasmus\/wp-json\/wp\/v2\/media?parent=41"}],"curies":[{"name":"wp","href":"https:\/\/api.w.org\/{rel}","templated":true}]}}