{"id":35,"date":"2015-03-13T08:21:43","date_gmt":"2015-03-13T08:21:43","guid":{"rendered":"http:\/\/blogsaverroes.juntadeandalucia.es\/pre\/ceip\/?page_id=35"},"modified":"2021-11-24T06:31:27","modified_gmt":"2021-11-24T06:31:27","slug":"el-centro-2","status":"publish","type":"page","link":"https:\/\/blogsaverroes.juntadeandalucia.es\/iesazcona\/el-centro-2\/","title":{"rendered":"Datos del centro"},"content":{"rendered":"[googlemaps https:\/\/www.google.com\/maps\/embed?pb=!1m14!1m8!1m3!1d12772.34140281049!2d-2.4480562!3d36.8404319!3m2!1i1024!2i768!4f13.1!3m3!1m2!1s0x0%3A0x95dce28fd6c0a201!2sIES%20Azcona!5e0!3m2!1ses!2ses!4v1621500751554!5m2!1ses!2ses&amp;w=400&amp;h=300]\n[googlemaps https:\/\/www.google.com\/maps\/embed?pb=!4v1621500647826!6m8!1m7!1sdXwmdrUcKhB4J9OhhNN0BA!2m2!1d36.83960143075694!2d-2.448257962066728!3f7.891669806286544!4f-0.3762155242817329!5f0.7820865974627469&amp;w=400&amp;h=300]\n&nbsp;<\/p>\n<h4>Datos de contacto<\/h4>\n<p>IES Azcona<\/p>\n<p><strong>Direcci\u00f3n:<\/strong> &nbsp;Calle Polic\u00eda Jos\u00e9 Rueda Alcaraz, 1 04006 Almer\u00eda (Espa\u00f1a)<br \/>\n<strong>Tel\u00e9fono:&nbsp;<\/strong>950 15 62 22 (corporativo 771222)<\/p>\n<p><strong>FAX:&nbsp;<\/strong>950 15 62 23 (corporativo 771223)<\/p>\n<p><strong>Email:<\/strong> <a href=\"mailto:04700442.edu@juntadeandalucia.es\">04700442.edu@juntadeandalucia.es<\/a><\/p>\n<p>&nbsp;<\/p>\n<p><strong>Directorio de tel\u00e9fonos<\/strong><\/p>\n<p><span style=\"text-decoration: underline\">Direcci\u00f3n:<\/span>&nbsp;671.533.747 (corporativo 633.747)<\/p>\n<p><span style=\"text-decoration: underline\">Secretar\u00eda:<\/span> 671.533.746 (corporativo 633.746)<\/p>\n<p><span style=\"text-decoration: underline\">Jefatura de Estudios:<\/span>&nbsp;671.533.745 (corporativo 633.745)<\/p>\n<p><span style=\"text-decoration: underline\">Profesorado:<\/span>&nbsp;671.533.744 (corporativo 633.744)<\/p>\n<p><span style=\"text-decoration: underline\">Orientaci\u00f3n:<\/span>&nbsp;&nbsp;671.533.743 (corporativo 633.743)<\/p>\n<h4>&nbsp;<\/h4>\n<h4><strong>Horario<\/strong><\/h4>\n<p>Horario de apertura del centro: De 8:15 a 14:45<\/p>\n<p>&nbsp;<\/p>\n<p><strong>Oferta educativa<\/strong><\/p>\n<p><span style=\"text-decoration: underline\">Educaci\u00f3n B\u00e1sica Especial<\/span>.&nbsp;Unidad Espec\u00edfica<\/p>\n<p><span style=\"text-decoration: underline\">Educaci\u00f3n B\u00e1sica Especial.<\/span>&nbsp;Unidad Audici\u00f3n y Lenguaje<\/p>\n<p><span style=\"text-decoration: underline\">Programa de Transici\u00f3n a la Vida Adulta y Laboral<\/span><\/p>\n<p><span style=\"text-decoration: underline\">Educaci\u00f3n Secundar\u00eda Obligatoria<\/span><\/p>\n<p><span style=\"text-decoration: underline\">Bachillerato.<\/span>&nbsp;Humanidades y Ciencias Sociales, Ciencias y Tecnolog\u00eda<\/p>\n<p>&nbsp;<\/p>\n<p><strong>Centros adscritos al centro<\/strong><\/p>\n<p>(04005673) C.E.I.P. Adela D\u00edaz<\/p>\n<p>(04001291) C.E.E.E. C. Apoyo I. Sordos Rosa Rela\u00f1o&nbsp;<\/p>\n<p>(04000973) C.E.I.P. Freinet&nbsp;<\/p>\n<p>(04000730) C.E.I.P. San Gabriel&nbsp;<\/p>\n<p>&nbsp;<\/p>\n<h4>Instalaciones<\/h4>\n<p><!-- index.php -->\n<div\n\tclass=\"ngg-galleryoverview\n\t ngg-ajax-pagination-none\t\"\n\tid=\"ngg-gallery-99684dc598f6c067b864159049bb677a-1\">\n\n\t\t<div class=\"slideshowlink\">\n\t\t<a href='https:\/\/blogsaverroes.juntadeandalucia.es\/iesazcona\/el-centro-2\/nggallery\/slideshow'>[Mostrar presentaci\u00f3n de diapositivas]<\/a>\n\n\t<\/div>\n\t\t\t<!-- Thumbnails -->\n\t\t\t\t<div id=\"ngg-image-0\" class=\"ngg-gallery-thumbnail-box\"\n\t\t\t\t\t\t\t\t\t\t\t>\n\t\t\t\t\t\t<div class=\"ngg-gallery-thumbnail\">\n\t\t\t<a href=\"https:\/\/blogsaverroes.juntadeandalucia.es\/iesazcona\/wp-content\/uploads\/sites\/797\/nggallery\/instalaciones\/instalacion01-1.jpg\"\n\t\t\t\ttitle=\"\"\n\t\t\t\tdata-src=\"https:\/\/blogsaverroes.juntadeandalucia.es\/iesazcona\/wp-content\/uploads\/sites\/797\/nggallery\/instalaciones\/instalacion01-1.jpg\"\n\t\t\t\tdata-thumbnail=\"https:\/\/blogsaverroes.juntadeandalucia.es\/iesazcona\/wp-content\/uploads\/sites\/797\/nggallery\/instalaciones\/thumbs\/thumbs_instalacion01-1.jpg\"\n\t\t\t\tdata-image-id=\"17\"\n\t\t\t\tdata-title=\"instalacion01\"\n\t\t\t\tdata-description=\"\"\n\t\t\t\tdata-image-slug=\"instalacion01\"\n\t\t\t\tclass=\"ngg-fancybox\" rel=\"99684dc598f6c067b864159049bb677a\">\n\t\t\t\t<img\n\t\t\t\t\ttitle=\"instalacion01\"\n\t\t\t\t\talt=\"instalacion01\"\n\t\t\t\t\tsrc=\"https:\/\/blogsaverroes.juntadeandalucia.es\/iesazcona\/wp-content\/uploads\/sites\/797\/nggallery\/instalaciones\/thumbs\/thumbs_instalacion01-1.jpg\"\n\t\t\t\t\twidth=\"120\"\n\t\t\t\t\theight=\"90\"\n\t\t\t\t\tstyle=\"max-width:100%;\"\n\t\t\t\t\/>\n\t\t\t<\/a>\n\t\t<\/div>\n\t\t\t\t\t\t\t<\/div>\n\t\t\t\n\t\t\n\t\t\t\t<div id=\"ngg-image-1\" class=\"ngg-gallery-thumbnail-box\"\n\t\t\t\t\t\t\t\t\t\t\t>\n\t\t\t\t\t\t<div class=\"ngg-gallery-thumbnail\">\n\t\t\t<a href=\"https:\/\/blogsaverroes.juntadeandalucia.es\/iesazcona\/wp-content\/uploads\/sites\/797\/nggallery\/instalaciones\/instalacion02-1.jpg\"\n\t\t\t\ttitle=\"\"\n\t\t\t\tdata-src=\"https:\/\/blogsaverroes.juntadeandalucia.es\/iesazcona\/wp-content\/uploads\/sites\/797\/nggallery\/instalaciones\/instalacion02-1.jpg\"\n\t\t\t\tdata-thumbnail=\"https:\/\/blogsaverroes.juntadeandalucia.es\/iesazcona\/wp-content\/uploads\/sites\/797\/nggallery\/instalaciones\/thumbs\/thumbs_instalacion02-1.jpg\"\n\t\t\t\tdata-image-id=\"18\"\n\t\t\t\tdata-title=\"instalacion02\"\n\t\t\t\tdata-description=\"\"\n\t\t\t\tdata-image-slug=\"instalacion02\"\n\t\t\t\tclass=\"ngg-fancybox\" rel=\"99684dc598f6c067b864159049bb677a\">\n\t\t\t\t<img\n\t\t\t\t\ttitle=\"instalacion02\"\n\t\t\t\t\talt=\"instalacion02\"\n\t\t\t\t\tsrc=\"https:\/\/blogsaverroes.juntadeandalucia.es\/iesazcona\/wp-content\/uploads\/sites\/797\/nggallery\/instalaciones\/thumbs\/thumbs_instalacion02-1.jpg\"\n\t\t\t\t\twidth=\"120\"\n\t\t\t\t\theight=\"90\"\n\t\t\t\t\tstyle=\"max-width:100%;\"\n\t\t\t\t\/>\n\t\t\t<\/a>\n\t\t<\/div>\n\t\t\t\t\t\t\t<\/div>\n\t\t\t\n\t\t\n\t\t\t\t<div id=\"ngg-image-2\" class=\"ngg-gallery-thumbnail-box\"\n\t\t\t\t\t\t\t\t\t\t\t>\n\t\t\t\t\t\t<div class=\"ngg-gallery-thumbnail\">\n\t\t\t<a href=\"https:\/\/blogsaverroes.juntadeandalucia.es\/iesazcona\/wp-content\/uploads\/sites\/797\/nggallery\/instalaciones\/instalacion03-1.jpg\"\n\t\t\t\ttitle=\"\"\n\t\t\t\tdata-src=\"https:\/\/blogsaverroes.juntadeandalucia.es\/iesazcona\/wp-content\/uploads\/sites\/797\/nggallery\/instalaciones\/instalacion03-1.jpg\"\n\t\t\t\tdata-thumbnail=\"https:\/\/blogsaverroes.juntadeandalucia.es\/iesazcona\/wp-content\/uploads\/sites\/797\/nggallery\/instalaciones\/thumbs\/thumbs_instalacion03-1.jpg\"\n\t\t\t\tdata-image-id=\"19\"\n\t\t\t\tdata-title=\"instalacion03\"\n\t\t\t\tdata-description=\"\"\n\t\t\t\tdata-image-slug=\"instalacion03\"\n\t\t\t\tclass=\"ngg-fancybox\" rel=\"99684dc598f6c067b864159049bb677a\">\n\t\t\t\t<img\n\t\t\t\t\ttitle=\"instalacion03\"\n\t\t\t\t\talt=\"instalacion03\"\n\t\t\t\t\tsrc=\"https:\/\/blogsaverroes.juntadeandalucia.es\/iesazcona\/wp-content\/uploads\/sites\/797\/nggallery\/instalaciones\/thumbs\/thumbs_instalacion03-1.jpg\"\n\t\t\t\t\twidth=\"120\"\n\t\t\t\t\theight=\"90\"\n\t\t\t\t\tstyle=\"max-width:100%;\"\n\t\t\t\t\/>\n\t\t\t<\/a>\n\t\t<\/div>\n\t\t\t\t\t\t\t<\/div>\n\t\t\t\n\t\t\n\t\t\t\t<div id=\"ngg-image-3\" class=\"ngg-gallery-thumbnail-box\"\n\t\t\t\t\t\t\t\t\t\t\t>\n\t\t\t\t\t\t<div class=\"ngg-gallery-thumbnail\">\n\t\t\t<a href=\"https:\/\/blogsaverroes.juntadeandalucia.es\/iesazcona\/wp-content\/uploads\/sites\/797\/nggallery\/instalaciones\/instalacion04-1.jpg\"\n\t\t\t\ttitle=\"\"\n\t\t\t\tdata-src=\"https:\/\/blogsaverroes.juntadeandalucia.es\/iesazcona\/wp-content\/uploads\/sites\/797\/nggallery\/instalaciones\/instalacion04-1.jpg\"\n\t\t\t\tdata-thumbnail=\"https:\/\/blogsaverroes.juntadeandalucia.es\/iesazcona\/wp-content\/uploads\/sites\/797\/nggallery\/instalaciones\/thumbs\/thumbs_instalacion04-1.jpg\"\n\t\t\t\tdata-image-id=\"20\"\n\t\t\t\tdata-title=\"instalacion04\"\n\t\t\t\tdata-description=\"\"\n\t\t\t\tdata-image-slug=\"instalacion04\"\n\t\t\t\tclass=\"ngg-fancybox\" rel=\"99684dc598f6c067b864159049bb677a\">\n\t\t\t\t<img\n\t\t\t\t\ttitle=\"instalacion04\"\n\t\t\t\t\talt=\"instalacion04\"\n\t\t\t\t\tsrc=\"https:\/\/blogsaverroes.juntadeandalucia.es\/iesazcona\/wp-content\/uploads\/sites\/797\/nggallery\/instalaciones\/thumbs\/thumbs_instalacion04-1.jpg\"\n\t\t\t\t\twidth=\"120\"\n\t\t\t\t\theight=\"90\"\n\t\t\t\t\tstyle=\"max-width:100%;\"\n\t\t\t\t\/>\n\t\t\t<\/a>\n\t\t<\/div>\n\t\t\t\t\t\t\t<\/div>\n\t\t\t\n\t\t\n\t\t\n\t\t<!-- Pagination -->\n\t\t<div class='ngg-clear'><\/div>\t<\/div>\n<\/p>\n<p>&nbsp;<\/p>\n","protected":false},"excerpt":{"rendered":"<p>[googlemaps https:\/\/www.google.com\/maps\/embed?pb=!1m14!1m8!1m3!1d12772.34140281049!2d-2.4480562!3d36.8404319!3m2!1i1024!2i768!4f13.1!3m3!1m2!1s0x0%3A0x95dce28fd6c0a201!2sIES%20Azcona!5e0!3m2!1ses!2ses!4v1621500751554!5m2!1ses!2ses&amp;w=400&amp;h=300] [googlemaps https:\/\/www.google.com\/maps\/embed?pb=!4v1621500647826!6m8!1m7!1sdXwmdrUcKhB4J9OhhNN0BA!2m2!1d36.83960143075694!2d-2.448257962066728!3f7.891669806286544!4f-0.3762155242817329!5f0.7820865974627469&amp;w=400&amp;h=300] &nbsp; Datos de contacto IES Azcona Direcci\u00f3n: &nbsp;Calle Polic\u00eda Jos\u00e9 Rueda Alcaraz, 1 04006 Almer\u00eda (Espa\u00f1a) Tel\u00e9fono:&nbsp;950 15 62 22 (corporativo 771222) FAX:&nbsp;950 15 62 23 (corporativo 771223) Email: 04700442.edu@juntadeandalucia.es&#46;&#46;&#46;<\/p>\n","protected":false},"author":1,"featured_media":2412,"parent":0,"menu_order":0,"comment_status":"closed","ping_status":"open","template":"page-cs.php","meta":{"ngg_post_thumbnail":0,"footnotes":"","_mc_calendar":[]},"aioseo_notices":[],"_links":{"self":[{"href":"https:\/\/blogsaverroes.juntadeandalucia.es\/iesazcona\/wp-json\/wp\/v2\/pages\/35"}],"collection":[{"href":"https:\/\/blogsaverroes.juntadeandalucia.es\/iesazcona\/wp-json\/wp\/v2\/pages"}],"about":[{"href":"https:\/\/blogsaverroes.juntadeandalucia.es\/iesazcona\/wp-json\/wp\/v2\/types\/page"}],"author":[{"embeddable":true,"href":"https:\/\/blogsaverroes.juntadeandalucia.es\/iesazcona\/wp-json\/wp\/v2\/users\/1"}],"replies":[{"embeddable":true,"href":"https:\/\/blogsaverroes.juntadeandalucia.es\/iesazcona\/wp-json\/wp\/v2\/comments?post=35"}],"version-history":[{"count":30,"href":"https:\/\/blogsaverroes.juntadeandalucia.es\/iesazcona\/wp-json\/wp\/v2\/pages\/35\/revisions"}],"predecessor-version":[{"id":2614,"href":"https:\/\/blogsaverroes.juntadeandalucia.es\/iesazcona\/wp-json\/wp\/v2\/pages\/35\/revisions\/2614"}],"wp:featuredmedia":[{"embeddable":true,"href":"https:\/\/blogsaverroes.juntadeandalucia.es\/iesazcona\/wp-json\/wp\/v2\/media\/2412"}],"wp:attachment":[{"href":"https:\/\/blogsaverroes.juntadeandalucia.es\/iesazcona\/wp-json\/wp\/v2\/media?parent=35"}],"curies":[{"name":"wp","href":"https:\/\/api.w.org\/{rel}","templated":true}]}}