{"id":553,"date":"2024-11-15T18:59:31","date_gmt":"2024-11-15T17:59:31","guid":{"rendered":"https:\/\/blogsaverroes.juntadeandalucia.es\/iesazucarera\/?page_id=553"},"modified":"2025-01-02T17:50:08","modified_gmt":"2025-01-02T16:50:08","slug":"instalaciones","status":"publish","type":"page","link":"https:\/\/blogsaverroes.juntadeandalucia.es\/iesazucarera\/instalaciones\/","title":{"rendered":"Instalaciones"},"content":{"rendered":"<p>[et_pb_section fb_built=&#8221;1&#8243; _builder_version=&#8221;4.16&#8243; global_colors_info=&#8221;{}&#8221;][et_pb_row _builder_version=&#8221;4.16&#8243; background_size=&#8221;initial&#8221; background_position=&#8221;top_left&#8221; background_repeat=&#8221;repeat&#8221; global_colors_info=&#8221;{}&#8221;][et_pb_column type=&#8221;4_4&#8243; _builder_version=&#8221;4.16&#8243; custom_padding=&#8221;|||&#8221; global_colors_info=&#8221;{}&#8221; custom_padding__hover=&#8221;|||&#8221;][et_pb_image _builder_version=&#8221;4.24.2&#8243; _module_preset=&#8221;default&#8221; title_text=&#8221;Banner para Docs Plan de Estudios Moderno Colorido (3)&#8221; src=&#8221;https:\/\/blogsaverroes.juntadeandalucia.es\/iesazucarera\/files\/2025\/01\/Banner-para-Docs-Plan-de-Estudios-Moderno-Colorido-3.png&#8221; hover_enabled=&#8221;0&#8243; sticky_enabled=&#8221;0&#8243;][\/et_pb_image][et_pb_text _builder_version=&#8221;4.24.2&#8243; background_size=&#8221;initial&#8221; background_position=&#8221;top_left&#8221; background_repeat=&#8221;repeat&#8221; hover_enabled=&#8221;0&#8243; global_colors_info=&#8221;{}&#8221; sticky_enabled=&#8221;0&#8243;]<\/p>\n<p>El IES Azucarera se compone en \u00e1rea constructiva, de un edificio principal, una pista deportiva, un pabell\u00f3n deportivo equipado y una zona de huerto. El edificio principal alberga diferentes dependencias dedicadas especialmente a aulario (m\u00fasica, taller, laboratorio, biblioteca), as\u00ed como dependencia de conserjer\u00eda, secretar\u00eda, despachos, sala de profesorado y aseos. Tambi\u00e9n dispone de una zona para cafeter\u00eda, que actualmente no funciona como tal, siendo su uso principal el de zona de juegos de mesa durante el periodo de recreo.<\/p>\n<p>En la planta baja, se encuentran los despachos de direcci\u00f3n, jefatura de estudios, orientaci\u00f3n y secretar\u00eda, as\u00ed como la biblioteca (que tambi\u00e9n funciona como Aula de Convivencia), sala de profesores, dos aulas espec\u00edficas y un laboratorio, aula de atenci\u00f3n para profesorado de PT y aseos.<br \/>En la primera planta se encuentran las clases de 1\u00ba y 3\u00ba de E.S.O, el Aula Taller, Aula de M\u00fasica y los departamentos did\u00e1cticos de Ingl\u00e9s, Tecnolog\u00eda, Historia y Matem\u00e1ticas.<br \/>Por \u00faltimo, en la segunda planta se encuentran las clases de 2\u00ba y 4\u00ba de E.S.O y el Aula de Pl\u00e1stica, este curso convertida en aula ordinaria para uno de los grupos, debido a la falta de espacio en el centro, el resto de departamentos did\u00e1cticos y aseos.<br \/>Adem\u00e1s, el centro dispone de un ascensor.<\/p>\n<p>El \u00e1rea de las pistas deportivas es el lugar de arribo y organizaci\u00f3n del alumnado, previa a la entrada al centro por las ma\u00f1anas, constituyendo tambi\u00e9n el espacio de ocio habilitado durante los recreos junto con la sala habilitada para uso de juegos de mesa y la zona de parking para profesorado (zona habilitada para voleibol), actualmente en desuso debido a que en los alrededores al centro existe una amplia zona de aparcamiento.<br \/>La entrada principal al centro se localiza en el lado opuesto a estas zonas antes descritas, en la que se localiza la puerta de entrada comunicada con la conserjer\u00eda, por lo que es tambi\u00e9n la puerta de entrada\/salida para todas aquellas personas que accedan al recinto una vez iniciada la jornada escolar.<\/p>\n<ul class=\"et_post_gallery clearfix\">\n\t\t\t\t\t<li class=\"et_gallery_item et_pb_gallery_image\">\n\t\t\t\t\t\t<a href=\"https:\/\/blogsaverroes.juntadeandalucia.es\/iesazucarera\/files\/2024\/11\/2024-06-17.jpg\" title=\"2024-06-17\">\n\t\t\t\t\t\t\t<span class=\"et_portfolio_image\">\n\t\t\t\t\t\t\t\t<img loading=\"lazy\" decoding=\"async\" width=\"400\" height=\"284\" src=\"https:\/\/blogsaverroes.juntadeandalucia.es\/iesazucarera\/files\/2024\/11\/2024-06-17-400x284.jpg\" class=\"attachment-et-pb-portfolio-image size-et-pb-portfolio-image\" alt=\"\" \/>\n\t\t\t\t\t\t\t\t<span class=\"et_overlay\"><\/span>\n\t\t\t\t\t\t\t<\/span>\n\t\t\t\t\t\t<\/a>\n\t\t\t\t\t\t\n\t\t\t\t\t<\/li><li class=\"et_gallery_item et_pb_gallery_image\">\n\t\t\t\t\t\t<a href=\"https:\/\/blogsaverroes.juntadeandalucia.es\/iesazucarera\/files\/2024\/11\/IMG_5849.jpeg\" title=\"IMG_5849\">\n\t\t\t\t\t\t\t<span class=\"et_portfolio_image\">\n\t\t\t\t\t\t\t\t<img loading=\"lazy\" decoding=\"async\" width=\"400\" height=\"284\" src=\"https:\/\/blogsaverroes.juntadeandalucia.es\/iesazucarera\/files\/2024\/11\/IMG_5849-400x284.jpeg\" class=\"attachment-et-pb-portfolio-image size-et-pb-portfolio-image\" alt=\"\" \/>\n\t\t\t\t\t\t\t\t<span class=\"et_overlay\"><\/span>\n\t\t\t\t\t\t\t<\/span>\n\t\t\t\t\t\t<\/a>\n\t\t\t\t\t\t\n\t\t\t\t\t<\/li><li class=\"et_gallery_item et_pb_gallery_image\">\n\t\t\t\t\t\t<a href=\"https:\/\/blogsaverroes.juntadeandalucia.es\/iesazucarera\/files\/2024\/11\/2024-06-17-11.jpg\" title=\"2024-06-17 (11)\">\n\t\t\t\t\t\t\t<span class=\"et_portfolio_image\">\n\t\t\t\t\t\t\t\t<img loading=\"lazy\" decoding=\"async\" width=\"400\" height=\"284\" src=\"https:\/\/blogsaverroes.juntadeandalucia.es\/iesazucarera\/files\/2024\/11\/2024-06-17-11-400x284.jpg\" class=\"attachment-et-pb-portfolio-image size-et-pb-portfolio-image\" alt=\"\" \/>\n\t\t\t\t\t\t\t\t<span class=\"et_overlay\"><\/span>\n\t\t\t\t\t\t\t<\/span>\n\t\t\t\t\t\t<\/a>\n\t\t\t\t\t\t\n\t\t\t\t\t<\/li><li class=\"et_gallery_item et_pb_gallery_image\">\n\t\t\t\t\t\t<a href=\"https:\/\/blogsaverroes.juntadeandalucia.es\/iesazucarera\/files\/2024\/11\/2024-06-17-10.jpg\" title=\"2024-06-17 (10)\">\n\t\t\t\t\t\t\t<span class=\"et_portfolio_image\">\n\t\t\t\t\t\t\t\t<img loading=\"lazy\" decoding=\"async\" width=\"382\" height=\"284\" src=\"https:\/\/blogsaverroes.juntadeandalucia.es\/iesazucarera\/files\/2024\/11\/2024-06-17-10-382x284.jpg\" class=\"attachment-et-pb-portfolio-image size-et-pb-portfolio-image\" alt=\"\" \/>\n\t\t\t\t\t\t\t\t<span class=\"et_overlay\"><\/span>\n\t\t\t\t\t\t\t<\/span>\n\t\t\t\t\t\t<\/a>\n\t\t\t\t\t\t\n\t\t\t\t\t<\/li><li class=\"et_gallery_item et_pb_gallery_image\">\n\t\t\t\t\t\t<a href=\"https:\/\/blogsaverroes.juntadeandalucia.es\/iesazucarera\/files\/2024\/11\/2024-06-17-9.jpg\" title=\"2024-06-17 (9)\">\n\t\t\t\t\t\t\t<span class=\"et_portfolio_image\">\n\t\t\t\t\t\t\t\t<img loading=\"lazy\" decoding=\"async\" width=\"382\" height=\"284\" src=\"https:\/\/blogsaverroes.juntadeandalucia.es\/iesazucarera\/files\/2024\/11\/2024-06-17-9-382x284.jpg\" class=\"attachment-et-pb-portfolio-image size-et-pb-portfolio-image\" alt=\"\" \/>\n\t\t\t\t\t\t\t\t<span class=\"et_overlay\"><\/span>\n\t\t\t\t\t\t\t<\/span>\n\t\t\t\t\t\t<\/a>\n\t\t\t\t\t\t\n\t\t\t\t\t<\/li><li class=\"et_gallery_item et_pb_gallery_image\">\n\t\t\t\t\t\t<a href=\"https:\/\/blogsaverroes.juntadeandalucia.es\/iesazucarera\/files\/2024\/11\/2024-06-17-8.jpg\" title=\"2024-06-17 (8)\">\n\t\t\t\t\t\t\t<span class=\"et_portfolio_image\">\n\t\t\t\t\t\t\t\t<img loading=\"lazy\" decoding=\"async\" width=\"400\" height=\"284\" src=\"https:\/\/blogsaverroes.juntadeandalucia.es\/iesazucarera\/files\/2024\/11\/2024-06-17-8-400x284.jpg\" class=\"attachment-et-pb-portfolio-image size-et-pb-portfolio-image\" alt=\"\" \/>\n\t\t\t\t\t\t\t\t<span class=\"et_overlay\"><\/span>\n\t\t\t\t\t\t\t<\/span>\n\t\t\t\t\t\t<\/a>\n\t\t\t\t\t\t\n\t\t\t\t\t<\/li><li class=\"et_gallery_item et_pb_gallery_image\">\n\t\t\t\t\t\t<a href=\"https:\/\/blogsaverroes.juntadeandalucia.es\/iesazucarera\/files\/2024\/11\/2024-06-17-7.jpg\" title=\"2024-06-17 (7)\">\n\t\t\t\t\t\t\t<span class=\"et_portfolio_image\">\n\t\t\t\t\t\t\t\t<img loading=\"lazy\" decoding=\"async\" width=\"400\" height=\"284\" src=\"https:\/\/blogsaverroes.juntadeandalucia.es\/iesazucarera\/files\/2024\/11\/2024-06-17-7-400x284.jpg\" class=\"attachment-et-pb-portfolio-image size-et-pb-portfolio-image\" alt=\"\" \/>\n\t\t\t\t\t\t\t\t<span class=\"et_overlay\"><\/span>\n\t\t\t\t\t\t\t<\/span>\n\t\t\t\t\t\t<\/a>\n\t\t\t\t\t\t\n\t\t\t\t\t<\/li><li class=\"et_gallery_item et_pb_gallery_image\">\n\t\t\t\t\t\t<a href=\"https:\/\/blogsaverroes.juntadeandalucia.es\/iesazucarera\/files\/2024\/11\/2024-06-17-4.jpg\" title=\"2024-06-17 (4)\">\n\t\t\t\t\t\t\t<span class=\"et_portfolio_image\">\n\t\t\t\t\t\t\t\t<img loading=\"lazy\" decoding=\"async\" width=\"400\" height=\"284\" src=\"https:\/\/blogsaverroes.juntadeandalucia.es\/iesazucarera\/files\/2024\/11\/2024-06-17-4-400x284.jpg\" class=\"attachment-et-pb-portfolio-image size-et-pb-portfolio-image\" alt=\"\" \/>\n\t\t\t\t\t\t\t\t<span class=\"et_overlay\"><\/span>\n\t\t\t\t\t\t\t<\/span>\n\t\t\t\t\t\t<\/a>\n\t\t\t\t\t\t\n\t\t\t\t\t<\/li><li class=\"et_gallery_item et_pb_gallery_image\">\n\t\t\t\t\t\t<a href=\"https:\/\/blogsaverroes.juntadeandalucia.es\/iesazucarera\/files\/2024\/11\/2024-06-17-3.jpg\" title=\"2024-06-17 (3)\">\n\t\t\t\t\t\t\t<span class=\"et_portfolio_image\">\n\t\t\t\t\t\t\t\t<img loading=\"lazy\" decoding=\"async\" width=\"400\" height=\"284\" src=\"https:\/\/blogsaverroes.juntadeandalucia.es\/iesazucarera\/files\/2024\/11\/2024-06-17-3-400x284.jpg\" class=\"attachment-et-pb-portfolio-image size-et-pb-portfolio-image\" alt=\"\" \/>\n\t\t\t\t\t\t\t\t<span class=\"et_overlay\"><\/span>\n\t\t\t\t\t\t\t<\/span>\n\t\t\t\t\t\t<\/a>\n\t\t\t\t\t\t\n\t\t\t\t\t<\/li><li class=\"et_gallery_item et_pb_gallery_image\">\n\t\t\t\t\t\t<a href=\"https:\/\/blogsaverroes.juntadeandalucia.es\/iesazucarera\/files\/2024\/11\/2024-06-17-5.jpg\" title=\"2024-06-17 (5)\">\n\t\t\t\t\t\t\t<span class=\"et_portfolio_image\">\n\t\t\t\t\t\t\t\t<img loading=\"lazy\" decoding=\"async\" width=\"400\" height=\"284\" src=\"https:\/\/blogsaverroes.juntadeandalucia.es\/iesazucarera\/files\/2024\/11\/2024-06-17-5-400x284.jpg\" class=\"attachment-et-pb-portfolio-image size-et-pb-portfolio-image\" alt=\"\" \/>\n\t\t\t\t\t\t\t\t<span class=\"et_overlay\"><\/span>\n\t\t\t\t\t\t\t<\/span>\n\t\t\t\t\t\t<\/a>\n\t\t\t\t\t\t\n\t\t\t\t\t<\/li><li class=\"et_gallery_item et_pb_gallery_image\">\n\t\t\t\t\t\t<a href=\"https:\/\/blogsaverroes.juntadeandalucia.es\/iesazucarera\/files\/2024\/11\/2024-06-17-2.jpg\" title=\"2024-06-17 (2)\">\n\t\t\t\t\t\t\t<span class=\"et_portfolio_image\">\n\t\t\t\t\t\t\t\t<img loading=\"lazy\" decoding=\"async\" width=\"382\" height=\"284\" src=\"https:\/\/blogsaverroes.juntadeandalucia.es\/iesazucarera\/files\/2024\/11\/2024-06-17-2-382x284.jpg\" class=\"attachment-et-pb-portfolio-image size-et-pb-portfolio-image\" alt=\"\" \/>\n\t\t\t\t\t\t\t\t<span class=\"et_overlay\"><\/span>\n\t\t\t\t\t\t\t<\/span>\n\t\t\t\t\t\t<\/a>\n\t\t\t\t\t\t\n\t\t\t\t\t<\/li><li class=\"et_gallery_item et_pb_gallery_image\">\n\t\t\t\t\t\t<a href=\"https:\/\/blogsaverroes.juntadeandalucia.es\/iesazucarera\/files\/2024\/11\/2024-06-17-1.jpg\" title=\"2024-06-17 (1)\">\n\t\t\t\t\t\t\t<span class=\"et_portfolio_image\">\n\t\t\t\t\t\t\t\t<img loading=\"lazy\" decoding=\"async\" width=\"400\" height=\"284\" src=\"https:\/\/blogsaverroes.juntadeandalucia.es\/iesazucarera\/files\/2024\/11\/2024-06-17-1-400x284.jpg\" class=\"attachment-et-pb-portfolio-image size-et-pb-portfolio-image\" alt=\"\" \/>\n\t\t\t\t\t\t\t\t<span class=\"et_overlay\"><\/span>\n\t\t\t\t\t\t\t<\/span>\n\t\t\t\t\t\t<\/a>\n\t\t\t\t\t\t\n\t\t\t\t\t<\/li>\n\t\t\t\t<\/ul>\n<p>[\/et_pb_text][\/et_pb_column][\/et_pb_row][\/et_pb_section]<\/p>\n","protected":false},"excerpt":{"rendered":"<p>El IES Azucarera se compone en \u00e1rea constructiva, de un edificio principal, una pista deportiva, un pabell\u00f3n deportivo equipado y una zona de huerto. El edificio principal alberga diferentes dependencias dedicadas especialmente a aulario (m\u00fasica, taller, laboratorio, biblioteca), as\u00ed como dependencia de conserjer\u00eda, secretar\u00eda, despachos, sala de profesorado y aseos. Tambi\u00e9n dispone de una zona [&hellip;]<\/p>\n","protected":false},"author":5854,"featured_media":644,"parent":0,"menu_order":0,"comment_status":"closed","ping_status":"closed","template":"","meta":{"_et_pb_use_builder":"on","_et_pb_old_content":"<p>El IES Azucarera se compone en \u00e1rea constructiva, de un edificio principal, una pista deportiva, un pabell\u00f3n deportivo equipado y una zona de huerto. El edificio principal alberga diferentes dependencias dedicadas especialmente a aulario (m\u00fasica, taller, laboratorio, biblioteca), as\u00ed como dependencia de conserjer\u00eda, secretar\u00eda, despachos, sala de profesorado y aseos. Tambi\u00e9n dispone de una zona para cafeter\u00eda, que actualmente no funciona como tal, siendo su uso principal el de zona de juegos de mesa durante el periodo de recreo.<\/p><p>En la planta baja, se encuentran los despachos de direcci\u00f3n, jefatura de estudios, orientaci\u00f3n y secretar\u00eda, as\u00ed como la biblioteca (que tambi\u00e9n funciona como Aula de Convivencia), sala de profesores, dos aulas espec\u00edficas y un laboratorio, aula de atenci\u00f3n para profesorado de PT y aseos.<br>En la primera planta se encuentran las clases de 1\u00ba y 3\u00ba de E.S.O, el Aula Taller, Aula de M\u00fasica y los departamentos did\u00e1cticos de Ingl\u00e9s, Tecnolog\u00eda, Historia y Matem\u00e1ticas.<br>Por \u00faltimo, en la segunda planta se encuentran las clases de 2\u00ba y 4\u00ba de E.S.O y el Aula de Pl\u00e1stica, este curso convertida en aula ordinaria para uno de los grupos, debido a la falta de espacio en el centro, el resto de departamentos did\u00e1cticos y aseos.<br>Adem\u00e1s, el centro dispone de un ascensor.<\/p><p>El \u00e1rea de las pistas deportivas es el lugar de arribo y organizaci\u00f3n del alumnado, previa a la entrada al centro por las ma\u00f1anas, constituyendo tambi\u00e9n el espacio de ocio habilitado durante los recreos junto con la sala habilitada para uso de juegos de mesa y la zona de parking para profesorado (zona habilitada para voleibol), actualmente en desuso debido a que en los alrededores al centro existe una amplia zona de aparcamiento.<br>La entrada principal al centro se localiza en el lado opuesto a estas zonas antes descritas, en la que se localiza la puerta de entrada comunicada con la conserjer\u00eda, por lo que es tambi\u00e9n la puerta de entrada\/salida para todas aquellas personas que accedan al recinto una vez iniciada la jornada escolar.<\/p><p>[gallery ids=\"643,644,642,641,640,639,638,635,634,636,633,632\"]<\/p>","_et_gb_content_width":"","ngg_post_thumbnail":0,"footnotes":""},"aioseo_notices":[],"_links":{"self":[{"href":"https:\/\/blogsaverroes.juntadeandalucia.es\/iesazucarera\/wp-json\/wp\/v2\/pages\/553"}],"collection":[{"href":"https:\/\/blogsaverroes.juntadeandalucia.es\/iesazucarera\/wp-json\/wp\/v2\/pages"}],"about":[{"href":"https:\/\/blogsaverroes.juntadeandalucia.es\/iesazucarera\/wp-json\/wp\/v2\/types\/page"}],"author":[{"embeddable":true,"href":"https:\/\/blogsaverroes.juntadeandalucia.es\/iesazucarera\/wp-json\/wp\/v2\/users\/5854"}],"replies":[{"embeddable":true,"href":"https:\/\/blogsaverroes.juntadeandalucia.es\/iesazucarera\/wp-json\/wp\/v2\/comments?post=553"}],"version-history":[{"count":7,"href":"https:\/\/blogsaverroes.juntadeandalucia.es\/iesazucarera\/wp-json\/wp\/v2\/pages\/553\/revisions"}],"predecessor-version":[{"id":844,"href":"https:\/\/blogsaverroes.juntadeandalucia.es\/iesazucarera\/wp-json\/wp\/v2\/pages\/553\/revisions\/844"}],"wp:featuredmedia":[{"embeddable":true,"href":"https:\/\/blogsaverroes.juntadeandalucia.es\/iesazucarera\/wp-json\/wp\/v2\/media\/644"}],"wp:attachment":[{"href":"https:\/\/blogsaverroes.juntadeandalucia.es\/iesazucarera\/wp-json\/wp\/v2\/media?parent=553"}],"curies":[{"name":"wp","href":"https:\/\/api.w.org\/{rel}","templated":true}]}}