{"id":996,"date":"2025-08-29T17:56:04","date_gmt":"2025-08-29T16:56:04","guid":{"rendered":"https:\/\/blogsaverroes.juntadeandalucia.es\/iesazucarera\/?page_id=996"},"modified":"2025-09-13T20:59:46","modified_gmt":"2025-09-13T19:59:46","slug":"gestion-del-hogar","status":"publish","type":"page","link":"https:\/\/blogsaverroes.juntadeandalucia.es\/iesazucarera\/gestion-del-hogar\/","title":{"rendered":"Gesti\u00f3n del hogar"},"content":{"rendered":"<h3 class=\"text-3xl font-bold text-purple-700 mb-6\"><span style=\"color: #800080\">Sobre el proyecto<\/span><\/h3>\n<p class=\"text-lg text-gray-700 leading-relaxed\" style=\"text-align: left\">Este proyecto interdisciplinar permite a los estudiantes aprender habilidades pr\u00e1cticas para la vida diaria de manera divertida y aplicada. Cocinar, organizar, realizar reparaciones, jardiner\u00eda, electricidad y competencias digitales se combinan para fomentar la corresponsabilidad, el trabajo en equipo y la preparaci\u00f3n para el d\u00eda a d\u00eda.<\/p>\n<p><span style=\"color: #800080\"><strong>P\u00e1gina web del temario<\/strong><\/span> &#8211;&gt; <a href=\"https:\/\/gestionhogar.netlify.app\/\">https:\/\/gestionhogar.netlify.app\/<\/a><\/p>\n<p>&nbsp;<\/p>\n<p><a href=\"https:\/\/blogsaverroes.juntadeandalucia.es\/iesazucarera\/files\/2025\/08\/Flux_Dev_Crea_una_portada_vibrante_y_colorida_para_el_temario__3.jpg\"><img loading=\"lazy\" decoding=\"async\" class=\"size-medium wp-image-1000 aligncenter\" src=\"https:\/\/blogsaverroes.juntadeandalucia.es\/iesazucarera\/files\/2025\/08\/Flux_Dev_Crea_una_portada_vibrante_y_colorida_para_el_temario__3-300x300.jpg\" alt=\"\" width=\"300\" height=\"300\"><\/a><\/p>\n","protected":false},"excerpt":{"rendered":"<p>Sobre el proyecto Este proyecto interdisciplinar permite a los estudiantes aprender habilidades pr\u00e1cticas para la vida diaria de manera divertida y aplicada. Cocinar, organizar, realizar reparaciones, jardiner\u00eda, electricidad y competencias digitales se combinan para fomentar la corresponsabilidad, el trabajo en equipo y la preparaci\u00f3n para el d\u00eda a d\u00eda. P\u00e1gina web del temario &#8211;&gt; https:\/\/gestionhogar.netlify.app\/ [&hellip;]<\/p>\n","protected":false},"author":5854,"featured_media":0,"parent":0,"menu_order":0,"comment_status":"closed","ping_status":"closed","template":"","meta":{"_et_pb_use_builder":"off","_et_pb_old_content":"","_et_gb_content_width":"","ngg_post_thumbnail":0,"footnotes":""},"aioseo_notices":[],"_links":{"self":[{"href":"https:\/\/blogsaverroes.juntadeandalucia.es\/iesazucarera\/wp-json\/wp\/v2\/pages\/996"}],"collection":[{"href":"https:\/\/blogsaverroes.juntadeandalucia.es\/iesazucarera\/wp-json\/wp\/v2\/pages"}],"about":[{"href":"https:\/\/blogsaverroes.juntadeandalucia.es\/iesazucarera\/wp-json\/wp\/v2\/types\/page"}],"author":[{"embeddable":true,"href":"https:\/\/blogsaverroes.juntadeandalucia.es\/iesazucarera\/wp-json\/wp\/v2\/users\/5854"}],"replies":[{"embeddable":true,"href":"https:\/\/blogsaverroes.juntadeandalucia.es\/iesazucarera\/wp-json\/wp\/v2\/comments?post=996"}],"version-history":[{"count":6,"href":"https:\/\/blogsaverroes.juntadeandalucia.es\/iesazucarera\/wp-json\/wp\/v2\/pages\/996\/revisions"}],"predecessor-version":[{"id":1005,"href":"https:\/\/blogsaverroes.juntadeandalucia.es\/iesazucarera\/wp-json\/wp\/v2\/pages\/996\/revisions\/1005"}],"wp:attachment":[{"href":"https:\/\/blogsaverroes.juntadeandalucia.es\/iesazucarera\/wp-json\/wp\/v2\/media?parent=996"}],"curies":[{"name":"wp","href":"https:\/\/api.w.org\/{rel}","templated":true}]}}

Gestión del hogar

<h3 class="text-3xl font-bold text-purple-700 mb-6"><span style="color: #800080">Sobre el proyecto</span></h3>
<p class="text-lg text-gray-700 leading-relaxed" style="text-align: left">Este proyecto interdisciplinar permite a los estudiantes aprender habilidades prácticas para la vida diaria de manera divertida y aplicada. Cocinar, organizar, realizar reparaciones, jardinería, electricidad y competencias digitales se combinan para fomentar la corresponsabilidad, el trabajo en equipo y la preparación para el día a día.</p>
<p><span style="color: #800080"><strong>Página web del temario</strong></span> &#8211;&gt; <a href="https://gestionhogar.netlify.app/">https://gestionhogar.netlify.app/</a></p>
<p>&nbsp;</p>
<p><a href="https://blogsaverroes.juntadeandalucia.es/iesazucarera/files/2025/08/Flux_Dev_Crea_una_portada_vibrante_y_colorida_para_el_temario__3.jpg"><img loading="lazy" decoding="async" class="size-medium wp-image-1000 aligncenter" src="https://blogsaverroes.juntadeandalucia.es/iesazucarera/files/2025/08/Flux_Dev_Crea_una_portada_vibrante_y_colorida_para_el_temario__3-300x300.jpg" alt="" width="300" height="300"></a></p>

<p>Sobre el proyecto Este proyecto interdisciplinar permite a los estudiantes aprender habilidades prácticas para la vida diaria de manera divertida y aplicada. Cocinar, organizar, realizar reparaciones, jardinería, electricidad y competencias digitales se combinan para fomentar la corresponsabilidad, el trabajo en equipo y la preparación para el día a día. Página web del temario &#8211;&gt; https://gestionhogar.netlify.app/ [&hellip;]</p>
