{"id":10133,"date":"2020-11-19T00:23:24","date_gmt":"2020-11-18T23:23:24","guid":{"rendered":"https:\/\/blogsaverroes.juntadeandalucia.es\/iesbellavista\/?page_id=10133"},"modified":"2020-11-19T00:25:42","modified_gmt":"2020-11-18T23:25:42","slug":"gestion-economica-en-seneca-asientos-predefinidos","status":"publish","type":"page","link":"https:\/\/blogsaverroes.juntadeandalucia.es\/iesbellavista\/gestion-economica-en-seneca-asientos-predefinidos\/","title":{"rendered":"GESTI\u00d3N ECON\u00d3MICA EN S\u00c9NECA. ASIENTOS PREDEFINIDOS"},"content":{"rendered":"<p><a href=\"https:\/\/blogsaverroes.juntadeandalucia.es\/iesbellavista\/files\/2020\/11\/GESTI\u00d3N-ECON\u00d3MICA-ASIENTOS-PREDEFINIDOS-presentaci\u00f3n.pps\">GESTI\u00d3N ECON\u00d3MICA ASIENTOS PREDEFINIDOS presentaci\u00f3n PowerPoint<\/a><\/p>\n","protected":false},"excerpt":{"rendered":"<p>GESTI\u00d3N ECON\u00d3MICA ASIENTOS PREDEFINIDOS presentaci\u00f3n PowerPoint<\/p>\n","protected":false},"author":1963,"featured_media":0,"parent":0,"menu_order":0,"comment_status":"closed","ping_status":"closed","template":"","meta":{"ngg_post_thumbnail":0,"footnotes":"","_mc_calendar":[]},"aioseo_notices":[],"_links":{"self":[{"href":"https:\/\/blogsaverroes.juntadeandalucia.es\/iesbellavista\/wp-json\/wp\/v2\/pages\/10133"}],"collection":[{"href":"https:\/\/blogsaverroes.juntadeandalucia.es\/iesbellavista\/wp-json\/wp\/v2\/pages"}],"about":[{"href":"https:\/\/blogsaverroes.juntadeandalucia.es\/iesbellavista\/wp-json\/wp\/v2\/types\/page"}],"author":[{"embeddable":true,"href":"https:\/\/blogsaverroes.juntadeandalucia.es\/iesbellavista\/wp-json\/wp\/v2\/users\/1963"}],"replies":[{"embeddable":true,"href":"https:\/\/blogsaverroes.juntadeandalucia.es\/iesbellavista\/wp-json\/wp\/v2\/comments?post=10133"}],"version-history":[{"count":2,"href":"https:\/\/blogsaverroes.juntadeandalucia.es\/iesbellavista\/wp-json\/wp\/v2\/pages\/10133\/revisions"}],"predecessor-version":[{"id":10135,"href":"https:\/\/blogsaverroes.juntadeandalucia.es\/iesbellavista\/wp-json\/wp\/v2\/pages\/10133\/revisions\/10135"}],"wp:attachment":[{"href":"https:\/\/blogsaverroes.juntadeandalucia.es\/iesbellavista\/wp-json\/wp\/v2\/media?parent=10133"}],"curies":[{"name":"wp","href":"https:\/\/api.w.org\/{rel}","templated":true}]}}