{"id":10595,"date":"2022-11-26T20:36:59","date_gmt":"2022-11-26T19:36:59","guid":{"rendered":"https:\/\/blogsaverroes.juntadeandalucia.es\/iesbellavista\/?page_id=10595"},"modified":"2023-05-06T20:15:15","modified_gmt":"2023-05-06T18:15:15","slug":"programa-aldea","status":"publish","type":"page","link":"https:\/\/blogsaverroes.juntadeandalucia.es\/iesbellavista\/programa-aldea\/","title":{"rendered":"PROGRAMA ALDEA"},"content":{"rendered":"<div>&nbsp;<\/div>\n<h2 style=\"text-align: center\"><a href=\"https:\/\/sites.google.com\/iesbellavista.es\/blogaldeaiesbellavista\/inicio?read_current=1\">Acceso al blog del Proyecto ALDEA B<\/a><\/h2>\n<div><a href=\"https:\/\/sites.google.com\/iesbellavista.es\/blogaldeaiesbellavista\/inicio?read_current=1\"><img loading=\"lazy\" decoding=\"async\" class=\"aligncenter  wp-image-10778\" src=\"https:\/\/blogsaverroes.juntadeandalucia.es\/iesbellavista\/files\/2023\/05\/ALDEA-B.jpg\" alt=\"\" width=\"560\" height=\"210\" srcset=\"https:\/\/blogsaverroes.juntadeandalucia.es\/iesbellavista\/files\/2023\/05\/ALDEA-B.jpg 819w, https:\/\/blogsaverroes.juntadeandalucia.es\/iesbellavista\/files\/2023\/05\/ALDEA-B-300x112.jpg 300w, https:\/\/blogsaverroes.juntadeandalucia.es\/iesbellavista\/files\/2023\/05\/ALDEA-B-768x288.jpg 768w\" sizes=\"(max-width: 560px) 100vw, 560px\" \/><\/a><\/div>\n<div>&nbsp;<\/div>\n<div style=\"text-align: justify\">Este curso escolar 2022\/2023 se ha comenzado a desarrollar el programa ALDEA B. Dentro de este se van a desarrollar dos l\u00edneas de intervenci\u00f3n: el Ecohuerto (con el huerto escolar) y recapacicla (relacionado con el reciclaje). Ambas l\u00edneas se desarrollar\u00e1n de forma conjunta.&nbsp;<\/div>\n<div style=\"text-align: justify\">Desde el comienzo del curso se est\u00e1 trabajando en las labores de preparaci\u00f3n, plantaci\u00f3n y riego del Ecohuerto. Asimismo, se est\u00e1 trabajando en el centro actividades de concienciaci\u00f3n de reciclaje y gesti\u00f3n de los residuos.&nbsp;<\/div>\n<div style=\"text-align: justify\">En este programa tiene cabida toda la comunidad educativa: alumnado, profesorado y familias.&nbsp;<\/div>\n<div>&nbsp;<\/div>\n<div>&nbsp;<\/div>\n<div>ngg_shortcode_0_placeholder<\/div>\n<p>&nbsp;<\/p>\n<div dir=\"auto\">Esta primera semana de febrero el equipo ALDEA ha visitado la semiller\u00eda Bellavista del barrio. Los objetivos de esta salida han sido:<\/div>\n<div dir=\"auto\"><img loading=\"lazy\" decoding=\"async\" class=\"an1\" src=\"https:\/\/fonts.gstatic.com\/s\/e\/notoemoji\/15.0\/1f539\/72.png\" alt=\"\ud83d\udd39\" data-emoji=\"\ud83d\udd39\" aria-label=\"\ud83d\udd39\" width=\"33\" height=\"33\">Fomentar la compra en el peque\u00f1o comercio del barrio&nbsp; <img loading=\"lazy\" decoding=\"async\" class=\"an1\" src=\"https:\/\/fonts.gstatic.com\/s\/e\/notoemoji\/15.0\/1f4b0\/72.png\" alt=\"\ud83d\udcb0\" data-emoji=\"\ud83d\udcb0\" aria-label=\"\ud83d\udcb0\" width=\"33\" height=\"33\"><\/div>\n<div dir=\"auto\"><img loading=\"lazy\" decoding=\"async\" class=\"an1\" src=\"https:\/\/fonts.gstatic.com\/s\/e\/notoemoji\/15.0\/1f538\/72.png\" alt=\"\ud83d\udd38\" data-emoji=\"\ud83d\udd38\" aria-label=\"\ud83d\udd38\" width=\"31\" height=\"31\">Crear un huerto vertical con plantas sombr\u00edas y conocer las caracter\u00edsticas de estas&nbsp; <img loading=\"lazy\" decoding=\"async\" class=\"an1\" src=\"https:\/\/fonts.gstatic.com\/s\/e\/notoemoji\/15.0\/1f331\/72.png\" alt=\"\ud83c\udf31\" data-emoji=\"\ud83c\udf31\" aria-label=\"\ud83c\udf31\" width=\"32\" height=\"32\"><\/div>\n<div dir=\"auto\"><img loading=\"lazy\" decoding=\"async\" class=\"an1\" src=\"https:\/\/fonts.gstatic.com\/s\/e\/notoemoji\/15.0\/1f539\/72.png\" alt=\"\ud83d\udd39\" data-emoji=\"\ud83d\udd39\" aria-label=\"\ud83d\udd39\" width=\"32\" height=\"32\">Favorecer las relaciones entre el alumnado\/profesorado que interviene en el Ecohuerto&nbsp; &nbsp;<img loading=\"lazy\" decoding=\"async\" class=\"an1\" src=\"https:\/\/fonts.gstatic.com\/s\/e\/notoemoji\/15.0\/1f49a\/72.png\" alt=\"\ud83d\udc9a\" data-emoji=\"\ud83d\udc9a\" aria-label=\"\ud83d\udc9a\" width=\"29\" height=\"29\"><\/div>\n<div dir=\"auto\">&nbsp;<\/div>\n<div dir=\"auto\">ngg_shortcode_1_placeholder<\/div>\n<div dir=\"auto\">&nbsp;<\/div>\n<div dir=\"auto\">&nbsp;<\/div>\n<div dir=\"auto\">\n<div>En la primera semana de marzo el alumnado participante en el ECOHUERTO ha utilizado parte de la cosecha para preparar unas sanas y ricas recetas, que se han trabajado previamente en el \u00e1rea de Lengua. Estas se han elaborado en un taller de cocina, para que el alumnado de 2\u00ba ESO lo degustaran, pudiendo disfrutar de la ayuda y compa\u00f1\u00eda de las madres del AMPA.<\/div>\n<div>Las recetas que se han elaborado han sido:&nbsp;<\/div>\n<ul>\n<li>Nuggets de br\u00f3coli.&nbsp;<\/li>\n<li>Minihamburguesitas de br\u00f3coli.&nbsp;<\/li>\n<li>Tacos de lechuga con coliflor.&nbsp;<\/li>\n<li>Tortillas de habas.<\/li>\n<li>Gazpacho.<\/li>\n<\/ul>\n<div>&nbsp;<\/div>\n<div>ngg_shortcode_2_placeholder<\/div>\n<\/div>\n","protected":false},"excerpt":{"rendered":"<p>&nbsp; Acceso al blog del Proyecto ALDEA B &nbsp; Este curso escolar 2022\/2023 se ha comenzado a desarrollar el programa ALDEA B. Dentro de este se van a desarrollar dos l\u00edneas de intervenci\u00f3n: el&#46;&#46;&#46;<\/p>\n","protected":false},"author":1963,"featured_media":10599,"parent":0,"menu_order":0,"comment_status":"closed","ping_status":"closed","template":"page-templates\/child-menu.php","meta":{"ngg_post_thumbnail":0,"footnotes":"","_mc_calendar":[]},"aioseo_notices":[],"_links":{"self":[{"href":"https:\/\/blogsaverroes.juntadeandalucia.es\/iesbellavista\/wp-json\/wp\/v2\/pages\/10595"}],"collection":[{"href":"https:\/\/blogsaverroes.juntadeandalucia.es\/iesbellavista\/wp-json\/wp\/v2\/pages"}],"about":[{"href":"https:\/\/blogsaverroes.juntadeandalucia.es\/iesbellavista\/wp-json\/wp\/v2\/types\/page"}],"author":[{"embeddable":true,"href":"https:\/\/blogsaverroes.juntadeandalucia.es\/iesbellavista\/wp-json\/wp\/v2\/users\/1963"}],"replies":[{"embeddable":true,"href":"https:\/\/blogsaverroes.juntadeandalucia.es\/iesbellavista\/wp-json\/wp\/v2\/comments?post=10595"}],"version-history":[{"count":11,"href":"https:\/\/blogsaverroes.juntadeandalucia.es\/iesbellavista\/wp-json\/wp\/v2\/pages\/10595\/revisions"}],"predecessor-version":[{"id":10783,"href":"https:\/\/blogsaverroes.juntadeandalucia.es\/iesbellavista\/wp-json\/wp\/v2\/pages\/10595\/revisions\/10783"}],"wp:featuredmedia":[{"embeddable":true,"href":"https:\/\/blogsaverroes.juntadeandalucia.es\/iesbellavista\/wp-json\/wp\/v2\/media\/10599"}],"wp:attachment":[{"href":"https:\/\/blogsaverroes.juntadeandalucia.es\/iesbellavista\/wp-json\/wp\/v2\/media?parent=10595"}],"curies":[{"name":"wp","href":"https:\/\/api.w.org\/{rel}","templated":true}]}}

<div>&nbsp;</div>
<h2 style="text-align: center"><a href="https://sites.google.com/iesbellavista.es/blogaldeaiesbellavista/inicio?read_current=1">Acceso al blog del Proyecto ALDEA B</a></h2>
<div><a href="https://sites.google.com/iesbellavista.es/blogaldeaiesbellavista/inicio?read_current=1"><img loading="lazy" decoding="async" class="aligncenter  wp-image-10778" src="https://blogsaverroes.juntadeandalucia.es/iesbellavista/files/2023/05/ALDEA-B.jpg" alt="" width="560" height="210" srcset="https://blogsaverroes.juntadeandalucia.es/iesbellavista/files/2023/05/ALDEA-B.jpg 819w, https://blogsaverroes.juntadeandalucia.es/iesbellavista/files/2023/05/ALDEA-B-300x112.jpg 300w, https://blogsaverroes.juntadeandalucia.es/iesbellavista/files/2023/05/ALDEA-B-768x288.jpg 768w" sizes="(max-width: 560px) 100vw, 560px" /></a></div>
<div>&nbsp;</div>
<div style="text-align: justify">Este curso escolar 2022/2023 se ha comenzado a desarrollar el programa ALDEA B. Dentro de este se van a desarrollar dos líneas de intervención: el Ecohuerto (con el huerto escolar) y recapacicla (relacionado con el reciclaje). Ambas líneas se desarrollarán de forma conjunta.&nbsp;</div>
<div style="text-align: justify">Desde el comienzo del curso se está trabajando en las labores de preparación, plantación y riego del Ecohuerto. Asimismo, se está trabajando en el centro actividades de concienciación de reciclaje y gestión de los residuos.&nbsp;</div>
<div style="text-align: justify">En este programa tiene cabida toda la comunidad educativa: alumnado, profesorado y familias.&nbsp;</div>
<div>&nbsp;</div>
<div>&nbsp;</div>
<div>ngg_shortcode_0_placeholder</div>
<p>&nbsp;</p>
<div dir="auto">Esta primera semana de febrero el equipo ALDEA ha visitado la semillería Bellavista del barrio. Los objetivos de esta salida han sido:</div>
<div dir="auto"><img loading="lazy" decoding="async" class="an1" src="https://fonts.gstatic.com/s/e/notoemoji/15.0/1f539/72.png" alt="🔹" data-emoji="🔹" aria-label="🔹" width="33" height="33">Fomentar la compra en el pequeño comercio del barrio&nbsp; <img loading="lazy" decoding="async" class="an1" src="https://fonts.gstatic.com/s/e/notoemoji/15.0/1f4b0/72.png" alt="💰" data-emoji="💰" aria-label="💰" width="33" height="33"></div>
<div dir="auto"><img loading="lazy" decoding="async" class="an1" src="https://fonts.gstatic.com/s/e/notoemoji/15.0/1f538/72.png" alt="🔸" data-emoji="🔸" aria-label="🔸" width="31" height="31">Crear un huerto vertical con plantas sombrías y conocer las características de estas&nbsp; <img loading="lazy" decoding="async" class="an1" src="https://fonts.gstatic.com/s/e/notoemoji/15.0/1f331/72.png" alt="🌱" data-emoji="🌱" aria-label="🌱" width="32" height="32"></div>
<div dir="auto"><img loading="lazy" decoding="async" class="an1" src="https://fonts.gstatic.com/s/e/notoemoji/15.0/1f539/72.png" alt="🔹" data-emoji="🔹" aria-label="🔹" width="32" height="32">Favorecer las relaciones entre el alumnado/profesorado que interviene en el Ecohuerto&nbsp; &nbsp;<img loading="lazy" decoding="async" class="an1" src="https://fonts.gstatic.com/s/e/notoemoji/15.0/1f49a/72.png" alt="💚" data-emoji="💚" aria-label="💚" width="29" height="29"></div>
<div dir="auto">&nbsp;</div>
<div dir="auto">ngg_shortcode_1_placeholder</div>
<div dir="auto">&nbsp;</div>
<div dir="auto">&nbsp;</div>
<div dir="auto">
<div>En la primera semana de marzo el alumnado participante en el ECOHUERTO ha utilizado parte de la cosecha para preparar unas sanas y ricas recetas, que se han trabajado previamente en el área de Lengua. Estas se han elaborado en un taller de cocina, para que el alumnado de 2º ESO lo degustaran, pudiendo disfrutar de la ayuda y compañía de las madres del AMPA.</div>
<div>Las recetas que se han elaborado han sido:&nbsp;</div>
<ul>
<li>Nuggets de brócoli.&nbsp;</li>
<li>Minihamburguesitas de brócoli.&nbsp;</li>
<li>Tacos de lechuga con coliflor.&nbsp;</li>
<li>Tortillas de habas.</li>
<li>Gazpacho.</li>
</ul>
<div>&nbsp;</div>
<div>ngg_shortcode_2_placeholder</div>
</div>

<p>&nbsp; Acceso al blog del Proyecto ALDEA B &nbsp; Este curso escolar 2022/2023 se ha comenzado a desarrollar el programa ALDEA B. Dentro de este se van a desarrollar dos líneas de intervención: el&#46;&#46;&#46;</p>
