{"id":1806,"date":"2015-03-17T07:46:28","date_gmt":"2015-03-17T07:46:28","guid":{"rendered":"http:\/\/blogsaverroes.juntadeandalucia.es\/pre\/ceip\/?page_id=144"},"modified":"2020-06-03T17:24:34","modified_gmt":"2020-06-03T15:24:34","slug":"orientacion-2","status":"publish","type":"page","link":"https:\/\/blogsaverroes.juntadeandalucia.es\/iesbellavista\/orientacion-2\/","title":{"rendered":"Orientaci\u00f3n"},"content":{"rendered":"<h3><img loading=\"lazy\" decoding=\"async\" class=\"aligncenter wp-image-2155 size-medium\" src=\"https:\/\/blogsaverroes.juntadeandalucia.es\/iesbellavista\/files\/2015\/03\/orientacion-300x221.jpg\" alt=\"\" width=\"300\" height=\"221\" srcset=\"https:\/\/blogsaverroes.juntadeandalucia.es\/iesbellavista\/files\/2015\/03\/orientacion-300x221.jpg 300w, https:\/\/blogsaverroes.juntadeandalucia.es\/iesbellavista\/files\/2015\/03\/orientacion.jpg 640w\" sizes=\"(max-width: 300px) 100vw, 300px\" \/><span style=\"color: #7a9e0e\">Orientaci\u00f3n educativa<\/span><\/h3>\n<p style=\"text-align: justify\">La orientaci\u00f3n educativa contribuye al desarrollo de las facetas personal, acad\u00e9mica y profesional de los alumnos y alumnas. Es un proceso en el que deben involucrarse las familias y para el cual pueden acudir a los tutores y al asesoramiento y apoyo de los orientadores de los centros educativos. Entre sus objetivos principales se encuentran los siguientes:<\/p>\n<ul>\n<li style=\"text-align: justify\">Resolver problemas de la vida acad\u00e9mica, como dificultades durante el proceso de aprendizaje, ausencia de motivaci\u00f3n, etc.<\/li>\n<li style=\"text-align: justify\">Tomar decisiones sobre itinerarios de estudio e incorporaci\u00f3n al mundo laboral.<\/li>\n<li style=\"text-align: justify\">Convivencia y educaci\u00f3n en valores.<\/li>\n<\/ul>\n<p><a href=\"https:\/\/www.elorienta.com\/bellavista\"><img loading=\"lazy\" decoding=\"async\" class=\"alignnone wp-image-122 size-full\" src=\"https:\/\/iesbellavista.files.wordpress.com\/2015\/03\/manitacursor11.png\" alt=\"0manitacursor1\" width=\"17\" height=\"14\"><\/a> <strong><span style=\"color: #000080\">Blog Departamento Orientaci\u00f3n del IES Bellavista<\/span><\/strong><\/p>\n<p><a href=\"http:\/\/www.elorienta.com\/bellavista\/enlaces\/OrientaInternet.exe\"><img loading=\"lazy\" decoding=\"async\" class=\" size-full wp-image-884 aligncenter\" src=\"https:\/\/iesbellavista.files.wordpress.com\/2015\/11\/el-orienta.png\" alt=\"el-orienta\" width=\"194\" height=\"182\"><\/a><\/p>\n<p><a href=\"https:\/\/blogsaverroes.juntadeandalucia.es\/iesbellavista\/orientacion-2\/informacion-pevau\/\"><img loading=\"lazy\" decoding=\"async\" class=\"alignnone wp-image-122 size-full\" src=\"https:\/\/iesbellavista.files.wordpress.com\/2015\/03\/manitacursor11.png\" alt=\"0manitacursor1\" width=\"17\" height=\"14\"><\/a> <span style=\"color: #000080\"><strong>Informaci\u00f3n sobre la PEVAU 2020<br \/>\n<\/strong><\/span><\/p>\n<p>&nbsp;<\/p>\n","protected":false},"excerpt":{"rendered":"<p>Orientaci\u00f3n educativa La orientaci\u00f3n educativa contribuye al desarrollo de las facetas personal, acad\u00e9mica y profesional de los alumnos y alumnas. Es un proceso en el que deben involucrarse las familias y para el cual&#46;&#46;&#46;<\/p>\n","protected":false},"author":1,"featured_media":0,"parent":0,"menu_order":0,"comment_status":"open","ping_status":"open","template":"page-templates\/child-menu.php","meta":{"ngg_post_thumbnail":0,"footnotes":"","_mc_calendar":[]},"aioseo_notices":[],"_links":{"self":[{"href":"https:\/\/blogsaverroes.juntadeandalucia.es\/iesbellavista\/wp-json\/wp\/v2\/pages\/1806"}],"collection":[{"href":"https:\/\/blogsaverroes.juntadeandalucia.es\/iesbellavista\/wp-json\/wp\/v2\/pages"}],"about":[{"href":"https:\/\/blogsaverroes.juntadeandalucia.es\/iesbellavista\/wp-json\/wp\/v2\/types\/page"}],"author":[{"embeddable":true,"href":"https:\/\/blogsaverroes.juntadeandalucia.es\/iesbellavista\/wp-json\/wp\/v2\/users\/1"}],"replies":[{"embeddable":true,"href":"https:\/\/blogsaverroes.juntadeandalucia.es\/iesbellavista\/wp-json\/wp\/v2\/comments?post=1806"}],"version-history":[{"count":10,"href":"https:\/\/blogsaverroes.juntadeandalucia.es\/iesbellavista\/wp-json\/wp\/v2\/pages\/1806\/revisions"}],"predecessor-version":[{"id":9876,"href":"https:\/\/blogsaverroes.juntadeandalucia.es\/iesbellavista\/wp-json\/wp\/v2\/pages\/1806\/revisions\/9876"}],"wp:attachment":[{"href":"https:\/\/blogsaverroes.juntadeandalucia.es\/iesbellavista\/wp-json\/wp\/v2\/media?parent=1806"}],"curies":[{"name":"wp","href":"https:\/\/api.w.org\/{rel}","templated":true}]}}

Orientación

<h3><img loading="lazy" decoding="async" class="aligncenter wp-image-2155 size-medium" src="https://blogsaverroes.juntadeandalucia.es/iesbellavista/files/2015/03/orientacion-300x221.jpg" alt="" width="300" height="221" srcset="https://blogsaverroes.juntadeandalucia.es/iesbellavista/files/2015/03/orientacion-300x221.jpg 300w, https://blogsaverroes.juntadeandalucia.es/iesbellavista/files/2015/03/orientacion.jpg 640w" sizes="(max-width: 300px) 100vw, 300px" /><span style="color: #7a9e0e">Orientación educativa</span></h3>
<p style="text-align: justify">La orientación educativa contribuye al desarrollo de las facetas personal, académica y profesional de los alumnos y alumnas. Es un proceso en el que deben involucrarse las familias y para el cual pueden acudir a los tutores y al asesoramiento y apoyo de los orientadores de los centros educativos. Entre sus objetivos principales se encuentran los siguientes:</p>
<ul>
<li style="text-align: justify">Resolver problemas de la vida académica, como dificultades durante el proceso de aprendizaje, ausencia de motivación, etc.</li>
<li style="text-align: justify">Tomar decisiones sobre itinerarios de estudio e incorporación al mundo laboral.</li>
<li style="text-align: justify">Convivencia y educación en valores.</li>
</ul>
<p><a href="https://www.elorienta.com/bellavista"><img loading="lazy" decoding="async" class="alignnone wp-image-122 size-full" src="https://iesbellavista.files.wordpress.com/2015/03/manitacursor11.png" alt="0manitacursor1" width="17" height="14"></a> <strong><span style="color: #000080">Blog Departamento Orientación del IES Bellavista</span></strong></p>
<p><a href="http://www.elorienta.com/bellavista/enlaces/OrientaInternet.exe"><img loading="lazy" decoding="async" class=" size-full wp-image-884 aligncenter" src="https://iesbellavista.files.wordpress.com/2015/11/el-orienta.png" alt="el-orienta" width="194" height="182"></a></p>
<p><a href="https://blogsaverroes.juntadeandalucia.es/iesbellavista/orientacion-2/informacion-pevau/"><img loading="lazy" decoding="async" class="alignnone wp-image-122 size-full" src="https://iesbellavista.files.wordpress.com/2015/03/manitacursor11.png" alt="0manitacursor1" width="17" height="14"></a> <span style="color: #000080"><strong>Información sobre la PEVAU 2020<br />
</strong></span></p>
<p>&nbsp;</p>

<p>Orientación educativa La orientación educativa contribuye al desarrollo de las facetas personal, académica y profesional de los alumnos y alumnas. Es un proceso en el que deben involucrarse las familias y para el cual&#46;&#46;&#46;</p>
