{"id":2991,"date":"2015-12-18T18:19:19","date_gmt":"2015-12-18T17:19:19","guid":{"rendered":"http:\/\/blogsaverroes.juntadeandalucia.es\/iesbellavista\/?page_id=2991"},"modified":"2018-05-26T00:44:57","modified_gmt":"2018-05-25T22:44:57","slug":"biologia-y-geologia","status":"publish","type":"page","link":"https:\/\/blogsaverroes.juntadeandalucia.es\/iesbellavista\/biologia-y-geologia\/","title":{"rendered":"Biolog\u00eda y Geolog\u00eda"},"content":{"rendered":"<h2><span style=\"color: #808000\"><strong>Dpto. de Biolog\u00eda y Geolog\u00eda<br \/>\n<\/strong><\/span><\/h2>\n<p><strong><span style=\"color: #b00505\">4\u00ba ESO<\/span><\/strong><\/p>\n<ul>\n<li><a href=\"https:\/\/blogsaverroes.juntadeandalucia.es\/iesbellavista\/files\/2015\/05\/probgenetic.pdf\">Problemas de gen\u00e9tica<\/a><\/li>\n<\/ul>\n<p>&nbsp;<\/p>\n<p><strong><span style=\"color: #b00505\">1\u00ba BACHILLERATO<br \/>\n<\/span><\/strong><\/p>\n<p style=\"text-align: justify\">Disecci\u00f3n de coraz\u00f3n y ri\u00f1\u00f3n de cerdo realizado por los alumnos de 1\u00aa de Bachillerato de Ciencias correspondiente a la unidad \u00bb El procesamiento de los alimentos en los animales\u00bb.<\/p>\n<p style=\"text-align: center\"><!-- index.php -->\n<div\n\tclass=\"ngg-galleryoverview\n\t ngg-ajax-pagination-none\t\"\n\tid=\"ngg-gallery-9423cbf245fcb55d03686164580f0b18-1\">\n\n\t\t<div class=\"slideshowlink\">\n\t\t<a href='https:\/\/blogsaverroes.juntadeandalucia.es\/iesbellavista\/biologia-y-geologia\/nggallery\/slideshow'>[Mostrar presentaci\u00f3n de diapositivas]<\/a>\n\n\t<\/div>\n\t\t\t<!-- Thumbnails -->\n\t\t\t\t<div id=\"ngg-image-0\" class=\"ngg-gallery-thumbnail-box\"\n\t\t\t\t\t\t\t\t\t\t\t>\n\t\t\t\t\t\t<div class=\"ngg-gallery-thumbnail\">\n\t\t\t<a href=\"https:\/\/blogsaverroes.juntadeandalucia.es\/iesbellavista\/wp-content\/uploads\/sites\/945\/nggallery\/diseccion-corazon-rinon\/IMG_20160504_104332.jpg\"\n\t\t\t\ttitle=\"\"\n\t\t\t\tdata-src=\"https:\/\/blogsaverroes.juntadeandalucia.es\/iesbellavista\/wp-content\/uploads\/sites\/945\/nggallery\/diseccion-corazon-rinon\/IMG_20160504_104332.jpg\"\n\t\t\t\tdata-thumbnail=\"https:\/\/blogsaverroes.juntadeandalucia.es\/iesbellavista\/wp-content\/uploads\/sites\/945\/nggallery\/diseccion-corazon-rinon\/thumbs\/thumbs_IMG_20160504_104332.jpg\"\n\t\t\t\tdata-image-id=\"587\"\n\t\t\t\tdata-title=\"IMG_20160504_104332\"\n\t\t\t\tdata-description=\"\"\n\t\t\t\tdata-image-slug=\"img_20160504_104332\"\n\t\t\t\tclass=\"ngg-fancybox\" rel=\"9423cbf245fcb55d03686164580f0b18\">\n\t\t\t\t<img\n\t\t\t\t\ttitle=\"IMG_20160504_104332\"\n\t\t\t\t\talt=\"IMG_20160504_104332\"\n\t\t\t\t\tsrc=\"https:\/\/blogsaverroes.juntadeandalucia.es\/iesbellavista\/wp-content\/uploads\/sites\/945\/nggallery\/diseccion-corazon-rinon\/thumbs\/thumbs_IMG_20160504_104332.jpg\"\n\t\t\t\t\twidth=\"120\"\n\t\t\t\t\theight=\"90\"\n\t\t\t\t\tstyle=\"max-width:100%;\"\n\t\t\t\t\/>\n\t\t\t<\/a>\n\t\t<\/div>\n\t\t\t\t\t\t\t<\/div>\n\t\t\t\n\t\t\n\t\t\t\t<div id=\"ngg-image-1\" class=\"ngg-gallery-thumbnail-box\"\n\t\t\t\t\t\t\t\t\t\t\t>\n\t\t\t\t\t\t<div class=\"ngg-gallery-thumbnail\">\n\t\t\t<a href=\"https:\/\/blogsaverroes.juntadeandalucia.es\/iesbellavista\/wp-content\/uploads\/sites\/945\/nggallery\/diseccion-corazon-rinon\/IMG_20160504_104403.jpg\"\n\t\t\t\ttitle=\"\"\n\t\t\t\tdata-src=\"https:\/\/blogsaverroes.juntadeandalucia.es\/iesbellavista\/wp-content\/uploads\/sites\/945\/nggallery\/diseccion-corazon-rinon\/IMG_20160504_104403.jpg\"\n\t\t\t\tdata-thumbnail=\"https:\/\/blogsaverroes.juntadeandalucia.es\/iesbellavista\/wp-content\/uploads\/sites\/945\/nggallery\/diseccion-corazon-rinon\/thumbs\/thumbs_IMG_20160504_104403.jpg\"\n\t\t\t\tdata-image-id=\"588\"\n\t\t\t\tdata-title=\"IMG_20160504_104403\"\n\t\t\t\tdata-description=\"\"\n\t\t\t\tdata-image-slug=\"img_20160504_104403\"\n\t\t\t\tclass=\"ngg-fancybox\" rel=\"9423cbf245fcb55d03686164580f0b18\">\n\t\t\t\t<img\n\t\t\t\t\ttitle=\"IMG_20160504_104403\"\n\t\t\t\t\talt=\"IMG_20160504_104403\"\n\t\t\t\t\tsrc=\"https:\/\/blogsaverroes.juntadeandalucia.es\/iesbellavista\/wp-content\/uploads\/sites\/945\/nggallery\/diseccion-corazon-rinon\/thumbs\/thumbs_IMG_20160504_104403.jpg\"\n\t\t\t\t\twidth=\"120\"\n\t\t\t\t\theight=\"90\"\n\t\t\t\t\tstyle=\"max-width:100%;\"\n\t\t\t\t\/>\n\t\t\t<\/a>\n\t\t<\/div>\n\t\t\t\t\t\t\t<\/div>\n\t\t\t\n\t\t\n\t\t\t\t<div id=\"ngg-image-2\" class=\"ngg-gallery-thumbnail-box\"\n\t\t\t\t\t\t\t\t\t\t\t>\n\t\t\t\t\t\t<div class=\"ngg-gallery-thumbnail\">\n\t\t\t<a href=\"https:\/\/blogsaverroes.juntadeandalucia.es\/iesbellavista\/wp-content\/uploads\/sites\/945\/nggallery\/diseccion-corazon-rinon\/IMG_20160504_104410.jpg\"\n\t\t\t\ttitle=\"\"\n\t\t\t\tdata-src=\"https:\/\/blogsaverroes.juntadeandalucia.es\/iesbellavista\/wp-content\/uploads\/sites\/945\/nggallery\/diseccion-corazon-rinon\/IMG_20160504_104410.jpg\"\n\t\t\t\tdata-thumbnail=\"https:\/\/blogsaverroes.juntadeandalucia.es\/iesbellavista\/wp-content\/uploads\/sites\/945\/nggallery\/diseccion-corazon-rinon\/thumbs\/thumbs_IMG_20160504_104410.jpg\"\n\t\t\t\tdata-image-id=\"589\"\n\t\t\t\tdata-title=\"IMG_20160504_104410\"\n\t\t\t\tdata-description=\"\"\n\t\t\t\tdata-image-slug=\"img_20160504_104410\"\n\t\t\t\tclass=\"ngg-fancybox\" rel=\"9423cbf245fcb55d03686164580f0b18\">\n\t\t\t\t<img\n\t\t\t\t\ttitle=\"IMG_20160504_104410\"\n\t\t\t\t\talt=\"IMG_20160504_104410\"\n\t\t\t\t\tsrc=\"https:\/\/blogsaverroes.juntadeandalucia.es\/iesbellavista\/wp-content\/uploads\/sites\/945\/nggallery\/diseccion-corazon-rinon\/thumbs\/thumbs_IMG_20160504_104410.jpg\"\n\t\t\t\t\twidth=\"120\"\n\t\t\t\t\theight=\"90\"\n\t\t\t\t\tstyle=\"max-width:100%;\"\n\t\t\t\t\/>\n\t\t\t<\/a>\n\t\t<\/div>\n\t\t\t\t\t\t\t<\/div>\n\t\t\t\n\t\t\n\t\t\t\t<div id=\"ngg-image-3\" class=\"ngg-gallery-thumbnail-box\"\n\t\t\t\t\t\t\t\t\t\t\t>\n\t\t\t\t\t\t<div class=\"ngg-gallery-thumbnail\">\n\t\t\t<a href=\"https:\/\/blogsaverroes.juntadeandalucia.es\/iesbellavista\/wp-content\/uploads\/sites\/945\/nggallery\/diseccion-corazon-rinon\/IMG_20160504_104416.jpg\"\n\t\t\t\ttitle=\"\"\n\t\t\t\tdata-src=\"https:\/\/blogsaverroes.juntadeandalucia.es\/iesbellavista\/wp-content\/uploads\/sites\/945\/nggallery\/diseccion-corazon-rinon\/IMG_20160504_104416.jpg\"\n\t\t\t\tdata-thumbnail=\"https:\/\/blogsaverroes.juntadeandalucia.es\/iesbellavista\/wp-content\/uploads\/sites\/945\/nggallery\/diseccion-corazon-rinon\/thumbs\/thumbs_IMG_20160504_104416.jpg\"\n\t\t\t\tdata-image-id=\"590\"\n\t\t\t\tdata-title=\"IMG_20160504_104416\"\n\t\t\t\tdata-description=\"\"\n\t\t\t\tdata-image-slug=\"img_20160504_104416\"\n\t\t\t\tclass=\"ngg-fancybox\" rel=\"9423cbf245fcb55d03686164580f0b18\">\n\t\t\t\t<img\n\t\t\t\t\ttitle=\"IMG_20160504_104416\"\n\t\t\t\t\talt=\"IMG_20160504_104416\"\n\t\t\t\t\tsrc=\"https:\/\/blogsaverroes.juntadeandalucia.es\/iesbellavista\/wp-content\/uploads\/sites\/945\/nggallery\/diseccion-corazon-rinon\/thumbs\/thumbs_IMG_20160504_104416.jpg\"\n\t\t\t\t\twidth=\"120\"\n\t\t\t\t\theight=\"90\"\n\t\t\t\t\tstyle=\"max-width:100%;\"\n\t\t\t\t\/>\n\t\t\t<\/a>\n\t\t<\/div>\n\t\t\t\t\t\t\t<\/div>\n\t\t\t\n\t\t\n\t\t\t\t<div id=\"ngg-image-4\" class=\"ngg-gallery-thumbnail-box\"\n\t\t\t\t\t\t\t\t\t\t\t>\n\t\t\t\t\t\t<div class=\"ngg-gallery-thumbnail\">\n\t\t\t<a href=\"https:\/\/blogsaverroes.juntadeandalucia.es\/iesbellavista\/wp-content\/uploads\/sites\/945\/nggallery\/diseccion-corazon-rinon\/IMG_20160504_104451.jpg\"\n\t\t\t\ttitle=\"\"\n\t\t\t\tdata-src=\"https:\/\/blogsaverroes.juntadeandalucia.es\/iesbellavista\/wp-content\/uploads\/sites\/945\/nggallery\/diseccion-corazon-rinon\/IMG_20160504_104451.jpg\"\n\t\t\t\tdata-thumbnail=\"https:\/\/blogsaverroes.juntadeandalucia.es\/iesbellavista\/wp-content\/uploads\/sites\/945\/nggallery\/diseccion-corazon-rinon\/thumbs\/thumbs_IMG_20160504_104451.jpg\"\n\t\t\t\tdata-image-id=\"591\"\n\t\t\t\tdata-title=\"IMG_20160504_104451\"\n\t\t\t\tdata-description=\"\"\n\t\t\t\tdata-image-slug=\"img_20160504_104451\"\n\t\t\t\tclass=\"ngg-fancybox\" rel=\"9423cbf245fcb55d03686164580f0b18\">\n\t\t\t\t<img\n\t\t\t\t\ttitle=\"IMG_20160504_104451\"\n\t\t\t\t\talt=\"IMG_20160504_104451\"\n\t\t\t\t\tsrc=\"https:\/\/blogsaverroes.juntadeandalucia.es\/iesbellavista\/wp-content\/uploads\/sites\/945\/nggallery\/diseccion-corazon-rinon\/thumbs\/thumbs_IMG_20160504_104451.jpg\"\n\t\t\t\t\twidth=\"120\"\n\t\t\t\t\theight=\"90\"\n\t\t\t\t\tstyle=\"max-width:100%;\"\n\t\t\t\t\/>\n\t\t\t<\/a>\n\t\t<\/div>\n\t\t\t\t\t\t\t<\/div>\n\t\t\t\n\t\t\n\t\t\t\t<div id=\"ngg-image-5\" class=\"ngg-gallery-thumbnail-box\"\n\t\t\t\t\t\t\t\t\t\t\t>\n\t\t\t\t\t\t<div class=\"ngg-gallery-thumbnail\">\n\t\t\t<a href=\"https:\/\/blogsaverroes.juntadeandalucia.es\/iesbellavista\/wp-content\/uploads\/sites\/945\/nggallery\/diseccion-corazon-rinon\/IMG_20160504_104532.jpg\"\n\t\t\t\ttitle=\"\"\n\t\t\t\tdata-src=\"https:\/\/blogsaverroes.juntadeandalucia.es\/iesbellavista\/wp-content\/uploads\/sites\/945\/nggallery\/diseccion-corazon-rinon\/IMG_20160504_104532.jpg\"\n\t\t\t\tdata-thumbnail=\"https:\/\/blogsaverroes.juntadeandalucia.es\/iesbellavista\/wp-content\/uploads\/sites\/945\/nggallery\/diseccion-corazon-rinon\/thumbs\/thumbs_IMG_20160504_104532.jpg\"\n\t\t\t\tdata-image-id=\"592\"\n\t\t\t\tdata-title=\"IMG_20160504_104532\"\n\t\t\t\tdata-description=\"\"\n\t\t\t\tdata-image-slug=\"img_20160504_104532\"\n\t\t\t\tclass=\"ngg-fancybox\" rel=\"9423cbf245fcb55d03686164580f0b18\">\n\t\t\t\t<img\n\t\t\t\t\ttitle=\"IMG_20160504_104532\"\n\t\t\t\t\talt=\"IMG_20160504_104532\"\n\t\t\t\t\tsrc=\"https:\/\/blogsaverroes.juntadeandalucia.es\/iesbellavista\/wp-content\/uploads\/sites\/945\/nggallery\/diseccion-corazon-rinon\/thumbs\/thumbs_IMG_20160504_104532.jpg\"\n\t\t\t\t\twidth=\"120\"\n\t\t\t\t\theight=\"90\"\n\t\t\t\t\tstyle=\"max-width:100%;\"\n\t\t\t\t\/>\n\t\t\t<\/a>\n\t\t<\/div>\n\t\t\t\t\t\t\t<\/div>\n\t\t\t\n\t\t\n\t\t\t\t<div id=\"ngg-image-6\" class=\"ngg-gallery-thumbnail-box\"\n\t\t\t\t\t\t\t\t\t\t\t>\n\t\t\t\t\t\t<div class=\"ngg-gallery-thumbnail\">\n\t\t\t<a href=\"https:\/\/blogsaverroes.juntadeandalucia.es\/iesbellavista\/wp-content\/uploads\/sites\/945\/nggallery\/diseccion-corazon-rinon\/IMG_20160504_104556.jpg\"\n\t\t\t\ttitle=\"\"\n\t\t\t\tdata-src=\"https:\/\/blogsaverroes.juntadeandalucia.es\/iesbellavista\/wp-content\/uploads\/sites\/945\/nggallery\/diseccion-corazon-rinon\/IMG_20160504_104556.jpg\"\n\t\t\t\tdata-thumbnail=\"https:\/\/blogsaverroes.juntadeandalucia.es\/iesbellavista\/wp-content\/uploads\/sites\/945\/nggallery\/diseccion-corazon-rinon\/thumbs\/thumbs_IMG_20160504_104556.jpg\"\n\t\t\t\tdata-image-id=\"593\"\n\t\t\t\tdata-title=\"IMG_20160504_104556\"\n\t\t\t\tdata-description=\"\"\n\t\t\t\tdata-image-slug=\"img_20160504_104556\"\n\t\t\t\tclass=\"ngg-fancybox\" rel=\"9423cbf245fcb55d03686164580f0b18\">\n\t\t\t\t<img\n\t\t\t\t\ttitle=\"IMG_20160504_104556\"\n\t\t\t\t\talt=\"IMG_20160504_104556\"\n\t\t\t\t\tsrc=\"https:\/\/blogsaverroes.juntadeandalucia.es\/iesbellavista\/wp-content\/uploads\/sites\/945\/nggallery\/diseccion-corazon-rinon\/thumbs\/thumbs_IMG_20160504_104556.jpg\"\n\t\t\t\t\twidth=\"120\"\n\t\t\t\t\theight=\"90\"\n\t\t\t\t\tstyle=\"max-width:100%;\"\n\t\t\t\t\/>\n\t\t\t<\/a>\n\t\t<\/div>\n\t\t\t\t\t\t\t<\/div>\n\t\t\t\n\t\t\n\t\t\t\t<div id=\"ngg-image-7\" class=\"ngg-gallery-thumbnail-box\"\n\t\t\t\t\t\t\t\t\t\t\t>\n\t\t\t\t\t\t<div class=\"ngg-gallery-thumbnail\">\n\t\t\t<a href=\"https:\/\/blogsaverroes.juntadeandalucia.es\/iesbellavista\/wp-content\/uploads\/sites\/945\/nggallery\/diseccion-corazon-rinon\/IMG_20160504_105521.jpg\"\n\t\t\t\ttitle=\"\"\n\t\t\t\tdata-src=\"https:\/\/blogsaverroes.juntadeandalucia.es\/iesbellavista\/wp-content\/uploads\/sites\/945\/nggallery\/diseccion-corazon-rinon\/IMG_20160504_105521.jpg\"\n\t\t\t\tdata-thumbnail=\"https:\/\/blogsaverroes.juntadeandalucia.es\/iesbellavista\/wp-content\/uploads\/sites\/945\/nggallery\/diseccion-corazon-rinon\/thumbs\/thumbs_IMG_20160504_105521.jpg\"\n\t\t\t\tdata-image-id=\"594\"\n\t\t\t\tdata-title=\"IMG_20160504_105521\"\n\t\t\t\tdata-description=\"\"\n\t\t\t\tdata-image-slug=\"img_20160504_105521\"\n\t\t\t\tclass=\"ngg-fancybox\" rel=\"9423cbf245fcb55d03686164580f0b18\">\n\t\t\t\t<img\n\t\t\t\t\ttitle=\"IMG_20160504_105521\"\n\t\t\t\t\talt=\"IMG_20160504_105521\"\n\t\t\t\t\tsrc=\"https:\/\/blogsaverroes.juntadeandalucia.es\/iesbellavista\/wp-content\/uploads\/sites\/945\/nggallery\/diseccion-corazon-rinon\/thumbs\/thumbs_IMG_20160504_105521.jpg\"\n\t\t\t\t\twidth=\"120\"\n\t\t\t\t\theight=\"90\"\n\t\t\t\t\tstyle=\"max-width:100%;\"\n\t\t\t\t\/>\n\t\t\t<\/a>\n\t\t<\/div>\n\t\t\t\t\t\t\t<\/div>\n\t\t\t\n\t\t\n\t\t\t\t<div id=\"ngg-image-8\" class=\"ngg-gallery-thumbnail-box\"\n\t\t\t\t\t\t\t\t\t\t\t>\n\t\t\t\t\t\t<div class=\"ngg-gallery-thumbnail\">\n\t\t\t<a href=\"https:\/\/blogsaverroes.juntadeandalucia.es\/iesbellavista\/wp-content\/uploads\/sites\/945\/nggallery\/diseccion-corazon-rinon\/IMG_20160504_105527.jpg\"\n\t\t\t\ttitle=\"\"\n\t\t\t\tdata-src=\"https:\/\/blogsaverroes.juntadeandalucia.es\/iesbellavista\/wp-content\/uploads\/sites\/945\/nggallery\/diseccion-corazon-rinon\/IMG_20160504_105527.jpg\"\n\t\t\t\tdata-thumbnail=\"https:\/\/blogsaverroes.juntadeandalucia.es\/iesbellavista\/wp-content\/uploads\/sites\/945\/nggallery\/diseccion-corazon-rinon\/thumbs\/thumbs_IMG_20160504_105527.jpg\"\n\t\t\t\tdata-image-id=\"595\"\n\t\t\t\tdata-title=\"IMG_20160504_105527\"\n\t\t\t\tdata-description=\"\"\n\t\t\t\tdata-image-slug=\"img_20160504_105527\"\n\t\t\t\tclass=\"ngg-fancybox\" rel=\"9423cbf245fcb55d03686164580f0b18\">\n\t\t\t\t<img\n\t\t\t\t\ttitle=\"IMG_20160504_105527\"\n\t\t\t\t\talt=\"IMG_20160504_105527\"\n\t\t\t\t\tsrc=\"https:\/\/blogsaverroes.juntadeandalucia.es\/iesbellavista\/wp-content\/uploads\/sites\/945\/nggallery\/diseccion-corazon-rinon\/thumbs\/thumbs_IMG_20160504_105527.jpg\"\n\t\t\t\t\twidth=\"120\"\n\t\t\t\t\theight=\"90\"\n\t\t\t\t\tstyle=\"max-width:100%;\"\n\t\t\t\t\/>\n\t\t\t<\/a>\n\t\t<\/div>\n\t\t\t\t\t\t\t<\/div>\n\t\t\t\n\t\t\n\t\t\t\t<div id=\"ngg-image-9\" class=\"ngg-gallery-thumbnail-box\"\n\t\t\t\t\t\t\t\t\t\t\t>\n\t\t\t\t\t\t<div class=\"ngg-gallery-thumbnail\">\n\t\t\t<a href=\"https:\/\/blogsaverroes.juntadeandalucia.es\/iesbellavista\/wp-content\/uploads\/sites\/945\/nggallery\/diseccion-corazon-rinon\/IMG_20160504_105807.jpg\"\n\t\t\t\ttitle=\"\"\n\t\t\t\tdata-src=\"https:\/\/blogsaverroes.juntadeandalucia.es\/iesbellavista\/wp-content\/uploads\/sites\/945\/nggallery\/diseccion-corazon-rinon\/IMG_20160504_105807.jpg\"\n\t\t\t\tdata-thumbnail=\"https:\/\/blogsaverroes.juntadeandalucia.es\/iesbellavista\/wp-content\/uploads\/sites\/945\/nggallery\/diseccion-corazon-rinon\/thumbs\/thumbs_IMG_20160504_105807.jpg\"\n\t\t\t\tdata-image-id=\"599\"\n\t\t\t\tdata-title=\"IMG_20160504_105807\"\n\t\t\t\tdata-description=\"\"\n\t\t\t\tdata-image-slug=\"img_20160504_105807\"\n\t\t\t\tclass=\"ngg-fancybox\" rel=\"9423cbf245fcb55d03686164580f0b18\">\n\t\t\t\t<img\n\t\t\t\t\ttitle=\"IMG_20160504_105807\"\n\t\t\t\t\talt=\"IMG_20160504_105807\"\n\t\t\t\t\tsrc=\"https:\/\/blogsaverroes.juntadeandalucia.es\/iesbellavista\/wp-content\/uploads\/sites\/945\/nggallery\/diseccion-corazon-rinon\/thumbs\/thumbs_IMG_20160504_105807.jpg\"\n\t\t\t\t\twidth=\"120\"\n\t\t\t\t\theight=\"90\"\n\t\t\t\t\tstyle=\"max-width:100%;\"\n\t\t\t\t\/>\n\t\t\t<\/a>\n\t\t<\/div>\n\t\t\t\t\t\t\t<\/div>\n\t\t\t\n\t\t\n\t\t\t\t<div id=\"ngg-image-10\" class=\"ngg-gallery-thumbnail-box\"\n\t\t\t\t\t\t\t\t\t\t\t>\n\t\t\t\t\t\t<div class=\"ngg-gallery-thumbnail\">\n\t\t\t<a href=\"https:\/\/blogsaverroes.juntadeandalucia.es\/iesbellavista\/wp-content\/uploads\/sites\/945\/nggallery\/diseccion-corazon-rinon\/IMG_20160504_105844.jpg\"\n\t\t\t\ttitle=\"\"\n\t\t\t\tdata-src=\"https:\/\/blogsaverroes.juntadeandalucia.es\/iesbellavista\/wp-content\/uploads\/sites\/945\/nggallery\/diseccion-corazon-rinon\/IMG_20160504_105844.jpg\"\n\t\t\t\tdata-thumbnail=\"https:\/\/blogsaverroes.juntadeandalucia.es\/iesbellavista\/wp-content\/uploads\/sites\/945\/nggallery\/diseccion-corazon-rinon\/thumbs\/thumbs_IMG_20160504_105844.jpg\"\n\t\t\t\tdata-image-id=\"600\"\n\t\t\t\tdata-title=\"IMG_20160504_105844\"\n\t\t\t\tdata-description=\"\"\n\t\t\t\tdata-image-slug=\"img_20160504_105844\"\n\t\t\t\tclass=\"ngg-fancybox\" rel=\"9423cbf245fcb55d03686164580f0b18\">\n\t\t\t\t<img\n\t\t\t\t\ttitle=\"IMG_20160504_105844\"\n\t\t\t\t\talt=\"IMG_20160504_105844\"\n\t\t\t\t\tsrc=\"https:\/\/blogsaverroes.juntadeandalucia.es\/iesbellavista\/wp-content\/uploads\/sites\/945\/nggallery\/diseccion-corazon-rinon\/thumbs\/thumbs_IMG_20160504_105844.jpg\"\n\t\t\t\t\twidth=\"120\"\n\t\t\t\t\theight=\"90\"\n\t\t\t\t\tstyle=\"max-width:100%;\"\n\t\t\t\t\/>\n\t\t\t<\/a>\n\t\t<\/div>\n\t\t\t\t\t\t\t<\/div>\n\t\t\t\n\t\t\n\t\t\t\t<div id=\"ngg-image-11\" class=\"ngg-gallery-thumbnail-box\"\n\t\t\t\t\t\t\t\t\t\t\t>\n\t\t\t\t\t\t<div class=\"ngg-gallery-thumbnail\">\n\t\t\t<a href=\"https:\/\/blogsaverroes.juntadeandalucia.es\/iesbellavista\/wp-content\/uploads\/sites\/945\/nggallery\/diseccion-corazon-rinon\/IMG_20160504_105848.jpg\"\n\t\t\t\ttitle=\"\"\n\t\t\t\tdata-src=\"https:\/\/blogsaverroes.juntadeandalucia.es\/iesbellavista\/wp-content\/uploads\/sites\/945\/nggallery\/diseccion-corazon-rinon\/IMG_20160504_105848.jpg\"\n\t\t\t\tdata-thumbnail=\"https:\/\/blogsaverroes.juntadeandalucia.es\/iesbellavista\/wp-content\/uploads\/sites\/945\/nggallery\/diseccion-corazon-rinon\/thumbs\/thumbs_IMG_20160504_105848.jpg\"\n\t\t\t\tdata-image-id=\"601\"\n\t\t\t\tdata-title=\"IMG_20160504_105848\"\n\t\t\t\tdata-description=\"\"\n\t\t\t\tdata-image-slug=\"img_20160504_105848\"\n\t\t\t\tclass=\"ngg-fancybox\" rel=\"9423cbf245fcb55d03686164580f0b18\">\n\t\t\t\t<img\n\t\t\t\t\ttitle=\"IMG_20160504_105848\"\n\t\t\t\t\talt=\"IMG_20160504_105848\"\n\t\t\t\t\tsrc=\"https:\/\/blogsaverroes.juntadeandalucia.es\/iesbellavista\/wp-content\/uploads\/sites\/945\/nggallery\/diseccion-corazon-rinon\/thumbs\/thumbs_IMG_20160504_105848.jpg\"\n\t\t\t\t\twidth=\"120\"\n\t\t\t\t\theight=\"90\"\n\t\t\t\t\tstyle=\"max-width:100%;\"\n\t\t\t\t\/>\n\t\t\t<\/a>\n\t\t<\/div>\n\t\t\t\t\t\t\t<\/div>\n\t\t\t\n\t\t\n\t\t\t\t<div id=\"ngg-image-12\" class=\"ngg-gallery-thumbnail-box\"\n\t\t\t\t\t\t\t\t\t\t\t>\n\t\t\t\t\t\t<div class=\"ngg-gallery-thumbnail\">\n\t\t\t<a href=\"https:\/\/blogsaverroes.juntadeandalucia.es\/iesbellavista\/wp-content\/uploads\/sites\/945\/nggallery\/diseccion-corazon-rinon\/IMG_20160504_105858.jpg\"\n\t\t\t\ttitle=\"\"\n\t\t\t\tdata-src=\"https:\/\/blogsaverroes.juntadeandalucia.es\/iesbellavista\/wp-content\/uploads\/sites\/945\/nggallery\/diseccion-corazon-rinon\/IMG_20160504_105858.jpg\"\n\t\t\t\tdata-thumbnail=\"https:\/\/blogsaverroes.juntadeandalucia.es\/iesbellavista\/wp-content\/uploads\/sites\/945\/nggallery\/diseccion-corazon-rinon\/thumbs\/thumbs_IMG_20160504_105858.jpg\"\n\t\t\t\tdata-image-id=\"602\"\n\t\t\t\tdata-title=\"IMG_20160504_105858\"\n\t\t\t\tdata-description=\"\"\n\t\t\t\tdata-image-slug=\"img_20160504_105858\"\n\t\t\t\tclass=\"ngg-fancybox\" rel=\"9423cbf245fcb55d03686164580f0b18\">\n\t\t\t\t<img\n\t\t\t\t\ttitle=\"IMG_20160504_105858\"\n\t\t\t\t\talt=\"IMG_20160504_105858\"\n\t\t\t\t\tsrc=\"https:\/\/blogsaverroes.juntadeandalucia.es\/iesbellavista\/wp-content\/uploads\/sites\/945\/nggallery\/diseccion-corazon-rinon\/thumbs\/thumbs_IMG_20160504_105858.jpg\"\n\t\t\t\t\twidth=\"120\"\n\t\t\t\t\theight=\"90\"\n\t\t\t\t\tstyle=\"max-width:100%;\"\n\t\t\t\t\/>\n\t\t\t<\/a>\n\t\t<\/div>\n\t\t\t\t\t\t\t<\/div>\n\t\t\t\n\t\t\n\t\t\t\t<div id=\"ngg-image-13\" class=\"ngg-gallery-thumbnail-box\"\n\t\t\t\t\t\t\t\t\t\t\t>\n\t\t\t\t\t\t<div class=\"ngg-gallery-thumbnail\">\n\t\t\t<a href=\"https:\/\/blogsaverroes.juntadeandalucia.es\/iesbellavista\/wp-content\/uploads\/sites\/945\/nggallery\/diseccion-corazon-rinon\/IMG_20160504_105905.jpg\"\n\t\t\t\ttitle=\"\"\n\t\t\t\tdata-src=\"https:\/\/blogsaverroes.juntadeandalucia.es\/iesbellavista\/wp-content\/uploads\/sites\/945\/nggallery\/diseccion-corazon-rinon\/IMG_20160504_105905.jpg\"\n\t\t\t\tdata-thumbnail=\"https:\/\/blogsaverroes.juntadeandalucia.es\/iesbellavista\/wp-content\/uploads\/sites\/945\/nggallery\/diseccion-corazon-rinon\/thumbs\/thumbs_IMG_20160504_105905.jpg\"\n\t\t\t\tdata-image-id=\"603\"\n\t\t\t\tdata-title=\"IMG_20160504_105905\"\n\t\t\t\tdata-description=\"\"\n\t\t\t\tdata-image-slug=\"img_20160504_105905\"\n\t\t\t\tclass=\"ngg-fancybox\" rel=\"9423cbf245fcb55d03686164580f0b18\">\n\t\t\t\t<img\n\t\t\t\t\ttitle=\"IMG_20160504_105905\"\n\t\t\t\t\talt=\"IMG_20160504_105905\"\n\t\t\t\t\tsrc=\"https:\/\/blogsaverroes.juntadeandalucia.es\/iesbellavista\/wp-content\/uploads\/sites\/945\/nggallery\/diseccion-corazon-rinon\/thumbs\/thumbs_IMG_20160504_105905.jpg\"\n\t\t\t\t\twidth=\"120\"\n\t\t\t\t\theight=\"90\"\n\t\t\t\t\tstyle=\"max-width:100%;\"\n\t\t\t\t\/>\n\t\t\t<\/a>\n\t\t<\/div>\n\t\t\t\t\t\t\t<\/div>\n\t\t\t\n\t\t\n\t\t\n\t\t<!-- Pagination -->\n\t\t<div class='ngg-clear'><\/div>\t<\/div>\n<\/p>\n<p style=\"text-align: justify\">Los alumnos de 1\u00ba Bachillerato de Ciencias desarrollaron la pr\u00e1ctica de obtenci\u00f3n del grupo sanguineo.<\/p>\n<p style=\"text-align: center\"><!-- index.php -->\n<div\n\tclass=\"ngg-galleryoverview\n\t ngg-ajax-pagination-none\t\"\n\tid=\"ngg-gallery-81df26f45d9eaab7f9d1bde41752492c-1\">\n\n\t\t<div class=\"slideshowlink\">\n\t\t<a href='https:\/\/blogsaverroes.juntadeandalucia.es\/iesbellavista\/biologia-y-geologia\/nggallery\/slideshow'>[Mostrar presentaci\u00f3n de diapositivas]<\/a>\n\n\t<\/div>\n\t\t\t<!-- Thumbnails -->\n\t\t\t\t<div id=\"ngg-image-0\" class=\"ngg-gallery-thumbnail-box\"\n\t\t\t\t\t\t\t\t\t\t\t>\n\t\t\t\t\t\t<div class=\"ngg-gallery-thumbnail\">\n\t\t\t<a href=\"https:\/\/blogsaverroes.juntadeandalucia.es\/iesbellavista\/wp-content\/uploads\/sites\/945\/nggallery\/grupo-sanguineo\/IMG_20160505_121724.jpg\"\n\t\t\t\ttitle=\"\"\n\t\t\t\tdata-src=\"https:\/\/blogsaverroes.juntadeandalucia.es\/iesbellavista\/wp-content\/uploads\/sites\/945\/nggallery\/grupo-sanguineo\/IMG_20160505_121724.jpg\"\n\t\t\t\tdata-thumbnail=\"https:\/\/blogsaverroes.juntadeandalucia.es\/iesbellavista\/wp-content\/uploads\/sites\/945\/nggallery\/grupo-sanguineo\/thumbs\/thumbs_IMG_20160505_121724.jpg\"\n\t\t\t\tdata-image-id=\"596\"\n\t\t\t\tdata-title=\"IMG_20160505_121724\"\n\t\t\t\tdata-description=\"\"\n\t\t\t\tdata-image-slug=\"img_20160505_121724\"\n\t\t\t\tclass=\"ngg-fancybox\" rel=\"81df26f45d9eaab7f9d1bde41752492c\">\n\t\t\t\t<img\n\t\t\t\t\ttitle=\"IMG_20160505_121724\"\n\t\t\t\t\talt=\"IMG_20160505_121724\"\n\t\t\t\t\tsrc=\"https:\/\/blogsaverroes.juntadeandalucia.es\/iesbellavista\/wp-content\/uploads\/sites\/945\/nggallery\/grupo-sanguineo\/thumbs\/thumbs_IMG_20160505_121724.jpg\"\n\t\t\t\t\twidth=\"120\"\n\t\t\t\t\theight=\"90\"\n\t\t\t\t\tstyle=\"max-width:100%;\"\n\t\t\t\t\/>\n\t\t\t<\/a>\n\t\t<\/div>\n\t\t\t\t\t\t\t<\/div>\n\t\t\t\n\t\t\n\t\t\t\t<div id=\"ngg-image-1\" class=\"ngg-gallery-thumbnail-box\"\n\t\t\t\t\t\t\t\t\t\t\t>\n\t\t\t\t\t\t<div class=\"ngg-gallery-thumbnail\">\n\t\t\t<a href=\"https:\/\/blogsaverroes.juntadeandalucia.es\/iesbellavista\/wp-content\/uploads\/sites\/945\/nggallery\/grupo-sanguineo\/IMG_20160505_121824.jpg\"\n\t\t\t\ttitle=\"\"\n\t\t\t\tdata-src=\"https:\/\/blogsaverroes.juntadeandalucia.es\/iesbellavista\/wp-content\/uploads\/sites\/945\/nggallery\/grupo-sanguineo\/IMG_20160505_121824.jpg\"\n\t\t\t\tdata-thumbnail=\"https:\/\/blogsaverroes.juntadeandalucia.es\/iesbellavista\/wp-content\/uploads\/sites\/945\/nggallery\/grupo-sanguineo\/thumbs\/thumbs_IMG_20160505_121824.jpg\"\n\t\t\t\tdata-image-id=\"597\"\n\t\t\t\tdata-title=\"IMG_20160505_121824\"\n\t\t\t\tdata-description=\"\"\n\t\t\t\tdata-image-slug=\"img_20160505_121824\"\n\t\t\t\tclass=\"ngg-fancybox\" rel=\"81df26f45d9eaab7f9d1bde41752492c\">\n\t\t\t\t<img\n\t\t\t\t\ttitle=\"IMG_20160505_121824\"\n\t\t\t\t\talt=\"IMG_20160505_121824\"\n\t\t\t\t\tsrc=\"https:\/\/blogsaverroes.juntadeandalucia.es\/iesbellavista\/wp-content\/uploads\/sites\/945\/nggallery\/grupo-sanguineo\/thumbs\/thumbs_IMG_20160505_121824.jpg\"\n\t\t\t\t\twidth=\"120\"\n\t\t\t\t\theight=\"90\"\n\t\t\t\t\tstyle=\"max-width:100%;\"\n\t\t\t\t\/>\n\t\t\t<\/a>\n\t\t<\/div>\n\t\t\t\t\t\t\t<\/div>\n\t\t\t\n\t\t\n\t\t\t\t<div id=\"ngg-image-2\" class=\"ngg-gallery-thumbnail-box\"\n\t\t\t\t\t\t\t\t\t\t\t>\n\t\t\t\t\t\t<div class=\"ngg-gallery-thumbnail\">\n\t\t\t<a href=\"https:\/\/blogsaverroes.juntadeandalucia.es\/iesbellavista\/wp-content\/uploads\/sites\/945\/nggallery\/grupo-sanguineo\/IMG_20160505_121947.jpg\"\n\t\t\t\ttitle=\"\"\n\t\t\t\tdata-src=\"https:\/\/blogsaverroes.juntadeandalucia.es\/iesbellavista\/wp-content\/uploads\/sites\/945\/nggallery\/grupo-sanguineo\/IMG_20160505_121947.jpg\"\n\t\t\t\tdata-thumbnail=\"https:\/\/blogsaverroes.juntadeandalucia.es\/iesbellavista\/wp-content\/uploads\/sites\/945\/nggallery\/grupo-sanguineo\/thumbs\/thumbs_IMG_20160505_121947.jpg\"\n\t\t\t\tdata-image-id=\"598\"\n\t\t\t\tdata-title=\"IMG_20160505_121947\"\n\t\t\t\tdata-description=\"\"\n\t\t\t\tdata-image-slug=\"img_20160505_121947\"\n\t\t\t\tclass=\"ngg-fancybox\" rel=\"81df26f45d9eaab7f9d1bde41752492c\">\n\t\t\t\t<img\n\t\t\t\t\ttitle=\"IMG_20160505_121947\"\n\t\t\t\t\talt=\"IMG_20160505_121947\"\n\t\t\t\t\tsrc=\"https:\/\/blogsaverroes.juntadeandalucia.es\/iesbellavista\/wp-content\/uploads\/sites\/945\/nggallery\/grupo-sanguineo\/thumbs\/thumbs_IMG_20160505_121947.jpg\"\n\t\t\t\t\twidth=\"120\"\n\t\t\t\t\theight=\"90\"\n\t\t\t\t\tstyle=\"max-width:100%;\"\n\t\t\t\t\/>\n\t\t\t<\/a>\n\t\t<\/div>\n\t\t\t\t\t\t\t<\/div>\n\t\t\t\n\t\t\n\t\t\n\t\t<!-- Pagination -->\n\t\t<div class='ngg-clear'><\/div>\t<\/div>\n<\/p>\n","protected":false},"excerpt":{"rendered":"<p>Dpto. de Biolog\u00eda y Geolog\u00eda 4\u00ba ESO Problemas de gen\u00e9tica &nbsp; 1\u00ba BACHILLERATO Disecci\u00f3n de coraz\u00f3n y ri\u00f1\u00f3n de cerdo realizado por los alumnos de 1\u00aa de Bachillerato de Ciencias correspondiente a la unidad&#46;&#46;&#46;<\/p>\n","protected":false},"author":1963,"featured_media":0,"parent":0,"menu_order":0,"comment_status":"closed","ping_status":"closed","template":"","meta":{"ngg_post_thumbnail":0,"footnotes":"","_mc_calendar":[]},"aioseo_notices":[],"_links":{"self":[{"href":"https:\/\/blogsaverroes.juntadeandalucia.es\/iesbellavista\/wp-json\/wp\/v2\/pages\/2991"}],"collection":[{"href":"https:\/\/blogsaverroes.juntadeandalucia.es\/iesbellavista\/wp-json\/wp\/v2\/pages"}],"about":[{"href":"https:\/\/blogsaverroes.juntadeandalucia.es\/iesbellavista\/wp-json\/wp\/v2\/types\/page"}],"author":[{"embeddable":true,"href":"https:\/\/blogsaverroes.juntadeandalucia.es\/iesbellavista\/wp-json\/wp\/v2\/users\/1963"}],"replies":[{"embeddable":true,"href":"https:\/\/blogsaverroes.juntadeandalucia.es\/iesbellavista\/wp-json\/wp\/v2\/comments?post=2991"}],"version-history":[{"count":6,"href":"https:\/\/blogsaverroes.juntadeandalucia.es\/iesbellavista\/wp-json\/wp\/v2\/pages\/2991\/revisions"}],"predecessor-version":[{"id":8063,"href":"https:\/\/blogsaverroes.juntadeandalucia.es\/iesbellavista\/wp-json\/wp\/v2\/pages\/2991\/revisions\/8063"}],"wp:attachment":[{"href":"https:\/\/blogsaverroes.juntadeandalucia.es\/iesbellavista\/wp-json\/wp\/v2\/media?parent=2991"}],"curies":[{"name":"wp","href":"https:\/\/api.w.org\/{rel}","templated":true}]}}