{"id":1477,"date":"2025-04-07T10:39:24","date_gmt":"2025-04-07T08:39:24","guid":{"rendered":"https:\/\/blogsaverroes.juntadeandalucia.es\/iesbenaljatib\/?page_id=1477"},"modified":"2025-12-13T00:31:38","modified_gmt":"2025-12-12T23:31:38","slug":"datos-del-centro","status":"publish","type":"page","link":"https:\/\/blogsaverroes.juntadeandalucia.es\/iesbenaljatib\/datos-del-centro\/","title":{"rendered":"Datos del centro"},"content":{"rendered":"<p>[et_pb_section fb_built=&#8221;1&#8243; _builder_version=&#8221;4.24.2&#8243; _module_preset=&#8221;default&#8221; global_colors_info=&#8221;{}&#8221;][et_pb_row _builder_version=&#8221;4.24.2&#8243; _module_preset=&#8221;default&#8221; width=&#8221;93.1%&#8221; hover_enabled=&#8221;0&#8243; global_colors_info=&#8221;{}&#8221; height_last_edited=&#8221;on|phone&#8221; height_phone=&#8221;760px&#8221; max_height_last_edited=&#8221;on|phone&#8221; max_height_phone=&#8221;1000px&#8221; sticky_enabled=&#8221;0&#8243;][et_pb_column type=&#8221;4_4&#8243; _builder_version=&#8221;4.24.2&#8243; _module_preset=&#8221;default&#8221; global_colors_info=&#8221;{}&#8221;][et_pb_text _builder_version=&#8221;4.24.2&#8243; _module_preset=&#8221;default&#8221; text_font=&#8221;||||||||&#8221; header_font=&#8221;||||||||&#8221; custom_margin_tablet=&#8221;&#8221; custom_margin_phone=&#8221;|||20px|false|false&#8221; custom_margin_last_edited=&#8221;on|phone&#8221; hover_enabled=&#8221;0&#8243; text_font_size_tablet=&#8221;&#8221; text_font_size_phone=&#8221;12px&#8221; text_font_size_last_edited=&#8221;on|phone&#8221; header_font_size_tablet=&#8221;&#8221; header_font_size_phone=&#8221;24px&#8221; header_font_size_last_edited=&#8221;on|phone&#8221; header_3_font_size_tablet=&#8221;&#8221; header_3_font_size_phone=&#8221;18px&#8221; header_3_font_size_last_edited=&#8221;on|phone&#8221; global_colors_info=&#8221;{}&#8221; sticky_enabled=&#8221;0&#8243;]<\/p>\n<h1><span style=\"color: #c66d00\"><strong>Datos del centro<\/strong><\/span><\/h1>\n<p>[\/et_pb_text][et_pb_text content_tablet=&#8221;&#8221; content_phone=&#8221;<\/p>\n<h3><strong><span>Datos de contacto<\/span><\/strong><\/h3>\n<p><span>\u00bfTienes dudas o quieres saber m\u00e1s?<br data-start=\"%22123%22\" data-end=\"%22126%22\" \/>Cont\u00e1ctanos y te responderemos lo antes posible.<\/span><\/p>\n<p><span>Tel\u00e9fono: 951293501 \/ 951936214 \/ 671534096<br \/><\/span><\/p>\n<p><span>Fax: 951.29.36.25<\/span><\/p>\n<p><span>Correo: 29700369.edu@juntadeandalucia.es<\/span><\/p>\n<p>&#8221; content_last_edited=&#8221;on|phone&#8221; _builder_version=&#8221;4.24.2&#8243; _module_preset=&#8221;default&#8221; custom_margin_tablet=&#8221;&#8221; custom_margin_phone=&#8221;|||20px|false|false&#8221; custom_margin_last_edited=&#8221;on|phone&#8221; hover_enabled=&#8221;0&#8243; text_font_size_tablet=&#8221;&#8221; text_font_size_phone=&#8221;12px&#8221; text_font_size_last_edited=&#8221;on|phone&#8221; header_font_size_tablet=&#8221;&#8221; header_font_size_phone=&#8221;&#8221; header_font_size_last_edited=&#8221;on|phone&#8221; header_3_font_size_tablet=&#8221;&#8221; header_3_font_size_phone=&#8221;18px&#8221; header_3_font_size_last_edited=&#8221;on|phone&#8221; global_colors_info=&#8221;{}&#8221; header_font=&#8221;||||||||&#8221; header_2_font=&#8221;||||||||&#8221; header_3_font=&#8221;||||||||&#8221; sticky_enabled=&#8221;0&#8243;]<\/p>\n<h3><strong><span style=\"color: #000000\">Datos de contacto<\/span><\/strong><\/h3>\n<p><span style=\"color: #000000\">\u00bfTienes dudas o quieres saber m\u00e1s?<br data-start=\"123\" data-end=\"126\" \/>Cont\u00e1ctanos y te responderemos lo antes posible.<\/span><\/p>\n<p><span style=\"color: #000000\">Tel\u00e9fono: 951293501 \/ 951936214 \/ 671534096<br \/><\/span><\/p>\n<p><span style=\"color: #000000\">Fax: 951.29.36.25<\/span><\/p>\n<p><span style=\"color: #000000\">Correo: 29700369.edu@juntadeandalucia.es<br \/><\/span><\/p>\n<p>[\/et_pb_text][et_pb_text _builder_version=&#8221;4.24.2&#8243; _module_preset=&#8221;default&#8221; custom_margin_tablet=&#8221;&#8221; custom_margin_phone=&#8221;|||20px|false|false&#8221; custom_margin_last_edited=&#8221;on|phone&#8221; text_font_size_tablet=&#8221;&#8221; text_font_size_phone=&#8221;12px&#8221; text_font_size_last_edited=&#8221;on|phone&#8221; header_3_font_size_tablet=&#8221;&#8221; header_3_font_size_phone=&#8221;18px&#8221; header_3_font_size_last_edited=&#8221;on|phone&#8221; global_colors_info=&#8221;{}&#8221;]<\/p>\n<h3><strong><span style=\"color: #000000\">Nuestras instalaciones<\/span><\/strong><\/h3>\n<p data-start=\"78\" data-end=\"339\" class=\"\"><span style=\"color: #000000\">Conoce nuestro espacio<\/span><br data-start=\"104\" data-end=\"107\" \/><span style=\"color: #000000\">Te invitamos a descubrir nuestro centro a trav\u00e9s de una selecci\u00f3n de im\u00e1genes que capturan su esencia. Cada \u00e1rea ha sido dise\u00f1ada pensando en tu comodidad, bienestar y en ofrecerte el mejor entorno para todas nuestras actividades.<\/span><\/p>\n<p>[\/et_pb_text][et_pb_text _builder_version=&#8221;4.24.2&#8243; _module_preset=&#8221;default&#8221; custom_margin_tablet=&#8221;&#8221; custom_margin_phone=&#8221;|||20px|false|false&#8221; custom_margin_last_edited=&#8221;on|phone&#8221; hover_enabled=&#8221;0&#8243; text_font_size_tablet=&#8221;&#8221; text_font_size_phone=&#8221;12px&#8221; text_font_size_last_edited=&#8221;on|phone&#8221; header_3_font_size_tablet=&#8221;&#8221; header_3_font_size_phone=&#8221;18px&#8221; header_3_font_size_last_edited=&#8221;on|phone&#8221; global_colors_info=&#8221;{}&#8221; sticky_enabled=&#8221;0&#8243;]<\/p>\n<h3><strong><span style=\"color: #000000\">Plan de centro<\/span><\/strong><\/h3>\n<p><span style=\"color: #000000\">En nuestro centro trabajamos siguiendo un plan estructurado que gu\u00eda todas nuestras actividades y proyectos. Nuestro objetivo es ofrecer una formaci\u00f3n integral basada en valores, innovaci\u00f3n y excelencia educativa, siempre adapt\u00e1ndonos a las necesidades de nuestros estudiantes y de la comunidad<\/span><\/p>\n<p><span style=\"text-decoration: underline\"><a href=\"https:\/\/blogsaverroes.juntadeandalucia.es\/iesbenaljatib\/files\/2025\/04\/PEC_revision_15_noviembre_2024-1.pdf\"><span style=\"color: #000000;text-decoration: underline\">Plan de centro<\/span><\/a><\/span><\/p>\n<p data-start=\"78\" data-end=\"339\" class=\"\">[\/et_pb_text][\/et_pb_column][\/et_pb_row][\/et_pb_section]<\/p>\n","protected":false},"excerpt":{"rendered":"<p>Datos del centroDatos de contacto \u00bfTienes dudas o quieres saber m\u00e1s?Cont\u00e1ctanos y te responderemos lo antes posible. Tel\u00e9fono: 951293501 \/ 951936214 \/ 671534096 Fax: 951.29.36.25 Correo: 29700369.edu@juntadeandalucia.esNuestras instalaciones Conoce nuestro espacioTe invitamos a descubrir nuestro centro a trav\u00e9s de una selecci\u00f3n de im\u00e1genes que capturan su esencia. Cada \u00e1rea ha sido dise\u00f1ada pensando en tu [&hellip;]<\/p>\n","protected":false},"author":19746,"featured_media":0,"parent":0,"menu_order":0,"comment_status":"closed","ping_status":"closed","template":"","meta":{"_et_pb_use_builder":"on","_et_pb_old_content":"","_et_gb_content_width":"","ngg_post_thumbnail":0,"footnotes":""},"aioseo_notices":[],"_links":{"self":[{"href":"https:\/\/blogsaverroes.juntadeandalucia.es\/iesbenaljatib\/wp-json\/wp\/v2\/pages\/1477"}],"collection":[{"href":"https:\/\/blogsaverroes.juntadeandalucia.es\/iesbenaljatib\/wp-json\/wp\/v2\/pages"}],"about":[{"href":"https:\/\/blogsaverroes.juntadeandalucia.es\/iesbenaljatib\/wp-json\/wp\/v2\/types\/page"}],"author":[{"embeddable":true,"href":"https:\/\/blogsaverroes.juntadeandalucia.es\/iesbenaljatib\/wp-json\/wp\/v2\/users\/19746"}],"replies":[{"embeddable":true,"href":"https:\/\/blogsaverroes.juntadeandalucia.es\/iesbenaljatib\/wp-json\/wp\/v2\/comments?post=1477"}],"version-history":[{"count":12,"href":"https:\/\/blogsaverroes.juntadeandalucia.es\/iesbenaljatib\/wp-json\/wp\/v2\/pages\/1477\/revisions"}],"predecessor-version":[{"id":1926,"href":"https:\/\/blogsaverroes.juntadeandalucia.es\/iesbenaljatib\/wp-json\/wp\/v2\/pages\/1477\/revisions\/1926"}],"wp:attachment":[{"href":"https:\/\/blogsaverroes.juntadeandalucia.es\/iesbenaljatib\/wp-json\/wp\/v2\/media?parent=1477"}],"curies":[{"name":"wp","href":"https:\/\/api.w.org\/{rel}","templated":true}]}}

<p>[et_pb_section fb_built=&#8221;1&#8243; _builder_version=&#8221;4.24.2&#8243; _module_preset=&#8221;default&#8221; global_colors_info=&#8221;{}&#8221;][et_pb_row _builder_version=&#8221;4.24.2&#8243; _module_preset=&#8221;default&#8221; width=&#8221;93.1%&#8221; hover_enabled=&#8221;0&#8243; global_colors_info=&#8221;{}&#8221; height_last_edited=&#8221;on|phone&#8221; height_phone=&#8221;760px&#8221; max_height_last_edited=&#8221;on|phone&#8221; max_height_phone=&#8221;1000px&#8221; sticky_enabled=&#8221;0&#8243;][et_pb_column type=&#8221;4_4&#8243; _builder_version=&#8221;4.24.2&#8243; _module_preset=&#8221;default&#8221; global_colors_info=&#8221;{}&#8221;][et_pb_text _builder_version=&#8221;4.24.2&#8243; _module_preset=&#8221;default&#8221; text_font=&#8221;||||||||&#8221; header_font=&#8221;||||||||&#8221; custom_margin_tablet=&#8221;&#8221; custom_margin_phone=&#8221;|||20px|false|false&#8221; custom_margin_last_edited=&#8221;on|phone&#8221; hover_enabled=&#8221;0&#8243; text_font_size_tablet=&#8221;&#8221; text_font_size_phone=&#8221;12px&#8221; text_font_size_last_edited=&#8221;on|phone&#8221; header_font_size_tablet=&#8221;&#8221; header_font_size_phone=&#8221;24px&#8221; header_font_size_last_edited=&#8221;on|phone&#8221; header_3_font_size_tablet=&#8221;&#8221; header_3_font_size_phone=&#8221;18px&#8221; header_3_font_size_last_edited=&#8221;on|phone&#8221; global_colors_info=&#8221;{}&#8221; sticky_enabled=&#8221;0&#8243;]</p>
<h1><span style="color: #c66d00"><strong>Datos del centro</strong></span></h1>
<p>[/et_pb_text][et_pb_text content_tablet=&#8221;&#8221; content_phone=&#8221;</p>
<h3><strong><span>Datos de contacto</span></strong></h3>
<p><span>¿Tienes dudas o quieres saber más?<br data-start="%22123%22" data-end="%22126%22" />Contáctanos y te responderemos lo antes posible.</span></p>
<p><span>Teléfono: 951293501 / 951936214 / 671534096<br /></span></p>
<p><span>Fax: 951.29.36.25</span></p>
<p><span>Correo: 29700369.edu@juntadeandalucia.es</span></p>
<p>&#8221; content_last_edited=&#8221;on|phone&#8221; _builder_version=&#8221;4.24.2&#8243; _module_preset=&#8221;default&#8221; custom_margin_tablet=&#8221;&#8221; custom_margin_phone=&#8221;|||20px|false|false&#8221; custom_margin_last_edited=&#8221;on|phone&#8221; hover_enabled=&#8221;0&#8243; text_font_size_tablet=&#8221;&#8221; text_font_size_phone=&#8221;12px&#8221; text_font_size_last_edited=&#8221;on|phone&#8221; header_font_size_tablet=&#8221;&#8221; header_font_size_phone=&#8221;&#8221; header_font_size_last_edited=&#8221;on|phone&#8221; header_3_font_size_tablet=&#8221;&#8221; header_3_font_size_phone=&#8221;18px&#8221; header_3_font_size_last_edited=&#8221;on|phone&#8221; global_colors_info=&#8221;{}&#8221; header_font=&#8221;||||||||&#8221; header_2_font=&#8221;||||||||&#8221; header_3_font=&#8221;||||||||&#8221; sticky_enabled=&#8221;0&#8243;]</p>
<h3><strong><span style="color: #000000">Datos de contacto</span></strong></h3>
<p><span style="color: #000000">¿Tienes dudas o quieres saber más?<br data-start="123" data-end="126" />Contáctanos y te responderemos lo antes posible.</span></p>
<p><span style="color: #000000">Teléfono: 951293501 / 951936214 / 671534096<br /></span></p>
<p><span style="color: #000000">Fax: 951.29.36.25</span></p>
<p><span style="color: #000000">Correo: 29700369.edu@juntadeandalucia.es<br /></span></p>
<p>[/et_pb_text][et_pb_text _builder_version=&#8221;4.24.2&#8243; _module_preset=&#8221;default&#8221; custom_margin_tablet=&#8221;&#8221; custom_margin_phone=&#8221;|||20px|false|false&#8221; custom_margin_last_edited=&#8221;on|phone&#8221; text_font_size_tablet=&#8221;&#8221; text_font_size_phone=&#8221;12px&#8221; text_font_size_last_edited=&#8221;on|phone&#8221; header_3_font_size_tablet=&#8221;&#8221; header_3_font_size_phone=&#8221;18px&#8221; header_3_font_size_last_edited=&#8221;on|phone&#8221; global_colors_info=&#8221;{}&#8221;]</p>
<h3><strong><span style="color: #000000">Nuestras instalaciones</span></strong></h3>
<p data-start="78" data-end="339" class=""><span style="color: #000000">Conoce nuestro espacio</span><br data-start="104" data-end="107" /><span style="color: #000000">Te invitamos a descubrir nuestro centro a través de una selección de imágenes que capturan su esencia. Cada área ha sido diseñada pensando en tu comodidad, bienestar y en ofrecerte el mejor entorno para todas nuestras actividades.</span></p>
<p>[/et_pb_text][et_pb_text _builder_version=&#8221;4.24.2&#8243; _module_preset=&#8221;default&#8221; custom_margin_tablet=&#8221;&#8221; custom_margin_phone=&#8221;|||20px|false|false&#8221; custom_margin_last_edited=&#8221;on|phone&#8221; hover_enabled=&#8221;0&#8243; text_font_size_tablet=&#8221;&#8221; text_font_size_phone=&#8221;12px&#8221; text_font_size_last_edited=&#8221;on|phone&#8221; header_3_font_size_tablet=&#8221;&#8221; header_3_font_size_phone=&#8221;18px&#8221; header_3_font_size_last_edited=&#8221;on|phone&#8221; global_colors_info=&#8221;{}&#8221; sticky_enabled=&#8221;0&#8243;]</p>
<h3><strong><span style="color: #000000">Plan de centro</span></strong></h3>
<p><span style="color: #000000">En nuestro centro trabajamos siguiendo un plan estructurado que guía todas nuestras actividades y proyectos. Nuestro objetivo es ofrecer una formación integral basada en valores, innovación y excelencia educativa, siempre adaptándonos a las necesidades de nuestros estudiantes y de la comunidad</span></p>
<p><span style="text-decoration: underline"><a href="https://blogsaverroes.juntadeandalucia.es/iesbenaljatib/files/2025/04/PEC_revision_15_noviembre_2024-1.pdf"><span style="color: #000000;text-decoration: underline">Plan de centro</span></a></span></p>
<p data-start="78" data-end="339" class="">[/et_pb_text][/et_pb_column][/et_pb_row][/et_pb_section]</p>

<p>Datos del centroDatos de contacto ¿Tienes dudas o quieres saber más?Contáctanos y te responderemos lo antes posible. Teléfono: 951293501 / 951936214 / 671534096 Fax: 951.29.36.25 Correo: 29700369.edu@juntadeandalucia.esNuestras instalaciones Conoce nuestro espacioTe invitamos a descubrir nuestro centro a través de una selección de imágenes que capturan su esencia. Cada área ha sido diseñada pensando en tu [&hellip;]</p>
