{"id":1027,"date":"2018-04-14T18:34:28","date_gmt":"2018-04-14T18:34:28","guid":{"rendered":"https:\/\/blogsaverroes.juntadeandalucia.es\/iesbitacora\/?page_id=1027"},"modified":"2018-04-22T18:15:49","modified_gmt":"2018-04-22T18:15:49","slug":"recursos-para-el-aula","status":"publish","type":"page","link":"https:\/\/blogsaverroes.juntadeandalucia.es\/iesbitacora\/recursos-para-el-aula\/","title":{"rendered":"RECURSOS PARA EL AULA"},"content":{"rendered":"<p><span style=\"color: #000000;font-family: helvetica, arial, sans-serif;font-size: 16px\">En esta secci\u00f3n se publica un listado de recursos, aplicaciones, webs, etc. que pueden ser interesantes a la hora de planificar nuestras clases.<\/span><\/p>\n<p><span style=\"font-family: helvetica, arial, sans-serif;color: #000000;font-size: 16px\">Para visitarlos, solo tienes que pinchar sobre el icono de cada uno de ellos.<\/span><\/p>\n<p>&nbsp;<\/p>\n<table class=\" aligncenter\" style=\"width: 1624px;border-color: #a5b5c2\">\n<tbody>\n<tr style=\"height: 132px\">\n<td style=\"width: 309px;height: 132px\"><span style=\"font-size: 16px;color: #808080\"><a href=\"https:\/\/www.youtube.com\/channel\/UCSSlekSYRoyQo8uQGHvq4qQ\"><img loading=\"lazy\" decoding=\"async\" class=\"wp-image-1033 size-full aligncenter\" src=\"https:\/\/blogsaverroes.juntadeandalucia.es\/iesbitacora\/files\/2018\/04\/Youtube-Edu.jpg\" alt=\"\" width=\"218\" height=\"62\" srcset=\"https:\/\/blogsaverroes.juntadeandalucia.es\/iesbitacora\/files\/2018\/04\/Youtube-Edu.jpg 218w, https:\/\/blogsaverroes.juntadeandalucia.es\/iesbitacora\/files\/2018\/04\/Youtube-Edu-24x7.jpg 24w, https:\/\/blogsaverroes.juntadeandalucia.es\/iesbitacora\/files\/2018\/04\/Youtube-Edu-36x10.jpg 36w, https:\/\/blogsaverroes.juntadeandalucia.es\/iesbitacora\/files\/2018\/04\/Youtube-Edu-48x14.jpg 48w\" sizes=\"(max-width: 218px) 100vw, 218px\" \/><\/a><\/span><\/td>\n<td style=\"width: 512px;height: 132px;vertical-align: top;text-align: justify\"><span style=\"font-size: 16px;color: #4d4949;font-family: helvetica, arial, sans-serif\">Canal Educativo de Youtube en espa\u00f1ol.&nbsp;<\/span><\/p>\n<p><span style=\"font-size: 16px;color: #4d4949;font-family: helvetica, arial, sans-serif\">En \u00e9l hay creada <a href=\"https:\/\/www.youtube.com\/channel\/UCSSlekSYRoyQo8uQGHvq4qQ\/playlists\">listas de reproducciones<\/a> por \u00e1reas y etapas educativas que pueden ser muy \u00fatiles como complemento a nuestras clases o para facilitar el repaso de contenidos al alumnado desde casa.<\/span><\/td>\n<\/tr>\n<tr style=\"height: 104px\">\n<td style=\"width: 309px;height: 104px\"><span style=\"color: #4d4949;font-family: verdana, geneva, sans-serif;font-size: 14px\">&nbsp;<a href=\"https:\/\/www.canva.com\/\"><img loading=\"lazy\" decoding=\"async\" class=\"aligncenter wp-image-1663 size-full\" src=\"https:\/\/blogsaverroes.juntadeandalucia.es\/iesbitacora\/files\/2018\/04\/Canva-e1524419788589.jpg\" alt=\"\" width=\"200\" height=\"197\"\/><\/a><\/span><\/td>\n<td style=\"width: 512px;height: 104px;text-align: justify\"><span style=\"color: #4d4949;font-family: helvetica, arial, sans-serif;font-size: 16px\">Herramienta web que permite crear y dise\u00f1ar infograf\u00edas, postales, carteles,&#8230; de forma sencilla. Posee una gran variedad de plantillas, dise\u00f1os y fotograf\u00edas, pero adem\u00e1s podemos subir nuestras propias im\u00e1genes, a\u00f1adir texto y cambiar la organizaci\u00f3n de los elementos de las plantillas. Sin duda alguna, una buena herramienta para desarrollar tanto nuestra creatividad como la de nuestro alumnado. <\/span><\/p>\n<p><span style=\"color: #4d4949;font-family: helvetica, arial, sans-serif;font-size: 16px\">Nos permite compartir nuestras creaciones, imprimirlas o descargarlas.<\/span><\/p>\n<p><span style=\"color: #4d4949;font-family: helvetica, arial, sans-serif;font-size: 16px\">La suscripci\u00f3n b\u00e1sica es gratuita. <\/span><\/p>\n<p><span style=\"color: #4d4949;font-family: helvetica, arial, sans-serif;font-size: 16px\">En YouTube se pueden encontrar m\u00faltiples tutoriales tanto en ingl\u00e9s como en espa\u00f1ol.<\/span><\/td>\n<\/tr>\n<tr style=\"height: 123px\">\n<td style=\"width: 309px;height: 123px\">&nbsp;<\/td>\n<td style=\"width: 512px;height: 123px;text-align: justify\">&nbsp;<\/td>\n<\/tr>\n<\/tbody>\n<\/table>\n","protected":false},"excerpt":{"rendered":"<p>En esta secci\u00f3n se publica un listado de recursos, aplicaciones, webs, etc. que pueden ser interesantes a la hora de planificar nuestras clases. Para visitarlos,&hellip;<\/p>\n","protected":false},"author":5897,"featured_media":0,"parent":0,"menu_order":0,"comment_status":"closed","ping_status":"closed","template":"page-template-full.php","meta":{"ngg_post_thumbnail":0,"footnotes":""},"aioseo_notices":[],"_links":{"self":[{"href":"https:\/\/blogsaverroes.juntadeandalucia.es\/iesbitacora\/wp-json\/wp\/v2\/pages\/1027"}],"collection":[{"href":"https:\/\/blogsaverroes.juntadeandalucia.es\/iesbitacora\/wp-json\/wp\/v2\/pages"}],"about":[{"href":"https:\/\/blogsaverroes.juntadeandalucia.es\/iesbitacora\/wp-json\/wp\/v2\/types\/page"}],"author":[{"embeddable":true,"href":"https:\/\/blogsaverroes.juntadeandalucia.es\/iesbitacora\/wp-json\/wp\/v2\/users\/5897"}],"replies":[{"embeddable":true,"href":"https:\/\/blogsaverroes.juntadeandalucia.es\/iesbitacora\/wp-json\/wp\/v2\/comments?post=1027"}],"version-history":[{"count":8,"href":"https:\/\/blogsaverroes.juntadeandalucia.es\/iesbitacora\/wp-json\/wp\/v2\/pages\/1027\/revisions"}],"predecessor-version":[{"id":1032,"href":"https:\/\/blogsaverroes.juntadeandalucia.es\/iesbitacora\/wp-json\/wp\/v2\/pages\/1027\/revisions\/1032"}],"wp:attachment":[{"href":"https:\/\/blogsaverroes.juntadeandalucia.es\/iesbitacora\/wp-json\/wp\/v2\/media?parent=1027"}],"curies":[{"name":"wp","href":"https:\/\/api.w.org\/{rel}","templated":true}]}}