{"id":191,"date":"2018-04-08T21:40:34","date_gmt":"2018-04-08T21:40:34","guid":{"rendered":"https:\/\/blogsaverroes.juntadeandalucia.es\/iesbitacora\/?page_id=191"},"modified":"2025-12-03T20:50:33","modified_gmt":"2025-12-03T19:50:33","slug":"departamento-de-orientacion","status":"publish","type":"page","link":"https:\/\/blogsaverroes.juntadeandalucia.es\/iesbitacora\/departamento-de-orientacion\/","title":{"rendered":"DEPARTAMENTO DE ORIENTACI\u00d3N"},"content":{"rendered":"<p style=\"text-align: justify\"><span style=\"font-family: helvetica, arial, sans-serif;font-size: 16px\"><strong>En el curso 2025-2026, el Departamento de Orientaci\u00f3n est\u00e1 compuesto por:<\/strong><\/span><\/p>\n<p style=\"text-align: justify\"><span style=\"font-family: helvetica, arial, sans-serif;font-size: 16px\"><strong>Jefe del Dpto y Orientador<\/strong>.: Fernando Barbosa Garc\u00eda<\/span><\/p>\n<p style=\"text-align: justify\"><span style=\"font-family: helvetica, arial, sans-serif;font-size: 16px\"><strong>Maestras Especialistas en Pedagog\u00eda Terap\u00e9utica<\/strong>: Mar\u00eda Romero Fern\u00e1ndez y Alicia Zamorano Acosta (tutora Aula espec\u00edfica)&nbsp;<\/span><\/p>\n<p style=\"text-align: justify\"><span style=\"font-family: helvetica, arial, sans-serif;font-size: 16px\"><strong>Profesora de apoyo&nbsp; ZTS<\/strong><\/span><\/p>\n<p style=\"text-align: justify\"><span style=\"font-family: helvetica, arial, sans-serif;font-size: 16px\"><strong>Maestro de compensatoria<\/strong><\/span><\/p>\n<p style=\"text-align: justify\"><span style=\"font-family: helvetica, arial, sans-serif;font-size: 16px\"><strong>P.T.I.S. (Monitora Escolar)<\/strong><\/span><\/p>\n<p style=\"text-align: justify\"><span style=\"font-family: helvetica, arial, sans-serif;font-size: 16px\"><strong>Blog del Dpto<\/strong>.: <a href=\"https:\/\/elorienta.com\/bitacora\/\">https:\/\/elorienta.com\/bitacora\/<\/a><\/span><\/p>\n<p style=\"text-align: justify\"><span style=\"font-family: helvetica, arial, sans-serif;font-size: 16px\"><strong>Blog de la maestra Alicia:&nbsp;<\/strong><a href=\"https:\/\/recursoseducativospt.blogspot.com.es\/\">https:\/\/recursoseducativospt.blogspot.com.es\/<\/a><\/span><\/p>\n<p style=\"text-align: justify\"><span style=\"font-family: helvetica, arial, sans-serif;font-size: 16px\"><strong>Contacto:<\/strong><em> tel\u00e9fono<\/em> 600149020 <em>Corporativo:<\/em> 649020<\/span><\/p>\n<p>&nbsp;<\/p>\n","protected":false},"excerpt":{"rendered":"<p>En el curso 2025-2026, el Departamento de Orientaci\u00f3n est\u00e1 compuesto por: Jefe del Dpto y Orientador.: Fernando Barbosa Garc\u00eda Maestras Especialistas en Pedagog\u00eda Terap\u00e9utica: Mar\u00eda&hellip;<\/p>\n","protected":false},"author":5897,"featured_media":0,"parent":0,"menu_order":0,"comment_status":"closed","ping_status":"closed","template":"","meta":{"ngg_post_thumbnail":0,"footnotes":""},"aioseo_notices":[],"_links":{"self":[{"href":"https:\/\/blogsaverroes.juntadeandalucia.es\/iesbitacora\/wp-json\/wp\/v2\/pages\/191"}],"collection":[{"href":"https:\/\/blogsaverroes.juntadeandalucia.es\/iesbitacora\/wp-json\/wp\/v2\/pages"}],"about":[{"href":"https:\/\/blogsaverroes.juntadeandalucia.es\/iesbitacora\/wp-json\/wp\/v2\/types\/page"}],"author":[{"embeddable":true,"href":"https:\/\/blogsaverroes.juntadeandalucia.es\/iesbitacora\/wp-json\/wp\/v2\/users\/5897"}],"replies":[{"embeddable":true,"href":"https:\/\/blogsaverroes.juntadeandalucia.es\/iesbitacora\/wp-json\/wp\/v2\/comments?post=191"}],"version-history":[{"count":20,"href":"https:\/\/blogsaverroes.juntadeandalucia.es\/iesbitacora\/wp-json\/wp\/v2\/pages\/191\/revisions"}],"predecessor-version":[{"id":4771,"href":"https:\/\/blogsaverroes.juntadeandalucia.es\/iesbitacora\/wp-json\/wp\/v2\/pages\/191\/revisions\/4771"}],"wp:attachment":[{"href":"https:\/\/blogsaverroes.juntadeandalucia.es\/iesbitacora\/wp-json\/wp\/v2\/media?parent=191"}],"curies":[{"name":"wp","href":"https:\/\/api.w.org\/{rel}","templated":true}]}}

DEPARTAMENTO DE ORIENTACIÓN

<p style="text-align: justify"><span style="font-family: helvetica, arial, sans-serif;font-size: 16px"><strong>En el curso 2025-2026, el Departamento de Orientación está compuesto por:</strong></span></p>
<p style="text-align: justify"><span style="font-family: helvetica, arial, sans-serif;font-size: 16px"><strong>Jefe del Dpto y Orientador</strong>.: Fernando Barbosa García</span></p>
<p style="text-align: justify"><span style="font-family: helvetica, arial, sans-serif;font-size: 16px"><strong>Maestras Especialistas en Pedagogía Terapéutica</strong>: María Romero Fernández y Alicia Zamorano Acosta (tutora Aula específica)&nbsp;</span></p>
<p style="text-align: justify"><span style="font-family: helvetica, arial, sans-serif;font-size: 16px"><strong>Profesora de apoyo&nbsp; ZTS</strong></span></p>
<p style="text-align: justify"><span style="font-family: helvetica, arial, sans-serif;font-size: 16px"><strong>Maestro de compensatoria</strong></span></p>
<p style="text-align: justify"><span style="font-family: helvetica, arial, sans-serif;font-size: 16px"><strong>P.T.I.S. (Monitora Escolar)</strong></span></p>
<p style="text-align: justify"><span style="font-family: helvetica, arial, sans-serif;font-size: 16px"><strong>Blog del Dpto</strong>.: <a href="https://elorienta.com/bitacora/">https://elorienta.com/bitacora/</a></span></p>
<p style="text-align: justify"><span style="font-family: helvetica, arial, sans-serif;font-size: 16px"><strong>Blog de la maestra Alicia:&nbsp;</strong><a href="https://recursoseducativospt.blogspot.com.es/">https://recursoseducativospt.blogspot.com.es/</a></span></p>
<p style="text-align: justify"><span style="font-family: helvetica, arial, sans-serif;font-size: 16px"><strong>Contacto:</strong><em> teléfono</em> 600149020 <em>Corporativo:</em> 649020</span></p>
<p>&nbsp;</p>

<p>En el curso 2025-2026, el Departamento de Orientación está compuesto por: Jefe del Dpto y Orientador.: Fernando Barbosa García Maestras Especialistas en Pedagogía Terapéutica: María&hellip;</p>
